{"id":170,"date":"2015-03-17T07:55:32","date_gmt":"2015-03-17T07:55:32","guid":{"rendered":"http:\/\/blogsaverroes.juntadeandalucia.es\/pre\/ceip\/?page_id=170"},"modified":"2025-11-16T19:50:46","modified_gmt":"2025-11-16T19:50:46","slug":"biologia-y-geologia","status":"publish","type":"page","link":"https:\/\/blogsaverroes.juntadeandalucia.es\/iessalvadorserrano\/biologia-y-geologia\/","title":{"rendered":"Biolog\u00eda y Geolog\u00eda"},"content":{"rendered":"<table style=\"height: 219px;width: 96.8991%;border-color: #000000\" border=\"1\">\n<tbody>\n<tr style=\"height: 22px\">\n<td style=\"width: 62.2951%;height: 37px;border-color: #000000\" colspan=\"2\">\n<p style=\"text-align: center\">23000246.byg@g.educaand.es<\/p>\n<\/td>\n<td style=\"width: 49.808%;height: 37px;background-color: #d8ecf2;border-color: #000000\"><strong>Puesto o Especialidad<\/strong><\/td>\n<\/tr>\n<tr style=\"height: 22px\">\n<td style=\"width: 22.7667%;height: 10px;vertical-align: middle;background-color: #d8ecf2;border-color: #000000\"><strong>Jefatura de Departamento<\/strong><\/td>\n<td style=\"width: 39.5284%;border-color: #000000;height: 10px\" width=\"295\">Ana Espinosa Gento<\/td>\n<td style=\"width: 49.808%;border-color: #000000;height: 10px\" width=\"277\">Biolog\u00eda y Geolog\u00eda P.E.S.<\/td>\n<\/tr>\n<tr style=\"height: 22px\">\n<td style=\"height: 124px;vertical-align: middle;background-color: #d8ecf2;border-color: #000000;width: 22.7667%\" rowspan=\"3\">&nbsp;<\/p>\n<p><strong>Componentes<br \/>\n<\/strong><\/p>\n<p><strong>&nbsp;<\/strong><\/td>\n<td style=\"width: 39.5284%\">Ver\u00f3nica Mesa Gonz\u00e1lez<\/td>\n<td style=\"width: 49.808%\">Biolog\u00eda y Geolog\u00eda (Ingl\u00e9s) P.E.S.<\/td>\n<\/tr>\n<tr style=\"height: 39px\">\n<td style=\"width: 39.5284%;border-color: #000000;height: 39px\" width=\"295\">Mar\u00eda Almudena Ruiz Ram\u00edrez<\/td>\n<td style=\"width: 49.808%;border-color: #000000;height: 39px\" width=\"277\">Biolog\u00eda y Geolog\u00eda P.E.S.<\/td>\n<\/tr>\n<tr style=\"height: 43px\">\n<td style=\"width: 39.5284%;border-color: #000000;height: 43px\">Luc\u00eda Rodr\u00edguez Luque<\/td>\n<td style=\"width: 49.808%;border-color: #000000;height: 43px\">Biolog\u00eda y Geolog\u00eda (Ingl\u00e9s) P.E.S.<\/td>\n<\/tr>\n<\/tbody>\n<\/table>\n<p style=\"text-align: center\"><a class=\"button\" href=\"https:\/\/blogsaverroes.juntadeandalucia.es\/iessalvadorserrano\/programaciones-biologia-y-geologia\/\"><strong>ENLACE A LAS PROGRAMACIONES DEL DEPARTAMENTO<\/strong><\/a><\/p>\n<table style=\"height: 420px;width: 96.3493%\" border=\"1\">\n<tbody>\n<tr style=\"height: 30px\">\n<td style=\"width: 100%;height: 30px;background-color: #4e609c\"><span style=\"color: white\"><strong>CRITERIOS DE EVALUACI\u00d3N<br \/>\n<\/strong><\/span><\/td>\n<\/tr>\n<tr style=\"height: 22px\">\n<td style=\"width: 100%;height: 22px\"><a href=\"https:\/\/blogsaverroes.juntadeandalucia.es\/iessalvadorserrano\/files\/2023\/11\/BIOLOGIA-Y-GEOLOG\u00cdA1-ESO.pdf\"><img loading=\"lazy\" decoding=\"async\" class=\"size-full wp-image-2952 alignleft\" src=\"https:\/\/blogsaverroes.juntadeandalucia.es\/iessalvadorserrano\/files\/2017\/05\/criteval-e1510486355221.jpg\" alt=\"\" width=\"40\" height=\"23\"><\/a><a href=\"https:\/\/blogsaverroes.juntadeandalucia.es\/iessalvadorserrano\/files\/2023\/11\/BIOLOGIA-Y-GEOLOG\u00cdA1-ESO.pdf\">Biolog\u00eda y Geolog\u00eda 1\u00ba ESO<\/a><\/td>\n<\/tr>\n<tr style=\"height: 48px\">\n<td style=\"width: 100%;height: 48px\"><a href=\"https:\/\/blogsaverroes.juntadeandalucia.es\/iessalvadorserrano\/files\/2023\/11\/PROYECTO-M\u00c9TODOS-DE-LA-CIENCIA-2\u00ba-ESO.pdf\"><img loading=\"lazy\" decoding=\"async\" class=\"size-full wp-image-2952 alignleft\" src=\"https:\/\/blogsaverroes.juntadeandalucia.es\/iessalvadorserrano\/files\/2017\/05\/criteval-e1510486355221.jpg\" alt=\"\" width=\"40\" height=\"23\"><\/a><a href=\"https:\/\/blogsaverroes.juntadeandalucia.es\/iessalvadorserrano\/files\/2023\/11\/PROYECTO-M\u00c9TODOS-DE-LA-CIENCIA-2\u00ba-ESO.pdf\">M\u00e9todos de la Ciencia 2\u00ba ESO<\/a><\/td>\n<\/tr>\n<tr style=\"height: 39px\">\n<td style=\"width: 100%;height: 39px\"><a href=\"https:\/\/blogsaverroes.juntadeandalucia.es\/iessalvadorserrano\/files\/2023\/11\/BIOLOGIA-Y-GEOLOG\u00cdA-3-ESO.pdf\"><img loading=\"lazy\" decoding=\"async\" class=\"size-full wp-image-2952 alignleft\" src=\"https:\/\/blogsaverroes.juntadeandalucia.es\/iessalvadorserrano\/files\/2017\/05\/criteval-e1510486355221.jpg\" alt=\"\" width=\"40\" height=\"23\"><\/a><a href=\"https:\/\/blogsaverroes.juntadeandalucia.es\/iessalvadorserrano\/files\/2023\/11\/BIOLOGIA-Y-GEOLOG\u00cdA-3-ESO.pdf\">Biolog\u00eda y Geolog\u00eda 3\u00ba ESO<\/a><\/td>\n<\/tr>\n<tr>\n<td style=\"width: 100%\"><a href=\"https:\/\/blogsaverroes.juntadeandalucia.es\/iessalvadorserrano\/files\/2023\/11\/ambito-cientifico-tecnologico-3-ESO-DIVERIFICACI\u00d3N.pdf\"><img loading=\"lazy\" decoding=\"async\" class=\"size-full wp-image-2952 alignleft\" src=\"https:\/\/blogsaverroes.juntadeandalucia.es\/iessalvadorserrano\/files\/2017\/05\/criteval-e1510486355221.jpg\" alt=\"\" width=\"40\" height=\"23\"><\/a><a href=\"https:\/\/blogsaverroes.juntadeandalucia.es\/iessalvadorserrano\/files\/2023\/11\/ambito-cientifico-tecnologico-3-ESO-DIVERIFICACI\u00d3N.pdf\">\u00c1mbito Cient\u00edfico Tecnol\u00f3gico 3\u00ba ESO Diversificaci\u00f3n<\/a><\/td>\n<\/tr>\n<tr>\n<td style=\"width: 100%\"><a href=\"https:\/\/blogsaverroes.juntadeandalucia.es\/iessalvadorserrano\/files\/2023\/11\/BIOLOGIA-Y-GEOLOG\u00cdA-4ESO.pdf\"><img loading=\"lazy\" decoding=\"async\" class=\"size-full wp-image-2952 alignleft\" src=\"https:\/\/blogsaverroes.juntadeandalucia.es\/iessalvadorserrano\/files\/2017\/05\/criteval-e1510486355221.jpg\" alt=\"\" width=\"40\" height=\"23\"><\/a><a href=\"https:\/\/blogsaverroes.juntadeandalucia.es\/iessalvadorserrano\/files\/2023\/11\/BIOLOGIA-Y-GEOLOG\u00cdA-4ESO.pdf\">Biolog\u00eda y Geolog\u00eda 4\u00ba ESO<\/a><\/td>\n<\/tr>\n<tr>\n<td style=\"width: 100%\"><a href=\"https:\/\/blogsaverroes.juntadeandalucia.es\/iessalvadorserrano\/files\/2024\/11\/CE-AMBTITO-CT-4o-DIVERSIFICACION.pdf\"><img loading=\"lazy\" decoding=\"async\" class=\"size-full wp-image-2952 alignleft\" src=\"https:\/\/blogsaverroes.juntadeandalucia.es\/iessalvadorserrano\/files\/2017\/05\/criteval-e1510486355221.jpg\" alt=\"\" width=\"40\" height=\"23\"><\/a><a href=\"https:\/\/blogsaverroes.juntadeandalucia.es\/iessalvadorserrano\/files\/2024\/11\/CE-AMBTITO-CT-4o-DIVERSIFICACION.pdf\">\u00c1mbito Cient\u00edfico-Tecnol\u00f3gico 4\u00ba ESO Diversificaci\u00f3n<\/a><\/td>\n<\/tr>\n<tr>\n<td style=\"width: 100%\"><a href=\"https:\/\/blogsaverroes.juntadeandalucia.es\/iessalvadorserrano\/files\/2023\/11\/CULTURA-CIENTIFICA-4-ESO.pdf\"><img loading=\"lazy\" decoding=\"async\" class=\"size-full wp-image-2952 alignleft\" src=\"https:\/\/blogsaverroes.juntadeandalucia.es\/iessalvadorserrano\/files\/2017\/05\/criteval-e1510486355221.jpg\" alt=\"\" width=\"40\" height=\"23\"><\/a><a href=\"https:\/\/blogsaverroes.juntadeandalucia.es\/iessalvadorserrano\/files\/2023\/11\/CULTURA-CIENTIFICA-4-ESO.pdf\">Cultura Cient\u00edfica 4\u00ba ESO<\/a>&nbsp;<\/td>\n<\/tr>\n<tr>\n<td style=\"width: 100%\"><a href=\"https:\/\/blogsaverroes.juntadeandalucia.es\/iessalvadorserrano\/files\/2023\/11\/PROYECTO-INTERDISCIPLINAR-EF-ByG-1\u00ba-3\u00ba-y-4\u00ba-ESO.pdf\"><img loading=\"lazy\" decoding=\"async\" class=\"size-full wp-image-2952 alignleft\" src=\"https:\/\/blogsaverroes.juntadeandalucia.es\/iessalvadorserrano\/files\/2017\/05\/criteval-e1510486355221.jpg\" alt=\"\" width=\"40\" height=\"23\"><\/a><a href=\"https:\/\/blogsaverroes.juntadeandalucia.es\/iessalvadorserrano\/files\/2023\/11\/PROYECTO-INTERDISCIPLINAR-EF-ByG-1\u00ba-3\u00ba-y-4\u00ba-ESO.pdf\">Proyecto Interdisciplinar EF y ByG 1\u00ba, 3\u00ba y 4\u00ba ESO<\/a><\/td>\n<\/tr>\n<tr style=\"height: 39px\">\n<td style=\"width: 100%;height: 39px\"><a href=\"https:\/\/blogsaverroes.juntadeandalucia.es\/iessalvadorserrano\/files\/2023\/11\/BIOLOG\u00cdA-GEOLOG\u00cdA-Y-C.-AMBIENTALES-1\u00ba-BACH23-24.pdf\"><img loading=\"lazy\" decoding=\"async\" class=\"size-full wp-image-2952 alignleft\" src=\"https:\/\/blogsaverroes.juntadeandalucia.es\/iessalvadorserrano\/files\/2017\/05\/criteval-e1510486355221.jpg\" alt=\"\" width=\"40\" height=\"23\"><\/a><a href=\"https:\/\/blogsaverroes.juntadeandalucia.es\/iessalvadorserrano\/files\/2023\/11\/BIOLOG\u00cdA-GEOLOG\u00cdA-Y-C.-AMBIENTALES-1\u00ba-BACH23-24.pdf\">Biolog\u00eda, Geolog\u00eda y Ciencias Ambientales 1\u00ba Bachillerato<\/a><\/td>\n<\/tr>\n<tr style=\"height: 39px\">\n<td style=\"width: 100%;height: 39px\"><a href=\"https:\/\/blogsaverroes.juntadeandalucia.es\/iessalvadorserrano\/files\/2023\/11\/cuadro-de-anatom\u00eda-aplicada1-bach.pdf\"><img loading=\"lazy\" decoding=\"async\" class=\"size-full wp-image-2952 alignleft\" src=\"https:\/\/blogsaverroes.juntadeandalucia.es\/iessalvadorserrano\/files\/2017\/05\/criteval-e1510486355221.jpg\" alt=\"\" width=\"40\" height=\"23\"><\/a><a href=\"https:\/\/blogsaverroes.juntadeandalucia.es\/iessalvadorserrano\/files\/2023\/11\/cuadro-de-anatom\u00eda-aplicada1-bach.pdf\">Anatom\u00eda Aplicada 1\u00ba Bachillerato<\/a><\/td>\n<\/tr>\n<tr>\n<td style=\"width: 100%\"><a href=\"https:\/\/blogsaverroes.juntadeandalucia.es\/iessalvadorserrano\/files\/2024\/11\/GEOLOGIA-CIENCIAS-MEDIOAMBIENTALES-2o-BACH.pdf\"><img loading=\"lazy\" decoding=\"async\" class=\"size-full wp-image-2952 alignleft\" src=\"https:\/\/blogsaverroes.juntadeandalucia.es\/iessalvadorserrano\/files\/2017\/05\/criteval-e1510486355221.jpg\" alt=\"\" width=\"40\" height=\"23\">Geolog\u00eda y Ciencias Ambientales 2\u00ba Bachillerato<\/a><\/td>\n<\/tr>\n<tr style=\"height: 22px\">\n<td style=\"width: 100%;height: 22px\"><a href=\"https:\/\/blogsaverroes.juntadeandalucia.es\/iessalvadorserrano\/files\/2023\/11\/BIOLOG\u00cdA-GEOLOG\u00cdA-2\u00ba-BACH23-24.pdf\"><img loading=\"lazy\" decoding=\"async\" class=\"size-full wp-image-2952 alignleft\" src=\"https:\/\/blogsaverroes.juntadeandalucia.es\/iessalvadorserrano\/files\/2017\/05\/criteval-e1510486355221.jpg\" alt=\"\" width=\"40\" height=\"23\"><\/a><a href=\"https:\/\/blogsaverroes.juntadeandalucia.es\/iessalvadorserrano\/files\/2023\/11\/BIOLOG\u00cdA-GEOLOG\u00cdA-2\u00ba-BACH23-24.pdf\">Biolog\u00eda 2\u00ba Bachillerato<\/a><\/td>\n<\/tr>\n<\/tbody>\n<\/table>\n<p>&nbsp;<\/p>\n<p><img loading=\"lazy\" decoding=\"async\" class=\"aligncenter size-medium wp-image-1992\" src=\"https:\/\/blogsaverroes.juntadeandalucia.es\/iessalvadorserrano\/files\/2015\/03\/biologia-300x169.jpg\" alt=\"biologia\" width=\"300\" height=\"169\" srcset=\"https:\/\/blogsaverroes.juntadeandalucia.es\/iessalvadorserrano\/files\/2015\/03\/biologia-300x169.jpg 300w, https:\/\/blogsaverroes.juntadeandalucia.es\/iessalvadorserrano\/files\/2015\/03\/biologia.jpg 640w\" sizes=\"(max-width: 300px) 100vw, 300px\" \/><\/p>\n<p style=\"text-align: justify\"><span style=\"font-family: sans-serif\"><span style=\"font-size: medium\">La asignatura de Biolog\u00eda y Geolog\u00eda debe contribuir durante la Educaci\u00f3n Secundaria Obligatoria (ESO) a que el alumnado adquiera unos conocimientos y destrezas b\u00e1sicas que le permitan adquirir una cultura cient\u00edfica; los alumnos y alumnas debe identificarse como agentes activos, y reconocer que de sus actuaciones y conocimientos depender\u00e1 el desarrollo de su entorno. <\/span><\/span><\/p>\n<p style=\"text-align: justify\"><span style=\"font-family: sans-serif\"><span style=\"font-size: medium\">Durante esta etapa se persigue asentar los conocimientos ya adquiridos, para ir construyendo curso a curso conocimientos y destrezas que permitan a alumnos y alumnas ser ciudadanos respetuosos consigo mismos, con los dem\u00e1s y con el medio, con el material que utilizan o que est\u00e1 a su disposici\u00f3n, responsables, capaces de tener criterios propios y de no perder el inter\u00e9s que tienen desde el comienzo de su temprana actividad escolar por no dejar de aprender. <\/span><\/span><\/p>\n<p style=\"text-align: justify\"><span style=\"font-family: sans-serif\"><span style=\"font-size: medium\">En el Bachillerato, la materia de Biolog\u00eda y Geolog\u00eda profundiza en los conocimientos adquiridos en la ESO, analizando con mayor detalle la organizaci\u00f3n de los seres vivos, su biodiversidad, su distribuci\u00f3n y los factores que en ella influyen, as\u00ed como el comportamiento de la Tierra como un planeta en continua actividad.<\/span><\/span><\/p>\n","protected":false},"excerpt":{"rendered":"<p>23000246.byg@g.educaand.es Puesto o Especialidad Jefatura de Departamento Ana Espinosa Gento Biolog\u00eda y Geolog\u00eda P.E.S. &nbsp; Componentes &nbsp; Ver\u00f3nica Mesa Gonz\u00e1lez Biolog\u00eda y Geolog\u00eda (Ingl\u00e9s) P.E.S.&hellip;<\/p>\n","protected":false},"author":1,"featured_media":0,"parent":0,"menu_order":0,"comment_status":"closed","ping_status":"open","template":"","meta":{"ngg_post_thumbnail":0,"footnotes":"","_mc_calendar":[]},"aioseo_notices":[],"_links":{"self":[{"href":"https:\/\/blogsaverroes.juntadeandalucia.es\/iessalvadorserrano\/wp-json\/wp\/v2\/pages\/170"}],"collection":[{"href":"https:\/\/blogsaverroes.juntadeandalucia.es\/iessalvadorserrano\/wp-json\/wp\/v2\/pages"}],"about":[{"href":"https:\/\/blogsaverroes.juntadeandalucia.es\/iessalvadorserrano\/wp-json\/wp\/v2\/types\/page"}],"author":[{"embeddable":true,"href":"https:\/\/blogsaverroes.juntadeandalucia.es\/iessalvadorserrano\/wp-json\/wp\/v2\/users\/1"}],"replies":[{"embeddable":true,"href":"https:\/\/blogsaverroes.juntadeandalucia.es\/iessalvadorserrano\/wp-json\/wp\/v2\/comments?post=170"}],"version-history":[{"count":53,"href":"https:\/\/blogsaverroes.juntadeandalucia.es\/iessalvadorserrano\/wp-json\/wp\/v2\/pages\/170\/revisions"}],"predecessor-version":[{"id":14185,"href":"https:\/\/blogsaverroes.juntadeandalucia.es\/iessalvadorserrano\/wp-json\/wp\/v2\/pages\/170\/revisions\/14185"}],"wp:attachment":[{"href":"https:\/\/blogsaverroes.juntadeandalucia.es\/iessalvadorserrano\/wp-json\/wp\/v2\/media?parent=170"}],"curies":[{"name":"wp","href":"https:\/\/api.w.org\/{rel}","templated":true}]}}