{"id":2655,"date":"2017-09-10T19:39:32","date_gmt":"2017-09-10T19:39:32","guid":{"rendered":"https:\/\/blogsaverroes.juntadeandalucia.es\/iessalvadorserrano\/?page_id=2655"},"modified":"2017-11-16T21:01:37","modified_gmt":"2017-11-16T21:01:37","slug":"cf-electricidad-y-electronica","status":"publish","type":"page","link":"https:\/\/blogsaverroes.juntadeandalucia.es\/iessalvadorserrano\/cf-electricidad-y-electronica\/","title":{"rendered":"CF Electricidad y Electr\u00f3nica"},"content":{"rendered":"<p style=\"text-align: center\"><a href=\"http:\/\/www.juntadeandalucia.es\/educacion\/portals\/web\/formacion-profesional-andaluza\/\"><img loading=\"lazy\" decoding=\"async\" class=\"alignnone size-full wp-image-2627\" src=\"https:\/\/blogsaverroes.juntadeandalucia.es\/iessalvadorserrano\/files\/2017\/09\/FP.jpg\" alt=\"\" width=\"295\" height=\"67\" srcset=\"https:\/\/blogsaverroes.juntadeandalucia.es\/iessalvadorserrano\/files\/2017\/09\/FP.jpg 295w, https:\/\/blogsaverroes.juntadeandalucia.es\/iessalvadorserrano\/files\/2017\/09\/FP-24x5.jpg 24w, https:\/\/blogsaverroes.juntadeandalucia.es\/iessalvadorserrano\/files\/2017\/09\/FP-36x8.jpg 36w, https:\/\/blogsaverroes.juntadeandalucia.es\/iessalvadorserrano\/files\/2017\/09\/FP-48x11.jpg 48w\" sizes=\"(max-width: 295px) 100vw, 295px\" \/><\/a><\/p>\n<p style=\"text-align: center\"><a href=\"http:\/\/www.juntadeandalucia.es\/educacion\/portals\/web\/formacion-profesional-andaluza\/\">Web de Formaci\u00f3n Profesional Andaluza<\/a><\/p>\n<p><strong>Enlaces de Informaci\u00f3n acerca de los ciclos:<\/strong><\/p>\n<ul>\n<li><a href=\"http:\/\/www.juntadeandalucia.es\/educacion\/portals\/web\/formacion-profesional-andaluza\/fp-grado-medio\/detalle-titulo?idTitulo=18\">T\u00e9cnico en Instalaciones El\u00e9ctricas y Autom\u00e1ticas (GM).<\/a><\/li>\n<li><a href=\"http:\/\/www.juntadeandalucia.es\/educacion\/portals\/web\/formacion-profesional-andaluza\/fp-grado-superior\/detalle-titulo?idTitulo=98\">T\u00e9cnico Superior en Automatizaci\u00f3n y Rob\u00f3tica Industrial (GS)<\/a><\/li>\n<\/ul>\n<h3 style=\"text-align: center\"><strong>CFGS Automatizaci\u00f3n y Rob\u00f3tica Industrial&nbsp;<\/strong><\/h3>\n<h3 style=\"text-align: center\">M\u00f3dulos Profesionales<\/h3>\n<h4>Primero<\/h4>\n<table style=\"width: 576px\">\n<thead>\n<tr style=\"height: 36px\">\n<td style=\"height: 36px;background-color: #d8ecf2;width: 54px\"><strong>Cod.<\/strong><\/td>\n<td style=\"height: 36px;background-color: #d8ecf2;width: 387px\"><strong>M\u00f3dulo<\/strong><\/td>\n<td style=\"height: 36px;background-color: #d8ecf2;width: 72px\"><strong>H.SEM.<\/strong><\/td>\n<\/tr>\n<\/thead>\n<tbody>\n<tr style=\"height: 36px\">\n<td style=\"height: 36px;width: 54px\">0963<\/td>\n<td style=\"height: 36px;width: 387px\">Documentaci\u00f3n t\u00e9cnica<\/td>\n<td style=\"height: 36px;width: 72px\">3<\/td>\n<\/tr>\n<tr style=\"height: 36px\">\n<td style=\"height: 36px;width: 54px\">0970<\/td>\n<td style=\"height: 36px;width: 387px\">Formaci\u00f3n y orientaci\u00f3n laboral<\/td>\n<td style=\"height: 36px;width: 72px\">3<\/td>\n<\/tr>\n<tr style=\"height: 36px\">\n<td style=\"height: 36px;width: 54px\">0964<\/td>\n<td style=\"height: 36px;width: 387px\">Inform\u00e1tica industrial<\/td>\n<td style=\"height: 36px;width: 72px\">3<\/td>\n<\/tr>\n<tr style=\"height: 36px\">\n<td style=\"height: 36px;width: 54px\">0961<\/td>\n<td style=\"height: 36px;width: 387px\">Sistemas de medida y regulaci\u00f3n<\/td>\n<td style=\"height: 36px;width: 72px\">5<\/td>\n<\/tr>\n<tr style=\"height: 36px\">\n<td style=\"height: 36px;width: 54px\">0962<\/td>\n<td style=\"height: 36px;width: 387px\">Sistemas de potencia<\/td>\n<td style=\"height: 36px;width: 72px\">6<\/td>\n<\/tr>\n<tr style=\"height: 36px\">\n<td style=\"height: 36px;width: 54px\">0959<\/td>\n<td style=\"height: 36px;width: 387px\">Sistemas el\u00e9ctricos, neum\u00e1ticos e hidr\u00e1ulicos<\/td>\n<td style=\"height: 36px;width: 72px\">5<\/td>\n<\/tr>\n<tr style=\"height: 36px\">\n<td style=\"height: 36px;width: 54px\">0960<\/td>\n<td style=\"height: 36px;width: 387px\">Sistemas secuenciales programables<\/td>\n<td style=\"height: 36px;width: 72px\">5<\/td>\n<\/tr>\n<\/tbody>\n<\/table>\n<h4>Segundo<\/h4>\n<table style=\"width: 575px\">\n<thead>\n<tr style=\"height: 36px\">\n<td style=\"background-color: #d8ecf2;height: 36px;width: 54.5px\"><strong>Cod.<\/strong><\/td>\n<td style=\"background-color: #d8ecf2;height: 36px;width: 387.5px\"><strong>M\u00f3dulo<\/strong><\/td>\n<td style=\"background-color: #d8ecf2;height: 36px;width: 71px\"><strong>H.SEM.<\/strong><\/td>\n<\/tr>\n<\/thead>\n<tbody>\n<tr style=\"height: 36px\">\n<td style=\"height: 36px;width: 54.5px\">0967<\/td>\n<td style=\"height: 36px;width: 387.5px\">Comunicaciones industriales<\/td>\n<td style=\"height: 36px;width: 71px\">7<\/td>\n<\/tr>\n<tr style=\"height: 36px\">\n<td style=\"height: 36px;width: 54.5px\">0971<\/td>\n<td style=\"height: 36px;width: 387.5px\">Empresa e iniciativa emprendedora<\/td>\n<td style=\"height: 36px;width: 71px\">4<\/td>\n<\/tr>\n<tr style=\"height: 36px\">\n<td style=\"height: 36px;width: 54.5px\">0972<\/td>\n<td style=\"height: 36px;width: 387.5px\">Formaci\u00f3n en centros de trabajo<\/td>\n<td style=\"height: 36px;width: 71px\">0<\/td>\n<\/tr>\n<tr style=\"height: 36px\">\n<td style=\"height: 36px;width: 54.5px\">0000<\/td>\n<td style=\"height: 36px;width: 387.5px\">Horas de libre configuraci\u00f3n<\/td>\n<td style=\"height: 36px;width: 71px\">3<\/td>\n<\/tr>\n<tr style=\"height: 36px\">\n<td style=\"height: 36px;width: 54.5px\">0968<\/td>\n<td style=\"height: 36px;width: 387.5px\">Integraci\u00f3n de sistemas de automatizaci\u00f3n industrial<\/td>\n<td style=\"height: 36px;width: 71px\">8<\/td>\n<\/tr>\n<tr style=\"height: 36px\">\n<td style=\"height: 36px;width: 54.5px\">0969<\/td>\n<td style=\"height: 36px;width: 387.5px\">Proyecto de automatizaci\u00f3n y rob\u00f3tica industrial<\/td>\n<td style=\"height: 36px;width: 71px\">0<\/td>\n<\/tr>\n<tr style=\"height: 36px\">\n<td style=\"height: 36px;width: 54.5px\">0966<\/td>\n<td style=\"height: 36px;width: 387.5px\">Rob\u00f3tica industrial<\/td>\n<td style=\"height: 36px;width: 71px\">4<\/td>\n<\/tr>\n<tr style=\"height: 36px\">\n<td style=\"height: 36px;width: 54.5px\">0965<\/td>\n<td style=\"height: 36px;width: 387.5px\">Sistemas programables avanzados<\/td>\n<td style=\"height: 36px;width: 71px\">4<\/td>\n<\/tr>\n<\/tbody>\n<\/table>\n<h3 style=\"text-align: center\"><strong>CFGM Instalaciones El\u00e9ctricas y Autom\u00e1ticas<\/strong><\/h3>\n<h3 style=\"text-align: center\">M\u00f3dulos Profesionales<\/h3>\n<h4>Primero<\/h4>\n<table style=\"width: 575px\">\n<thead>\n<tr>\n<td style=\"background-color: #d8ecf2;width: 52px\"><strong>Cod.<\/strong><\/td>\n<td style=\"background-color: #d8ecf2;width: 392.5px\"><strong>M\u00f3dulo<\/strong><\/td>\n<td style=\"background-color: #d8ecf2;width: 68.5px\"><strong>H.SEM.<\/strong><\/td>\n<\/tr>\n<\/thead>\n<tbody>\n<tr>\n<td style=\"width: 52px\">0232<\/td>\n<td style=\"width: 392.5px\">Automatismos industriales<\/td>\n<td style=\"width: 68.5px\">9<\/td>\n<\/tr>\n<tr>\n<td style=\"width: 52px\">0233<\/td>\n<td style=\"width: 392.5px\">Electr\u00f3nica<\/td>\n<td style=\"width: 68.5px\">3<\/td>\n<\/tr>\n<tr>\n<td style=\"width: 52px\">0234<\/td>\n<td style=\"width: 392.5px\">Electrotecnia<\/td>\n<td style=\"width: 68.5px\">6<\/td>\n<\/tr>\n<tr>\n<td style=\"width: 52px\">0241<\/td>\n<td style=\"width: 392.5px\">Formaci\u00f3n y orientaci\u00f3n laboral<\/td>\n<td style=\"width: 68.5px\">3<\/td>\n<\/tr>\n<tr>\n<td style=\"width: 52px\">0235<\/td>\n<td style=\"width: 392.5px\">Instalaciones el\u00e9ctricas interiores<\/td>\n<td style=\"width: 68.5px\">9<\/td>\n<\/tr>\n<\/tbody>\n<\/table>\n<h4>Segundo<\/h4>\n<table style=\"width: 575px\">\n<thead>\n<tr>\n<td style=\"background-color: #d8ecf2;width: 52.5px\"><strong>Cod.<\/strong><\/td>\n<td style=\"background-color: #d8ecf2;width: 391.5px\"><strong>M\u00f3dulo<\/strong><\/td>\n<td style=\"background-color: #d8ecf2;width: 69px\"><strong>H.SEM.<\/strong><\/td>\n<\/tr>\n<\/thead>\n<tbody>\n<tr>\n<td style=\"width: 52.5px\">0242<\/td>\n<td style=\"width: 391.5px\">Empresa e iniciativa emprendedora<\/td>\n<td style=\"width: 69px\">4<\/td>\n<\/tr>\n<tr>\n<td style=\"width: 52.5px\">0243<\/td>\n<td style=\"width: 391.5px\">Formaci\u00f3n en centros de trabajo<\/td>\n<td style=\"width: 69px\">0<\/td>\n<\/tr>\n<tr>\n<td style=\"width: 52.5px\">0000<\/td>\n<td style=\"width: 391.5px\">Horas de libre configuraci\u00f3n<\/td>\n<td style=\"width: 69px\">3<\/td>\n<\/tr>\n<tr>\n<td style=\"width: 52.5px\">0237<\/td>\n<td style=\"width: 391.5px\">Infraestructuras comunes de telecomunicaci\u00f3n en viviendas y edificios<\/td>\n<td style=\"width: 69px\">5<\/td>\n<\/tr>\n<tr>\n<td style=\"width: 52.5px\">0236<\/td>\n<td style=\"width: 391.5px\">Instalaciones de distribuci\u00f3n<\/td>\n<td style=\"width: 69px\">6<\/td>\n<\/tr>\n<tr>\n<td style=\"width: 52.5px\">0238<\/td>\n<td style=\"width: 391.5px\">Instalaciones dom\u00f3ticas<\/td>\n<td style=\"width: 69px\">5<\/td>\n<\/tr>\n<tr>\n<td style=\"width: 52.5px\">0239<\/td>\n<td style=\"width: 391.5px\">Instalaciones solares fotovoltaicas<\/td>\n<td style=\"width: 69px\">2<\/td>\n<\/tr>\n<tr>\n<td style=\"width: 52.5px\">0240<\/td>\n<td style=\"width: 391.5px\">M\u00e1quinas el\u00e9ctricas<\/td>\n<td style=\"width: 69px\">5<\/td>\n<\/tr>\n<\/tbody>\n<\/table>\n","protected":false},"excerpt":{"rendered":"<p>Web de Formaci\u00f3n Profesional Andaluza Enlaces de Informaci\u00f3n acerca de los ciclos: T\u00e9cnico en Instalaciones El\u00e9ctricas y Autom\u00e1ticas (GM). T\u00e9cnico Superior en Automatizaci\u00f3n y Rob\u00f3tica&hellip;<\/p>\n","protected":false},"author":5046,"featured_media":0,"parent":0,"menu_order":0,"comment_status":"closed","ping_status":"closed","template":"","meta":{"ngg_post_thumbnail":0,"footnotes":"","_mc_calendar":[]},"aioseo_notices":[],"_links":{"self":[{"href":"https:\/\/blogsaverroes.juntadeandalucia.es\/iessalvadorserrano\/wp-json\/wp\/v2\/pages\/2655"}],"collection":[{"href":"https:\/\/blogsaverroes.juntadeandalucia.es\/iessalvadorserrano\/wp-json\/wp\/v2\/pages"}],"about":[{"href":"https:\/\/blogsaverroes.juntadeandalucia.es\/iessalvadorserrano\/wp-json\/wp\/v2\/types\/page"}],"author":[{"embeddable":true,"href":"https:\/\/blogsaverroes.juntadeandalucia.es\/iessalvadorserrano\/wp-json\/wp\/v2\/users\/5046"}],"replies":[{"embeddable":true,"href":"https:\/\/blogsaverroes.juntadeandalucia.es\/iessalvadorserrano\/wp-json\/wp\/v2\/comments?post=2655"}],"version-history":[{"count":3,"href":"https:\/\/blogsaverroes.juntadeandalucia.es\/iessalvadorserrano\/wp-json\/wp\/v2\/pages\/2655\/revisions"}],"predecessor-version":[{"id":3245,"href":"https:\/\/blogsaverroes.juntadeandalucia.es\/iessalvadorserrano\/wp-json\/wp\/v2\/pages\/2655\/revisions\/3245"}],"wp:attachment":[{"href":"https:\/\/blogsaverroes.juntadeandalucia.es\/iessalvadorserrano\/wp-json\/wp\/v2\/media?parent=2655"}],"curies":[{"name":"wp","href":"https:\/\/api.w.org\/{rel}","templated":true}]}}