{"id":2659,"date":"2017-09-10T19:39:32","date_gmt":"2017-09-10T19:39:32","guid":{"rendered":"https:\/\/blogsaverroes.juntadeandalucia.es\/iessalvadorserrano\/?page_id=2659"},"modified":"2017-11-16T20:49:48","modified_gmt":"2017-11-16T20:49:48","slug":"ciclos-formativos-administracion","status":"publish","type":"page","link":"https:\/\/blogsaverroes.juntadeandalucia.es\/iessalvadorserrano\/ciclos-formativos-administracion\/","title":{"rendered":"Ciclos Formativos Administraci\u00f3n"},"content":{"rendered":"<p style=\"text-align: center\"><a href=\"http:\/\/www.juntadeandalucia.es\/educacion\/portals\/web\/formacion-profesional-andaluza\/\"><img loading=\"lazy\" decoding=\"async\" class=\"alignnone size-full wp-image-2627\" src=\"https:\/\/blogsaverroes.juntadeandalucia.es\/iessalvadorserrano\/files\/2017\/09\/FP.jpg\" alt=\"\" width=\"295\" height=\"67\" srcset=\"https:\/\/blogsaverroes.juntadeandalucia.es\/iessalvadorserrano\/files\/2017\/09\/FP.jpg 295w, https:\/\/blogsaverroes.juntadeandalucia.es\/iessalvadorserrano\/files\/2017\/09\/FP-24x5.jpg 24w, https:\/\/blogsaverroes.juntadeandalucia.es\/iessalvadorserrano\/files\/2017\/09\/FP-36x8.jpg 36w, https:\/\/blogsaverroes.juntadeandalucia.es\/iessalvadorserrano\/files\/2017\/09\/FP-48x11.jpg 48w\" sizes=\"(max-width: 295px) 100vw, 295px\" \/><\/a><\/p>\n<p style=\"text-align: center\"><a href=\"http:\/\/www.juntadeandalucia.es\/educacion\/portals\/web\/formacion-profesional-andaluza\/\">Web de Formaci\u00f3n Profesional Andaluza<\/a><\/p>\n<p><strong>Enlaces de Informaci\u00f3n sobre los ciclos de Administraci\u00f3n:<\/strong><\/p>\n<ul>\n<li><a href=\"http:\/\/www.juntadeandalucia.es\/educacion\/portals\/web\/formacion-profesional-andaluza\/fp-grado-superior\/detalle-titulo?idTitulo=88\">T\u00e9cnico Superior en Administraci\u00f3n y Finanzas.<\/a><\/li>\n<li><a href=\"http:\/\/www.juntadeandalucia.es\/educacion\/portals\/web\/formacion-profesional-andaluza\/fp-grado-medio\/detalle-titulo?idTitulo=48\">T\u00e9cnico en Gesti\u00f3n Administrativa (GM).<\/a><\/li>\n<\/ul>\n<h3><strong>CFGS Administraci\u00f3n y Finanzas <\/strong>&nbsp;&#8212;<strong> &nbsp;<\/strong>M\u00f3dulos Profesionales<\/h3>\n<div class=\"portlet-boundary portlet-boundary_ABACO_ENLACESINTERES_WAR_abacoportlet_ portlet-static portlet-static-end \">\n<div class=\"portlet-borderless-container\">\n<div class=\"portlet-body\">\n<div class=\"content_enlaces bordeLineaSolida opened\">\n<h4>Primero<\/h4>\n<table class=\"tableModulos\">\n<thead>\n<tr>\n<th style=\"background-color: #d8ecf2;text-align: left\"><strong>Cod.<\/strong><\/th>\n<th style=\"background-color: #d8ecf2;text-align: left\"><strong>M\u00f3dulo<\/strong><\/th>\n<th style=\"background-color: #d8ecf2;text-align: left\"><strong>H.SEM.<\/strong><\/th>\n<\/tr>\n<\/thead>\n<tbody>\n<tr>\n<td>0651<\/td>\n<td>Comunicaci\u00f3n y atenci\u00f3n al cliente<\/td>\n<td>5<\/td>\n<\/tr>\n<tr>\n<td>0658<\/td>\n<td>Formaci\u00f3n y orienaci\u00f3n laboral<\/td>\n<td>3<\/td>\n<\/tr>\n<tr>\n<td>0647<\/td>\n<td>Gesti\u00f3n de la documentaci\u00f3n jur\u00eddica y empresarial.<\/td>\n<td>3<\/td>\n<\/tr>\n<tr>\n<td>0179<\/td>\n<td>Ingl\u00e9s<\/td>\n<td>4<\/td>\n<\/tr>\n<tr>\n<td>0649<\/td>\n<td>Ofim\u00e1tica y proceso de la informaci\u00f3n<\/td>\n<td>6<\/td>\n<\/tr>\n<tr>\n<td>0650<\/td>\n<td>Proceso integral de la actividad comercial<\/td>\n<td>6<\/td>\n<\/tr>\n<tr>\n<td>0648<\/td>\n<td>Recursos humanos y responsabilidad social corporativa<\/td>\n<td>3<\/td>\n<\/tr>\n<\/tbody>\n<\/table>\n<h4>Segundo<\/h4>\n<table class=\"tableModulos\" style=\"width: 576px\">\n<thead>\n<tr>\n<th style=\"width: 58px;background-color: #d8ecf2;text-align: left\"><strong>Cod.<\/strong><\/th>\n<th style=\"width: 58px;background-color: #d8ecf2;text-align: left\"><strong>M\u00f3dulo<\/strong><\/th>\n<th style=\"width: 58px;background-color: #d8ecf2;text-align: left\"><strong>H.SEM.<\/strong><\/th>\n<\/tr>\n<\/thead>\n<tbody>\n<tr>\n<td style=\"width: 58px\">0654<\/td>\n<td style=\"width: 398px\">Contabilidad y fiscalidad<\/td>\n<td style=\"width: 57px\">6<\/td>\n<\/tr>\n<tr>\n<td style=\"width: 58px\">0660<\/td>\n<td style=\"width: 398px\">Formaci\u00f3n en centros de trabajo<\/td>\n<td style=\"width: 57px\">0<\/td>\n<\/tr>\n<tr>\n<td style=\"width: 58px\">0652<\/td>\n<td style=\"width: 398px\">Gesti\u00f3n de recursos humanos<\/td>\n<td style=\"width: 57px\">4<\/td>\n<\/tr>\n<tr>\n<td style=\"width: 58px\">0653<\/td>\n<td style=\"width: 398px\">Gesti\u00f3n financiera<\/td>\n<td style=\"width: 57px\">6<\/td>\n<\/tr>\n<tr>\n<td style=\"width: 58px\">0655<\/td>\n<td style=\"width: 398px\">Gesti\u00f3n log\u00edstica y comercial<\/td>\n<td style=\"width: 57px\">5<\/td>\n<\/tr>\n<tr>\n<td style=\"width: 58px\">0000<\/td>\n<td style=\"width: 398px\">Horas de libre configuraci\u00f3n<\/td>\n<td style=\"width: 57px\">3<\/td>\n<\/tr>\n<tr>\n<td style=\"width: 58px\">0657<\/td>\n<td style=\"width: 398px\">Proyecto de administraci\u00f3n y finanzas<\/td>\n<td style=\"width: 57px\">0<\/td>\n<\/tr>\n<tr>\n<td style=\"width: 58px\">0656<\/td>\n<td style=\"width: 398px\">Simulaci\u00f3n empresarial<\/td>\n<td style=\"width: 57px\">6<\/td>\n<\/tr>\n<\/tbody>\n<\/table>\n<\/div>\n<\/div>\n<\/div>\n<\/div>\n<p>&nbsp;<\/p>\n<h3><strong>CFGM Gesti\u00f3n &nbsp;Administrativa&nbsp;<\/strong>&nbsp;&#8212;<strong> &nbsp;<\/strong>M\u00f3dulos Profesionales<\/h3>\n<h4>Primero<\/h4>\n<table style=\"width: 574px\">\n<thead>\n<tr>\n<td style=\"width: 58px;background-color: #d8ecf2\"><strong>Cod.<\/strong><\/td>\n<td style=\"width: 58px;background-color: #d8ecf2\"><strong>M\u00f3dulo<\/strong><\/td>\n<td style=\"width: 58px;background-color: #d8ecf2\"><strong>H.SEM.<\/strong><\/td>\n<\/tr>\n<\/thead>\n<tbody>\n<tr>\n<td style=\"width: 58px\">0437<\/td>\n<td style=\"width: 403px\">Comunicaci\u00f3n empresarial y atenci\u00f3n al cliente<\/td>\n<td style=\"width: 51px\">5<\/td>\n<\/tr>\n<tr>\n<td style=\"width: 58px\">0439<\/td>\n<td style=\"width: 403px\">Empresa y Administraci\u00f3n<\/td>\n<td style=\"width: 51px\">3<\/td>\n<\/tr>\n<tr>\n<td style=\"width: 58px\">0449<\/td>\n<td style=\"width: 403px\">Formaci\u00f3n y orientaci\u00f3n laboral<\/td>\n<td style=\"width: 51px\">3<\/td>\n<\/tr>\n<tr>\n<td style=\"width: 58px\">0156<\/td>\n<td style=\"width: 403px\">Ingl\u00e9s<\/td>\n<td style=\"width: 51px\">5<\/td>\n<\/tr>\n<tr>\n<td style=\"width: 58px\">0438<\/td>\n<td style=\"width: 403px\">Operaciones administrativas de compra-venta<\/td>\n<td style=\"width: 51px\">4<\/td>\n<\/tr>\n<tr>\n<td style=\"width: 58px\">0441<\/td>\n<td style=\"width: 403px\">T\u00e9cnica contable<\/td>\n<td style=\"width: 51px\">3<\/td>\n<\/tr>\n<tr>\n<td style=\"width: 58px\">0440<\/td>\n<td style=\"width: 403px\">Tratamiento inform\u00e1tico de la informaci\u00f3n<\/td>\n<td style=\"width: 51px\">7<\/td>\n<\/tr>\n<\/tbody>\n<\/table>\n<h4>Segundo<\/h4>\n<table style=\"width: 575px\">\n<thead>\n<tr>\n<td style=\"background-color: #d8ecf2;width: 55.5px\"><strong>Cod.<\/strong><\/td>\n<td style=\"background-color: #d8ecf2;width: 399.5px\"><strong>M\u00f3dulo<\/strong><\/td>\n<td style=\"background-color: #d8ecf2;width: 58px\"><strong>H.SEM.<\/strong><\/td>\n<\/tr>\n<\/thead>\n<tbody>\n<tr>\n<td style=\"width: 55.5px\">0446<\/td>\n<td style=\"width: 399.5px\">Empresa en el aula<\/td>\n<td style=\"width: 58px\">8<\/td>\n<\/tr>\n<tr>\n<td style=\"width: 55.5px\">0451<\/td>\n<td style=\"width: 399.5px\">Formaci\u00f3n en centros de trabajo<\/td>\n<td style=\"width: 58px\">0<\/td>\n<\/tr>\n<tr>\n<td style=\"width: 55.5px\">0000<\/td>\n<td style=\"width: 399.5px\">Horas de libre configuraci\u00f3n<\/td>\n<td style=\"width: 58px\">3<\/td>\n<\/tr>\n<tr>\n<td style=\"width: 55.5px\">0442<\/td>\n<td style=\"width: 399.5px\">Operaciones administrativas de recursos humanos<\/td>\n<td style=\"width: 58px\">6<\/td>\n<\/tr>\n<tr>\n<td style=\"width: 55.5px\">0448<\/td>\n<td style=\"width: 399.5px\">Operaciones auxiliares de gesti\u00f3n de tesorer\u00eda<\/td>\n<td style=\"width: 58px\">7<\/td>\n<\/tr>\n<tr>\n<td style=\"width: 55.5px\">0443<\/td>\n<td style=\"width: 399.5px\">Tratamiento de la documentaci\u00f3n contable<\/td>\n<td style=\"width: 58px\">6<\/td>\n<\/tr>\n<\/tbody>\n<\/table>\n","protected":false},"excerpt":{"rendered":"<p>Web de Formaci\u00f3n Profesional Andaluza Enlaces de Informaci\u00f3n sobre los ciclos de Administraci\u00f3n: T\u00e9cnico Superior en Administraci\u00f3n y Finanzas. T\u00e9cnico en Gesti\u00f3n Administrativa (GM). CFGS&hellip;<\/p>\n","protected":false},"author":5046,"featured_media":0,"parent":0,"menu_order":0,"comment_status":"closed","ping_status":"closed","template":"","meta":{"ngg_post_thumbnail":0,"footnotes":"","_mc_calendar":[]},"aioseo_notices":[],"_links":{"self":[{"href":"https:\/\/blogsaverroes.juntadeandalucia.es\/iessalvadorserrano\/wp-json\/wp\/v2\/pages\/2659"}],"collection":[{"href":"https:\/\/blogsaverroes.juntadeandalucia.es\/iessalvadorserrano\/wp-json\/wp\/v2\/pages"}],"about":[{"href":"https:\/\/blogsaverroes.juntadeandalucia.es\/iessalvadorserrano\/wp-json\/wp\/v2\/types\/page"}],"author":[{"embeddable":true,"href":"https:\/\/blogsaverroes.juntadeandalucia.es\/iessalvadorserrano\/wp-json\/wp\/v2\/users\/5046"}],"replies":[{"embeddable":true,"href":"https:\/\/blogsaverroes.juntadeandalucia.es\/iessalvadorserrano\/wp-json\/wp\/v2\/comments?post=2659"}],"version-history":[{"count":3,"href":"https:\/\/blogsaverroes.juntadeandalucia.es\/iessalvadorserrano\/wp-json\/wp\/v2\/pages\/2659\/revisions"}],"predecessor-version":[{"id":3243,"href":"https:\/\/blogsaverroes.juntadeandalucia.es\/iessalvadorserrano\/wp-json\/wp\/v2\/pages\/2659\/revisions\/3243"}],"wp:attachment":[{"href":"https:\/\/blogsaverroes.juntadeandalucia.es\/iessalvadorserrano\/wp-json\/wp\/v2\/media?parent=2659"}],"curies":[{"name":"wp","href":"https:\/\/api.w.org\/{rel}","templated":true}]}}