{"id":3683,"date":"2018-05-21T18:44:46","date_gmt":"2018-05-21T18:44:46","guid":{"rendered":"https:\/\/blogsaverroes.juntadeandalucia.es\/iessalvadorserrano\/?page_id=3683"},"modified":"2024-04-22T10:29:44","modified_gmt":"2024-04-22T10:29:44","slug":"pruebas-de-acceso-a-la-universidad","status":"publish","type":"page","link":"https:\/\/blogsaverroes.juntadeandalucia.es\/iessalvadorserrano\/pruebas-de-acceso-a-la-universidad\/","title":{"rendered":"Pruebas de Acceso a la Universidad"},"content":{"rendered":"<p style=\"font-weight: 400;text-align: center\"><span style=\"font-weight: 400\"><strong><a href=\"https:\/\/www.ujaen.es\/estudios\/acceso-y-matricula\/acceso-y-admision-la-uja\/pruebas-de-acceso-y-admision-la-universidad-para-estudiantes-de\">PUEDES ACCEDER A TODA LA INFORMACI\u00d3N SOBRE LAS PRUEBAS A TRAV\u00c9S DE LA ESTA P\u00c1GINA<\/a><br \/>\n<\/strong><\/span><\/p>\n<p style=\"font-weight: 400;text-align: justify\"><span style=\"font-weight: 400\"><strong>&nbsp;&nbsp;&nbsp; Procedimiento de matr\u00edcula: <\/strong>a trav\u00e9s de la aplicaci\u00f3n de Automatr\u00edcula.<\/span><\/p>\n<p style=\"text-align: justify\"><span style=\"font-weight: 400\">&nbsp; &nbsp;Los interesados deber\u00e1n formalizar su matr\u00edcula por Internet, accediendo a la aplicaci\u00f3n de <\/span><b>Automatr\u00edcula. <\/b>A dicha aplicaci\u00f3n se llega a trav\u00e9s de la p\u00e1gina:<\/p>\n<p style=\"text-align: center\"><a href=\"https:\/\/www.ujaen.es\/estudios\/acceso-y-matricula\/acceso-grados\/pruebas-de-acceso-y-admision-la-universidad-para-estudiantes-de-bachillerato-y-2\">Enlace a la web para AUTOMATR\u00cdCULA<\/a><\/p>\n<p style=\"text-align: justify\"><strong>&nbsp; &nbsp;Todo estudiante deber\u00e1 disponer de la Cuenta TIC<\/strong> (usuario y contrase\u00f1a), que previamente tuvo que solicitar. <strong>D<\/strong><strong>ebe haber recibido las instrucciones en el correo electr\u00f3nico que especific\u00f3 en el formulario de solicitud. Si no se ha recibido, debe comprobar su bandeja de SPAM.&nbsp;<\/strong><\/p>\n<p style=\"text-align: justify\">&nbsp; &nbsp;Si hubiera <strong>alguna incidencia<\/strong> en cuanto a la <strong>Cuenta TIC,&nbsp;<\/strong>en la <a href=\"https:\/\/www.ujaen.es\/estudios\/acceso-y-matricula\/acceso-grados\/pruebas-de-acceso-y-admision-la-universidad-para-estudiantes-de-bachillerato-y-2\">web para Automatr\u00edcula<\/a> se especifica <strong>qu\u00e9 se debe hacer<\/strong>.<\/p>\n<p style=\"text-align: justify\">&nbsp; Necesitar\u00e1 su usuario y contrase\u00f1a (<strong>Cuenta TIC<\/strong>), para poder acceder a la aplicaci\u00f3n de&nbsp;<strong>Automatr\u00edcula <\/strong>y su posteriormente <strong>pago<\/strong>. M\u00e1s informaci\u00f3n en la <a href=\"https:\/\/www.ujaen.es\/estudios\/acceso-y-matricula\/acceso-y-admision-la-uja\/pruebas-de-acceso-y-admision-la-universidad-para-estudiantes-de-0\">web para Automatr\u00edcula<\/a>.<\/p>\n<table style=\"width: 96.5007%\">\n<tbody>\n<tr>\n<td style=\"width: 100%;background-color: #c3f7ea;text-align: center\"><a href=\"https:\/\/www.ujaen.es\/estudios\/acceso-y-matricula\/sites\/segundonivel_acceso_y_matricula\/files\/pagina_acceso_y_matricula\/2021-05\/TUTORIAL%20AUTOMATR%C3%8DCULA%20DE%20LAS%20PRUEBAS%20DE%20ACCESO%20A%20LA%20UNIVERSIDAD%20DE%20JA%C3%89N_1.pdf\">Existe un TUTORIAL&nbsp; de AUTOMATR\u00cdCULA donde se explica todo el proceso<\/a><\/td>\n<\/tr>\n<\/tbody>\n<\/table>\n<p style=\"text-align: center\"><a href=\"https:\/\/www.ujaen.es\/estudios\/acceso-y-matricula\/sites\/segundonivel_acceso_y_matricula\/files\/uploads\/acceso\/calendario-pruebas-acceso.pdf\">CALENDARIO DE LAS PRUEBAS<\/a><\/p>\n<ul>\n<li><a href=\"https:\/\/www.ujaen.es\/estudios\/acceso-y-matricula\/sites\/segundonivel_acceso_y_matricula\/files\/pagina_acceso_y_matricula\/2021-01\/GENERACI%C3%93N%20DE%20CUENTA%20TIC%20bachillerato%20y%20ciclos%20formativos.pdf\">Tutorial para generar el usuario CUENTA TIC.<\/a><\/li>\n<li><a href=\"https:\/\/www.ujaen.es\/estudios\/acceso-y-matricula\/planes-de-actuacion-en-el-desarrollo-de-las-pruebas-de-evaluacion-de-acceso-la-universidad\">Planes de actuaci\u00f3n en el desarrollo de las pruebas.<\/a><\/li>\n<li><a href=\"https:\/\/www.ujaen.es\/estudios\/acceso-y-matricula\/sites\/segundonivel_acceso_y_matricula\/files\/uploads\/acceso\/distribucion-de-sedes-junio.pdf\">Distribuci\u00f3n de Sedes de las Pruebas de Acceso y Admisi\u00f3n a la Universidad (convocatoria ordinaria).<\/a><\/li>\n<li><a href=\"https:\/\/www.ujaen.es\/estudios\/acceso-y-matricula\/sites\/segundonivel_acceso_y_matricula\/files\/uploads\/acceso\/distribucion-de-sedes-julio.pdf\">Distribuci\u00f3n de Sedes de las Pruebas de Acceso y Admisi\u00f3n a la Universidad (convocatoria extraordinaria)<\/a><\/li>\n<li><a href=\"https:\/\/www.ujaen.es\/estudios\/acceso-y-matricula\/sites\/segundonivel_acceso_y_matricula\/files\/pagina_acceso_y_matricula\/2018-05\/Material%20permitido%202018_0.pdf\">Material permitido.<\/a><\/li>\n<li><a href=\"https:\/\/www.juntadeandalucia.es\/economiaconocimientoempresasyuniversidad\/sguit\/?q=grados&amp;d=g_b_examenes_anteriores.php\"><u>Documentos de Orientaci\u00f3n y Ex\u00e1menes de cursos anteriores.<\/u><\/a><\/li>\n<li><a href=\"https:\/\/www.ujaen.es\/estudios\/acceso-y-matricula\/planes-de-actuacion-en-el-desarrollo-de-las-pruebas-de-evaluacion-de-acceso-la-universidad\">Planes de actuaci\u00f3n.<\/a><\/li>\n<li><a href=\"https:\/\/www.ujaen.es\/estudios\/acceso-y-matricula\/reconocimiento-de-creditos\/ciclos-formativos-de-grado-superior\">Reconocimiento de cr\u00e9ditos para estudiantes de CFGS.<\/a><\/li>\n<li><a href=\"https:\/\/www.ujaen.es\/estudios\/acceso-y-matricula\/acceso-y-admision-la-uja\/tarjetas-pau\">Tarjetas PAU.<\/a><\/li>\n<li><a href=\"https:\/\/www.ujaen.es\/estudios\/acceso-y-matricula\/preguntas-frecuentes?title=&amp;term_node_tid_depth=All&amp;field_categoria_faq_target_id=199\">Preguntas frecuentes.<\/a><\/li>\n<li><a href=\"https:\/\/www.ujaen.es\/estudios\/acceso-y-matricula\/acceso-y-admision-la-uja\/pruebas-de-acceso-y-admision-la-universidad-para-estudiantes-de-1\">Consulta de calificaciones de las Pruebas.<\/a><\/li>\n<\/ul>\n<h3><strong>\u00a1\u00a1\u00a1Importante!!!<\/strong>&nbsp; &nbsp;&nbsp;<\/h3>\n<p style=\"text-align: justify\">Aparte de esto, es <strong>importante recordar<\/strong>:<\/p>\n<ul>\n<li style=\"text-align: justify\"><span style=\"text-decoration: underline\"><strong>Hay que llevar el<\/strong> <strong>DNI<\/strong><\/span>. Es conveniente llevar el<strong> resguardo de Matr\u00edcula-Carta de Pago<\/strong> por si el estudiante no apareciera en la lista.<\/li>\n<li style=\"text-align: justify\"><strong>No est\u00e1 permitida la tenencia de material ni dispositivos que permitan el almacenamiento de voz y\/o datos o transmisi\u00f3n de los mismos<\/strong> (el m\u00f3vil se deja apagado en la mochila que habr\u00e1 que dejar en la entrada). S\u00f3lo se puede disponer del <strong>material permitido<\/strong> para la realizaci\u00f3n de cada examen.<\/li>\n<li style=\"text-align: justify\">Los estudiantes ocupar\u00e1n la misma posici\u00f3n en los 3 ex\u00e1menes del primer d\u00eda (por orden alfab\u00e9tico).<\/li>\n<\/ul>\n","protected":false},"excerpt":{"rendered":"<p>PUEDES ACCEDER A TODA LA INFORMACI\u00d3N SOBRE LAS PRUEBAS A TRAV\u00c9S DE LA ESTA P\u00c1GINA &nbsp;&nbsp;&nbsp; Procedimiento de matr\u00edcula: a trav\u00e9s de la aplicaci\u00f3n de&hellip;<\/p>\n","protected":false},"author":5046,"featured_media":0,"parent":0,"menu_order":0,"comment_status":"closed","ping_status":"closed","template":"","meta":{"ngg_post_thumbnail":0,"footnotes":"","_mc_calendar":[]},"aioseo_notices":[],"_links":{"self":[{"href":"https:\/\/blogsaverroes.juntadeandalucia.es\/iessalvadorserrano\/wp-json\/wp\/v2\/pages\/3683"}],"collection":[{"href":"https:\/\/blogsaverroes.juntadeandalucia.es\/iessalvadorserrano\/wp-json\/wp\/v2\/pages"}],"about":[{"href":"https:\/\/blogsaverroes.juntadeandalucia.es\/iessalvadorserrano\/wp-json\/wp\/v2\/types\/page"}],"author":[{"embeddable":true,"href":"https:\/\/blogsaverroes.juntadeandalucia.es\/iessalvadorserrano\/wp-json\/wp\/v2\/users\/5046"}],"replies":[{"embeddable":true,"href":"https:\/\/blogsaverroes.juntadeandalucia.es\/iessalvadorserrano\/wp-json\/wp\/v2\/comments?post=3683"}],"version-history":[{"count":17,"href":"https:\/\/blogsaverroes.juntadeandalucia.es\/iessalvadorserrano\/wp-json\/wp\/v2\/pages\/3683\/revisions"}],"predecessor-version":[{"id":12039,"href":"https:\/\/blogsaverroes.juntadeandalucia.es\/iessalvadorserrano\/wp-json\/wp\/v2\/pages\/3683\/revisions\/12039"}],"wp:attachment":[{"href":"https:\/\/blogsaverroes.juntadeandalucia.es\/iessalvadorserrano\/wp-json\/wp\/v2\/media?parent=3683"}],"curies":[{"name":"wp","href":"https:\/\/api.w.org\/{rel}","templated":true}]}}