{"id":4514,"date":"2019-03-05T17:30:17","date_gmt":"2019-03-05T17:30:17","guid":{"rendered":"https:\/\/blogsaverroes.juntadeandalucia.es\/iessalvadorserrano\/?page_id=4514"},"modified":"2019-03-05T17:57:55","modified_gmt":"2019-03-05T17:57:55","slug":"orientaline","status":"publish","type":"page","link":"https:\/\/blogsaverroes.juntadeandalucia.es\/iessalvadorserrano\/orientaline\/","title":{"rendered":"Programa OrientaLine"},"content":{"rendered":"<p>El <strong><span style=\"color: #800000\">Programa Orienta<\/span><\/strong> es el programa de <strong><span style=\"color: #000080\">Orientaci\u00f3n Escolar<\/span> <\/strong>dirigido a los alumnos y alumnas del centro que quieran informarse sobre su futuro acad\u00e9mico. Tiene las siguientes caracter\u00edsticas<\/p>\n<ul>\n<li>Muestra datos actualizados sobre los distintos itinerarios educativos desde 4\u00ba de la ESO hasta estudios superiores.<\/li>\n<li>Informaci\u00f3n seg\u00fan normativa vigente.<\/li>\n<li>Varios cuestionarios de Orientaci\u00f3n Escolar adaptados a la edad y al tipo de estudios.<\/li>\n<li>Cuestionario de profesiones, que completa la informaci\u00f3n sobre las perspectivas profesionales de nuestros alumnos y alumnas.<\/li>\n<li>Todo ello presentado de forma atractiva, sencilla e intuitiva, y personalizado a nuestro centro escolar.<\/li>\n<\/ul>\n<h3 style=\"text-align: center\"><a href=\"http:\/\/www.orientaline.es\/?yafxb=41469\">Accede a su versi\u00f3n Online (OrientaLine) a trav\u00e9s de este enlace<\/a><\/h3>\n<p style=\"text-align: center\"><a href=\"http:\/\/www.orientaline.es\/?yafxb=41469\"><img loading=\"lazy\" decoding=\"async\" class=\"wp-image-4518 aligncenter\" src=\"https:\/\/blogsaverroes.juntadeandalucia.es\/iessalvadorserrano\/files\/2019\/03\/OrientaLine.jpg\" alt=\"\" width=\"467\" height=\"470\" srcset=\"https:\/\/blogsaverroes.juntadeandalucia.es\/iessalvadorserrano\/files\/2019\/03\/OrientaLine.jpg 620w, https:\/\/blogsaverroes.juntadeandalucia.es\/iessalvadorserrano\/files\/2019\/03\/OrientaLine-150x150.jpg 150w, https:\/\/blogsaverroes.juntadeandalucia.es\/iessalvadorserrano\/files\/2019\/03\/OrientaLine-100x100.jpg 100w, https:\/\/blogsaverroes.juntadeandalucia.es\/iessalvadorserrano\/files\/2019\/03\/OrientaLine-24x24.jpg 24w, https:\/\/blogsaverroes.juntadeandalucia.es\/iessalvadorserrano\/files\/2019\/03\/OrientaLine-36x36.jpg 36w, https:\/\/blogsaverroes.juntadeandalucia.es\/iessalvadorserrano\/files\/2019\/03\/OrientaLine-48x48.jpg 48w, https:\/\/blogsaverroes.juntadeandalucia.es\/iessalvadorserrano\/files\/2019\/03\/OrientaLine-50x50.jpg 50w\" sizes=\"(max-width: 467px) 100vw, 467px\" \/><\/a><\/p>\n<p style=\"text-align: center\"><em><strong><span style=\"color: #800000\">Tambi\u00e9n dispondr\u00e1s del programa Orienta en los ordenadores de las aulas de inform\u00e1tica y de la biblioteca&nbsp;<\/span><\/strong><\/em><\/p>\n","protected":false},"excerpt":{"rendered":"<p>El Programa Orienta es el programa de Orientaci\u00f3n Escolar dirigido a los alumnos y alumnas del centro que quieran informarse sobre su futuro acad\u00e9mico. Tiene&hellip;<\/p>\n","protected":false},"author":5046,"featured_media":0,"parent":0,"menu_order":0,"comment_status":"closed","ping_status":"closed","template":"","meta":{"ngg_post_thumbnail":0,"footnotes":"","_mc_calendar":[]},"aioseo_notices":[],"_links":{"self":[{"href":"https:\/\/blogsaverroes.juntadeandalucia.es\/iessalvadorserrano\/wp-json\/wp\/v2\/pages\/4514"}],"collection":[{"href":"https:\/\/blogsaverroes.juntadeandalucia.es\/iessalvadorserrano\/wp-json\/wp\/v2\/pages"}],"about":[{"href":"https:\/\/blogsaverroes.juntadeandalucia.es\/iessalvadorserrano\/wp-json\/wp\/v2\/types\/page"}],"author":[{"embeddable":true,"href":"https:\/\/blogsaverroes.juntadeandalucia.es\/iessalvadorserrano\/wp-json\/wp\/v2\/users\/5046"}],"replies":[{"embeddable":true,"href":"https:\/\/blogsaverroes.juntadeandalucia.es\/iessalvadorserrano\/wp-json\/wp\/v2\/comments?post=4514"}],"version-history":[{"count":4,"href":"https:\/\/blogsaverroes.juntadeandalucia.es\/iessalvadorserrano\/wp-json\/wp\/v2\/pages\/4514\/revisions"}],"predecessor-version":[{"id":4521,"href":"https:\/\/blogsaverroes.juntadeandalucia.es\/iessalvadorserrano\/wp-json\/wp\/v2\/pages\/4514\/revisions\/4521"}],"wp:attachment":[{"href":"https:\/\/blogsaverroes.juntadeandalucia.es\/iessalvadorserrano\/wp-json\/wp\/v2\/media?parent=4514"}],"curies":[{"name":"wp","href":"https:\/\/api.w.org\/{rel}","templated":true}]}}

<p>El <strong><span style="color: #800000">Programa Orienta</span></strong> es el programa de <strong><span style="color: #000080">Orientación Escolar</span> </strong>dirigido a los alumnos y alumnas del centro que quieran informarse sobre su futuro académico. Tiene las siguientes características</p>
<ul>
<li>Muestra datos actualizados sobre los distintos itinerarios educativos desde 4º de la ESO hasta estudios superiores.</li>
<li>Información según normativa vigente.</li>
<li>Varios cuestionarios de Orientación Escolar adaptados a la edad y al tipo de estudios.</li>
<li>Cuestionario de profesiones, que completa la información sobre las perspectivas profesionales de nuestros alumnos y alumnas.</li>
<li>Todo ello presentado de forma atractiva, sencilla e intuitiva, y personalizado a nuestro centro escolar.</li>
</ul>
<h3 style="text-align: center"><a href="http://www.orientaline.es/?yafxb=41469">Accede a su versión Online (OrientaLine) a través de este enlace</a></h3>
<p style="text-align: center"><a href="http://www.orientaline.es/?yafxb=41469"><img loading="lazy" decoding="async" class="wp-image-4518 aligncenter" src="https://blogsaverroes.juntadeandalucia.es/iessalvadorserrano/files/2019/03/OrientaLine.jpg" alt="" width="467" height="470" srcset="https://blogsaverroes.juntadeandalucia.es/iessalvadorserrano/files/2019/03/OrientaLine.jpg 620w, https://blogsaverroes.juntadeandalucia.es/iessalvadorserrano/files/2019/03/OrientaLine-150x150.jpg 150w, https://blogsaverroes.juntadeandalucia.es/iessalvadorserrano/files/2019/03/OrientaLine-100x100.jpg 100w, https://blogsaverroes.juntadeandalucia.es/iessalvadorserrano/files/2019/03/OrientaLine-24x24.jpg 24w, https://blogsaverroes.juntadeandalucia.es/iessalvadorserrano/files/2019/03/OrientaLine-36x36.jpg 36w, https://blogsaverroes.juntadeandalucia.es/iessalvadorserrano/files/2019/03/OrientaLine-48x48.jpg 48w, https://blogsaverroes.juntadeandalucia.es/iessalvadorserrano/files/2019/03/OrientaLine-50x50.jpg 50w" sizes="(max-width: 467px) 100vw, 467px" /></a></p>
<p style="text-align: center"><em><strong><span style="color: #800000">También dispondrás del programa Orienta en los ordenadores de las aulas de informática y de la biblioteca&nbsp;</span></strong></em></p>

<p>El Programa Orienta es el programa de Orientación Escolar dirigido a los alumnos y alumnas del centro que quieran informarse sobre su futuro académico. Tiene&hellip;</p>
