{"id":49,"date":"2015-03-13T08:47:05","date_gmt":"2015-03-13T08:47:05","guid":{"rendered":"http:\/\/blogsaverroes.juntadeandalucia.es\/pre\/ceip\/?page_id=49"},"modified":"2025-04-30T18:12:16","modified_gmt":"2025-04-30T18:12:16","slug":"plan-centro","status":"publish","type":"page","link":"https:\/\/blogsaverroes.juntadeandalucia.es\/iessalvadorserrano\/plan-centro\/","title":{"rendered":"Plan de Centro"},"content":{"rendered":"<p><img loading=\"lazy\" decoding=\"async\" class=\"size-medium wp-image-1662 alignright\" src=\"https:\/\/blogsaverroes.juntadeandalucia.es\/iessalvadorserrano\/files\/2015\/03\/proyecto-300x266.png\" alt=\"proyecto\" width=\"300\" height=\"266\" srcset=\"https:\/\/blogsaverroes.juntadeandalucia.es\/iessalvadorserrano\/files\/2015\/03\/proyecto-300x266.png 300w, https:\/\/blogsaverroes.juntadeandalucia.es\/iessalvadorserrano\/files\/2015\/03\/proyecto.png 640w\" sizes=\"(max-width: 300px) 100vw, 300px\" \/><\/p>\n<p style=\"text-align: justify\">&nbsp; &nbsp; &nbsp;El <strong>Plan de Centro<\/strong> del I.E.S. Salvador Serrrano es el documento que incluye toda la normativa interna por la que se regula nuestro instituto. Est\u00e1 formado por el Proyecto Educativo, el Proyecto de Gesti\u00f3n, el Reglamento de Organizaci\u00f3n y Funcionamiento y el Plan de Convivencia. &nbsp;<\/p>\n<p style=\"text-align: justify\">&nbsp; &nbsp; &nbsp;Un centro se define en gran medida por su <strong>Proyecto Educativo<\/strong>. En \u00e9l se plasma el modelo educativo y la concreci\u00f3n de la normativa que un centro realiza respecto a las ense\u00f1anzas que imparte. Aspectos tales como las finales educativas, objetivos, atenci\u00f3n a la diversidad, etc. Incluye adem\u00e1s el Plan de Actuaci\u00f3n Digital y Protocolo de Actuaci\u00f3n COVID.<\/p>\n<p style=\"text-align: justify\">&nbsp; &nbsp; &nbsp;En esta p\u00e1gina se recogen los documentos que definen todos esos aspectos. Se pueden consultar a trav\u00e9s de los siguientes enlaces:<\/p>\n<blockquote>\n<ul>\n<li><strong><a href=\"https:\/\/blogsaverroes.juntadeandalucia.es\/iessalvadorserrano\/files\/2015\/03\/REGLAMENTO-DE-ORGANIZACI\u00d3N-Y-FUNCIONAMIENTO-2019-2.pdf\">Reglamento de Organizaci\u00f3n y Funcionamiento.<\/a><\/strong><\/li>\n<li><a href=\"https:\/\/blogsaverroes.juntadeandalucia.es\/iessalvadorserrano\/files\/2025\/04\/Proyecto-Educativo-Salvador-Serrano-24-25-V2.pdf\"><strong>Proyecto Educativo.<\/strong><\/a><\/li>\n<li><a href=\"https:\/\/blogsaverroes.juntadeandalucia.es\/iessalvadorserrano\/files\/2019\/07\/PLAN-DE-CONVIVENCIA-revisado-junio-2019.pdf\"><strong>Plan de Convivencia.<\/strong><\/a><\/li>\n<li><strong><a href=\"https:\/\/blogsaverroes.juntadeandalucia.es\/iessalvadorserrano\/files\/2015\/03\/PROYECTO-DE-GESTI\u00d3N.pdf\">Proyecto de Gesti\u00f3n.<\/a><\/strong><\/li>\n<\/ul>\n<\/blockquote>\n","protected":false},"excerpt":{"rendered":"<p>&nbsp; &nbsp; &nbsp;El Plan de Centro del I.E.S. Salvador Serrrano es el documento que incluye toda la normativa interna por la que se regula nuestro&hellip;<\/p>\n","protected":false},"author":1,"featured_media":1662,"parent":0,"menu_order":0,"comment_status":"closed","ping_status":"open","template":"page-cs.php","meta":{"ngg_post_thumbnail":0,"footnotes":"","_mc_calendar":[]},"aioseo_notices":[],"_links":{"self":[{"href":"https:\/\/blogsaverroes.juntadeandalucia.es\/iessalvadorserrano\/wp-json\/wp\/v2\/pages\/49"}],"collection":[{"href":"https:\/\/blogsaverroes.juntadeandalucia.es\/iessalvadorserrano\/wp-json\/wp\/v2\/pages"}],"about":[{"href":"https:\/\/blogsaverroes.juntadeandalucia.es\/iessalvadorserrano\/wp-json\/wp\/v2\/types\/page"}],"author":[{"embeddable":true,"href":"https:\/\/blogsaverroes.juntadeandalucia.es\/iessalvadorserrano\/wp-json\/wp\/v2\/users\/1"}],"replies":[{"embeddable":true,"href":"https:\/\/blogsaverroes.juntadeandalucia.es\/iessalvadorserrano\/wp-json\/wp\/v2\/comments?post=49"}],"version-history":[{"count":17,"href":"https:\/\/blogsaverroes.juntadeandalucia.es\/iessalvadorserrano\/wp-json\/wp\/v2\/pages\/49\/revisions"}],"predecessor-version":[{"id":13439,"href":"https:\/\/blogsaverroes.juntadeandalucia.es\/iessalvadorserrano\/wp-json\/wp\/v2\/pages\/49\/revisions\/13439"}],"wp:featuredmedia":[{"embeddable":true,"href":"https:\/\/blogsaverroes.juntadeandalucia.es\/iessalvadorserrano\/wp-json\/wp\/v2\/media\/1662"}],"wp:attachment":[{"href":"https:\/\/blogsaverroes.juntadeandalucia.es\/iessalvadorserrano\/wp-json\/wp\/v2\/media?parent=49"}],"curies":[{"name":"wp","href":"https:\/\/api.w.org\/{rel}","templated":true}]}}

<p><img loading="lazy" decoding="async" class="size-medium wp-image-1662 alignright" src="https://blogsaverroes.juntadeandalucia.es/iessalvadorserrano/files/2015/03/proyecto-300x266.png" alt="proyecto" width="300" height="266" srcset="https://blogsaverroes.juntadeandalucia.es/iessalvadorserrano/files/2015/03/proyecto-300x266.png 300w, https://blogsaverroes.juntadeandalucia.es/iessalvadorserrano/files/2015/03/proyecto.png 640w" sizes="(max-width: 300px) 100vw, 300px" /></p>
<p style="text-align: justify">&nbsp; &nbsp; &nbsp;El <strong>Plan de Centro</strong> del I.E.S. Salvador Serrrano es el documento que incluye toda la normativa interna por la que se regula nuestro instituto. Está formado por el Proyecto Educativo, el Proyecto de Gestión, el Reglamento de Organización y Funcionamiento y el Plan de Convivencia. &nbsp;</p>
<p style="text-align: justify">&nbsp; &nbsp; &nbsp;Un centro se define en gran medida por su <strong>Proyecto Educativo</strong>. En él se plasma el modelo educativo y la concreción de la normativa que un centro realiza respecto a las enseñanzas que imparte. Aspectos tales como las finales educativas, objetivos, atención a la diversidad, etc. Incluye además el Plan de Actuación Digital y Protocolo de Actuación COVID.</p>
<p style="text-align: justify">&nbsp; &nbsp; &nbsp;En esta página se recogen los documentos que definen todos esos aspectos. Se pueden consultar a través de los siguientes enlaces:</p>
<blockquote>
<ul>
<li><strong><a href="https://blogsaverroes.juntadeandalucia.es/iessalvadorserrano/files/2015/03/REGLAMENTO-DE-ORGANIZACIÓN-Y-FUNCIONAMIENTO-2019-2.pdf">Reglamento de Organización y Funcionamiento.</a></strong></li>
<li><a href="https://blogsaverroes.juntadeandalucia.es/iessalvadorserrano/files/2025/04/Proyecto-Educativo-Salvador-Serrano-24-25-V2.pdf"><strong>Proyecto Educativo.</strong></a></li>
<li><a href="https://blogsaverroes.juntadeandalucia.es/iessalvadorserrano/files/2019/07/PLAN-DE-CONVIVENCIA-revisado-junio-2019.pdf"><strong>Plan de Convivencia.</strong></a></li>
<li><strong><a href="https://blogsaverroes.juntadeandalucia.es/iessalvadorserrano/files/2015/03/PROYECTO-DE-GESTIÓN.pdf">Proyecto de Gestión.</a></strong></li>
</ul>
</blockquote>
