{"id":7085,"date":"2021-02-11T08:27:56","date_gmt":"2021-02-11T08:27:56","guid":{"rendered":"https:\/\/blogsaverroes.juntadeandalucia.es\/iessalvadorserrano\/?page_id=7085"},"modified":"2023-12-20T13:28:19","modified_gmt":"2023-12-20T13:28:19","slug":"ipasen","status":"publish","type":"page","link":"https:\/\/blogsaverroes.juntadeandalucia.es\/iessalvadorserrano\/ipasen\/","title":{"rendered":"iPasen"},"content":{"rendered":"<p style=\"text-align: justify\"><a href=\"https:\/\/blogsaverroes.juntadeandalucia.es\/iessalvadorserrano\/files\/2021\/02\/logoipasen.png\"><img loading=\"lazy\" decoding=\"async\" class=\"wp-image-7087 alignleft\" src=\"https:\/\/blogsaverroes.juntadeandalucia.es\/iessalvadorserrano\/files\/2021\/02\/logoipasen.png\" alt=\"\" width=\"88\" height=\"88\" srcset=\"https:\/\/blogsaverroes.juntadeandalucia.es\/iessalvadorserrano\/files\/2021\/02\/logoipasen.png 1024w, https:\/\/blogsaverroes.juntadeandalucia.es\/iessalvadorserrano\/files\/2021\/02\/logoipasen-300x300.png 300w, https:\/\/blogsaverroes.juntadeandalucia.es\/iessalvadorserrano\/files\/2021\/02\/logoipasen-150x150.png 150w, https:\/\/blogsaverroes.juntadeandalucia.es\/iessalvadorserrano\/files\/2021\/02\/logoipasen-768x768.png 768w, https:\/\/blogsaverroes.juntadeandalucia.es\/iessalvadorserrano\/files\/2021\/02\/logoipasen-50x50.png 50w\" sizes=\"(max-width: 88px) 100vw, 88px\" \/><\/a> iPasen es la versi\u00f3n para m\u00f3viles y tabletas de PASEN.<\/p>\n<p>PASEN es el m\u00f3dulo de S\u00e9neca que permite la comunicaci\u00f3n entre los centros educativos y las familias, tutores legales y alumnado, ofreciendo una serie de funcionalidades las cuales se listan m\u00e1s abajo en esta entrada.<\/p>\n<p style=\"text-align: justify\">Las versiones de iPasen para iOS y Android est\u00e1n disponibles en sus respectivos repositorios de la <strong>AppStore <\/strong>y <strong>Google Play<\/strong><\/p>\n<p style=\"text-align: center\"><a href=\"https:\/\/itunes.apple.com\/es\/app\/ipasen\/id511127024?l=en&amp;mt=8\" target=\"_blank\" rel=\"noopener noreferrer\"><strong>iPasen para iOS<\/strong><\/a><\/p>\n<p style=\"text-align: center\"><a href=\"https:\/\/play.google.com\/store\/apps\/details?id=juntadeandalucia.ced.pasen\" target=\"_blank\" rel=\"noopener noreferrer\"><strong>iPasen para Android<\/strong><\/a><\/p>\n<p><strong>Tutoriales:<\/strong><\/p>\n<table style=\"border-collapse: collapse;width: 100%\">\n<tbody>\n<tr>\n<td style=\"width: 14.917%\">\n<p style=\"text-align: center\"><strong>Conocer el usuario y contrase\u00f1a iPasen del alumno<\/strong><\/p>\n<p style=\"text-align: center\"><strong>(Es tambi\u00e9n el usuario y contrase\u00f1a en el mail @g.educaand.es y en Moodle)<\/strong><\/p>\n<p style=\"text-align: center\"><iframe loading=\"lazy\" src=\"\/\/www.youtube.com\/embed\/zOanzI08qSg\" width=\"560\" height=\"314\"><\/iframe><\/p>\n<\/td>\n<\/tr>\n<tr>\n<td style=\"width: 14.917%\">\n<p style=\"text-align: center\"><strong>Realizar el autologin en iPasen<\/strong><\/p>\n<p style=\"text-align: center\"><iframe loading=\"lazy\" src=\"\/\/www.youtube.com\/embed\/cHLova48ULE\" width=\"560\" height=\"314\"><\/iframe><\/p>\n<\/td>\n<\/tr>\n<tr>\n<td style=\"width: 14.917%\">\n<p style=\"text-align: center\"><strong>Justificar las faltas en iPasen<\/strong><\/p>\n<p style=\"text-align: center\"><iframe loading=\"lazy\" src=\"\/\/www.youtube.com\/embed\/W3a7pt1hqr8\" width=\"560\" height=\"314\"><\/iframe><\/p>\n<\/td>\n<\/tr>\n<tr>\n<td style=\"width: 14.917%\">\n<p style=\"text-align: center\"><strong>Ver las calificaciones en iPasen<\/strong><\/p>\n<p style=\"text-align: center\"><iframe loading=\"lazy\" src=\"\/\/www.youtube.com\/embed\/7Go7245oB_E\" width=\"560\" height=\"314\"><\/iframe><\/p>\n<p style=\"text-align: center\"><strong>&nbsp;<\/strong><\/p>\n<\/td>\n<\/tr>\n<tr>\n<td style=\"width: 14.917%\">\n<p style=\"text-align: center\"><strong>Punto de recogida de documentos (boletines, informes, &#8230;)<\/strong><\/p>\n<p style=\"text-align: center\"><iframe loading=\"lazy\" src=\"\/\/www.youtube.com\/embed\/K7s5wXWcEdc\" width=\"560\" height=\"314\"><\/iframe><\/p>\n<p style=\"text-align: center\"><strong>&nbsp;<\/strong><\/p>\n<\/td>\n<\/tr>\n<\/tbody>\n<\/table>\n<p><strong>Funcionalidades:<\/strong><\/p>\n<ul>\n<li>Acceso con el mismo usuario\/contrase\u00f1a que a la aplicaci\u00f3n web PASEN.<\/li>\n<li>Cambio de contrase\u00f1a y acceso a &#8216;Mis datos&#8217; con toda la informaci\u00f3n de usuario relevante para el sistema.<\/li>\n<li>Acceso a la Mensajer\u00eda interna.<\/li>\n<li>Acceso a la Agenda personal.<\/li>\n<li>Consultas de los datos del centro educativo.<\/li>\n<li>Consulta del Calendario escolar oficial.<\/li>\n<li>Consulta del Tabl\u00f3n de anuncios.<\/li>\n<li>Consulta del Horario escolar de sus hijos.<\/li>\n<li>Consulta, justificaci\u00f3n y comunicaci\u00f3n de ausencias de sus hijos.<\/li>\n<li>Consulta de las Calificaciones en cualquier materia.<\/li>\n<li>Consulta de las actividades evaluables, tareas, controles, etc, creados en los Cuadernos de clase del profesorado.<\/li>\n<li>Consulta de las Observaciones que se hayan introducido por parte del profesorado sobre la marcha de sus hijos.<\/li>\n<li>Recepci\u00f3n de Notificaciones enviadas desde S\u00e9neca por ausencias de sus hijos o cualquier otro tipo de mensaje.<\/li>\n<li>Subida de la foto del alumnado a su ficha.<\/li>\n<\/ul>\n<p style=\"text-align: justify\"><strong>Nota sobre el sistema de notificaciones:<\/strong> Desde el momento en que el usuario se descargue la aplicaci\u00f3n a su dispositivo m\u00f3vil y se autentique con el usuario\/contrase\u00f1a habituales para acceder a PASEN, los avisos que recib\u00eda mediante SMS, pasar\u00e1n a recibirse mediante el sistema de notificaciones del m\u00f3vil o tableta. Pinchando sobre una de estas notificaciones se enlazar\u00e1 a la aplicaci\u00f3n y podr\u00e1 consultarse el detalle del aviso.<\/p>\n","protected":false},"excerpt":{"rendered":"<p>iPasen es la versi\u00f3n para m\u00f3viles y tabletas de PASEN. PASEN es el m\u00f3dulo de S\u00e9neca que permite la comunicaci\u00f3n entre los centros educativos y&hellip;<\/p>\n","protected":false},"author":5046,"featured_media":0,"parent":0,"menu_order":0,"comment_status":"closed","ping_status":"closed","template":"","meta":{"ngg_post_thumbnail":0,"footnotes":"","_mc_calendar":[]},"aioseo_notices":[],"_links":{"self":[{"href":"https:\/\/blogsaverroes.juntadeandalucia.es\/iessalvadorserrano\/wp-json\/wp\/v2\/pages\/7085"}],"collection":[{"href":"https:\/\/blogsaverroes.juntadeandalucia.es\/iessalvadorserrano\/wp-json\/wp\/v2\/pages"}],"about":[{"href":"https:\/\/blogsaverroes.juntadeandalucia.es\/iessalvadorserrano\/wp-json\/wp\/v2\/types\/page"}],"author":[{"embeddable":true,"href":"https:\/\/blogsaverroes.juntadeandalucia.es\/iessalvadorserrano\/wp-json\/wp\/v2\/users\/5046"}],"replies":[{"embeddable":true,"href":"https:\/\/blogsaverroes.juntadeandalucia.es\/iessalvadorserrano\/wp-json\/wp\/v2\/comments?post=7085"}],"version-history":[{"count":11,"href":"https:\/\/blogsaverroes.juntadeandalucia.es\/iessalvadorserrano\/wp-json\/wp\/v2\/pages\/7085\/revisions"}],"predecessor-version":[{"id":11617,"href":"https:\/\/blogsaverroes.juntadeandalucia.es\/iessalvadorserrano\/wp-json\/wp\/v2\/pages\/7085\/revisions\/11617"}],"wp:attachment":[{"href":"https:\/\/blogsaverroes.juntadeandalucia.es\/iessalvadorserrano\/wp-json\/wp\/v2\/media?parent=7085"}],"curies":[{"name":"wp","href":"https:\/\/api.w.org\/{rel}","templated":true}]}}