{"id":1474,"date":"2017-11-07T23:42:27","date_gmt":"2017-11-07T23:42:27","guid":{"rendered":"http:\/\/iessanalvaro.es\/?page_id=1474"},"modified":"2017-11-07T23:42:27","modified_gmt":"2017-11-07T23:42:27","slug":"proyecto-de-autoproteccion","status":"publish","type":"page","link":"https:\/\/blogsaverroes.juntadeandalucia.es\/iessanalvaro\/proyecto-de-autoproteccion\/","title":{"rendered":"Proyecto de autoprotecci\u00f3n"},"content":{"rendered":"<p>[vc_row][vc_column][vc_custom_heading text=\u00bbOrden de 16 de abril de 2008.\u00bb google_fonts=\u00bbfont_family:Montserrat%3Aregular%2C700|font_style:400%20regular%3A400%3Anormal\u00bb link=\u00bburl:http%3A%2F%2Fwww.juntadeandalucia.es%2Fboja%2F2008%2F91%2F3|title:Ver%20enlace||\u00bb][vc_custom_heading text=\u00bbPlan de prevenci\u00f3n de riesgos laborales de la Consejer\u00eda de Educaci\u00f3n, Cultura y deporte de la Junta de Andaluc\u00eda (Orden de 30 de octubre de 2014).\u00bb google_fonts=\u00bbfont_family:Montserrat%3Aregular%2C700|font_style:400%20regular%3A400%3Anormal\u00bb link=\u00bburl:http%3A%2F%2Fwww.juntadeandalucia.es%2Feducacion%2Fwebportal%2Fabaco-portlet%2Fcontent%2Fa7560971-5e87-4bda-a24e-f7e6228597cd%3Fa%3Dtrue|title:Descarga||\u00bb][vc_custom_heading text=\u00bbP\u00e1gina web de la Consejer\u00eda de Educaci\u00f3n de la Junta de Andaluc\u00eda sobre riesgos laborales.\u00bb google_fonts=\u00bbfont_family:Montserrat%3Aregular%2C700|font_style:400%20regular%3A400%3Anormal\u00bb link=\u00bburl:http%3A%2F%2Fwww.juntadeandalucia.es%2Feducacion%2Fportals%2Fweb%2Fced%2Friesgos-laborales|title:Ver%20enlace||\u00bb][vc_custom_heading text=\u00bbManual de Seguridad en los Centros Educativos.\u00bb google_fonts=\u00bbfont_family:Montserrat%3Aregular%2C700|font_style:400%20regular%3A400%3Anormal\u00bb link=\u00bburl:http%3A%2F%2Fwww.iseandalucia.es%2Fc%2Fdocument_library%2Fget_file%3Fuuid%3D374fefab-8f38-4d19-950b-c6f71343dd43%26groupId%3D10137|title:Ver%20enlace||\u00bb][vc_custom_heading text=\u00bbPrevenci\u00f3n de Riesgos Laborales en Centros Docentes\u00bb google_fonts=\u00bbfont_family:Montserrat%3Aregular%2C700|font_style:400%20regular%3A400%3Anormal\u00bb link=\u00bburl:http%3A%2F%2Fwww.prevenciondocente.com%2Fnormativaautopranda.htm|title:Ver%20enlace||\u00bb][vc_custom_heading text=\u00bbAccidentes laborales en personal de educaci\u00f3n.Importancia de su investigaci\u00f3n.\u00bb google_fonts=\u00bbfont_family:Montserrat%3Aregular%2C700|font_style:400%20regular%3A400%3Anormal\u00bb link=\u00bburl:http%3A%2F%2Frevistaeco.cepcordoba.org%2Findex.php%2F2013%2F04%2F18%2Faccidentes-laborales-en-personal-de-educacion-importancia-de-su-investigacion%2F|title:Ver%20enlace||\u00bb][vc_custom_heading text=\u00bbCultura preventiva y medioambiental: gesti\u00f3n de residuos en centros educativos.\u00bb google_fonts=\u00bbfont_family:Montserrat%3Aregular%2C700|font_style:400%20regular%3A400%3Anormal\u00bb link=\u00bburl:http%3A%2F%2Fwww.juntadeandalucia.es%2Feducacion%2Fwebportal%2Fdescargas%2Feducacion-ambiental%2FFlash%2Fred-ecoescuelas%2F0%2Fcomunic%2F39.pdf|title:Ver%20enlace||\u00bb][\/vc_column][\/vc_row]<\/p>\n","protected":false},"excerpt":{"rendered":"<p>[vc_row][vc_column][vc_custom_heading text=\u00bbOrden de 16 de abril de 2008.\u00bb google_fonts=\u00bbfont_family:Montserrat%3Aregular%2C700|font_style:400%20regular%3A400%3Anormal\u00bb link=\u00bburl:http%3A%2F%2Fwww.juntadeandalucia.es%2Fboja%2F2008%2F91%2F3|title:Ver%20enlace||\u00bb][vc_custom_heading text=\u00bbPlan de prevenci\u00f3n de riesgos laborales de la Consejer\u00eda de Educaci\u00f3n, Cultura y deporte de&hellip;<\/p>\n","protected":false},"author":18399,"featured_media":0,"parent":0,"menu_order":0,"comment_status":"closed","ping_status":"closed","template":"","meta":{"ngg_post_thumbnail":0,"footnotes":""},"aioseo_notices":[],"_links":{"self":[{"href":"https:\/\/blogsaverroes.juntadeandalucia.es\/iessanalvaro\/wp-json\/wp\/v2\/pages\/1474"}],"collection":[{"href":"https:\/\/blogsaverroes.juntadeandalucia.es\/iessanalvaro\/wp-json\/wp\/v2\/pages"}],"about":[{"href":"https:\/\/blogsaverroes.juntadeandalucia.es\/iessanalvaro\/wp-json\/wp\/v2\/types\/page"}],"author":[{"embeddable":true,"href":"https:\/\/blogsaverroes.juntadeandalucia.es\/iessanalvaro\/wp-json\/wp\/v2\/users\/18399"}],"replies":[{"embeddable":true,"href":"https:\/\/blogsaverroes.juntadeandalucia.es\/iessanalvaro\/wp-json\/wp\/v2\/comments?post=1474"}],"version-history":[{"count":0,"href":"https:\/\/blogsaverroes.juntadeandalucia.es\/iessanalvaro\/wp-json\/wp\/v2\/pages\/1474\/revisions"}],"wp:attachment":[{"href":"https:\/\/blogsaverroes.juntadeandalucia.es\/iessanalvaro\/wp-json\/wp\/v2\/media?parent=1474"}],"curies":[{"name":"wp","href":"https:\/\/api.w.org\/{rel}","templated":true}]}}

Proyecto de autoprotección

<p>[vc_row][vc_column][vc_custom_heading text=»Orden de 16 de abril de 2008.» google_fonts=»font_family:Montserrat%3Aregular%2C700|font_style:400%20regular%3A400%3Anormal» link=»url:http%3A%2F%2Fwww.juntadeandalucia.es%2Fboja%2F2008%2F91%2F3|title:Ver%20enlace||»][vc_custom_heading text=»Plan de prevención de riesgos laborales de la Consejería de Educación, Cultura y deporte de la Junta de Andalucía (Orden de 30 de octubre de 2014).» google_fonts=»font_family:Montserrat%3Aregular%2C700|font_style:400%20regular%3A400%3Anormal» link=»url:http%3A%2F%2Fwww.juntadeandalucia.es%2Feducacion%2Fwebportal%2Fabaco-portlet%2Fcontent%2Fa7560971-5e87-4bda-a24e-f7e6228597cd%3Fa%3Dtrue|title:Descarga||»][vc_custom_heading text=»Página web de la Consejería de Educación de la Junta de Andalucía sobre riesgos laborales.» google_fonts=»font_family:Montserrat%3Aregular%2C700|font_style:400%20regular%3A400%3Anormal» link=»url:http%3A%2F%2Fwww.juntadeandalucia.es%2Feducacion%2Fportals%2Fweb%2Fced%2Friesgos-laborales|title:Ver%20enlace||»][vc_custom_heading text=»Manual de Seguridad en los Centros Educativos.» google_fonts=»font_family:Montserrat%3Aregular%2C700|font_style:400%20regular%3A400%3Anormal» link=»url:http%3A%2F%2Fwww.iseandalucia.es%2Fc%2Fdocument_library%2Fget_file%3Fuuid%3D374fefab-8f38-4d19-950b-c6f71343dd43%26groupId%3D10137|title:Ver%20enlace||»][vc_custom_heading text=»Prevención de Riesgos Laborales en Centros Docentes» google_fonts=»font_family:Montserrat%3Aregular%2C700|font_style:400%20regular%3A400%3Anormal» link=»url:http%3A%2F%2Fwww.prevenciondocente.com%2Fnormativaautopranda.htm|title:Ver%20enlace||»][vc_custom_heading text=»Accidentes laborales en personal de educación.Importancia de su investigación.» google_fonts=»font_family:Montserrat%3Aregular%2C700|font_style:400%20regular%3A400%3Anormal» link=»url:http%3A%2F%2Frevistaeco.cepcordoba.org%2Findex.php%2F2013%2F04%2F18%2Faccidentes-laborales-en-personal-de-educacion-importancia-de-su-investigacion%2F|title:Ver%20enlace||»][vc_custom_heading text=»Cultura preventiva y medioambiental: gestión de residuos en centros educativos.» google_fonts=»font_family:Montserrat%3Aregular%2C700|font_style:400%20regular%3A400%3Anormal» link=»url:http%3A%2F%2Fwww.juntadeandalucia.es%2Feducacion%2Fwebportal%2Fdescargas%2Feducacion-ambiental%2FFlash%2Fred-ecoescuelas%2F0%2Fcomunic%2F39.pdf|title:Ver%20enlace||»][/vc_column][/vc_row]</p>

<p>[vc_row][vc_column][vc_custom_heading text=»Orden de 16 de abril de 2008.» google_fonts=»font_family:Montserrat%3Aregular%2C700|font_style:400%20regular%3A400%3Anormal» link=»url:http%3A%2F%2Fwww.juntadeandalucia.es%2Fboja%2F2008%2F91%2F3|title:Ver%20enlace||»][vc_custom_heading text=»Plan de prevención de riesgos laborales de la Consejería de Educación, Cultura y deporte de&hellip;</p>
