{"id":1482,"date":"2017-11-08T00:02:51","date_gmt":"2017-11-08T00:02:51","guid":{"rendered":"http:\/\/iessanalvaro.es\/?page_id=1482"},"modified":"2025-05-28T11:20:33","modified_gmt":"2025-05-28T11:20:33","slug":"equipo-directivo","status":"publish","type":"page","link":"https:\/\/blogsaverroes.juntadeandalucia.es\/iessanalvaro\/equipo-directivo\/","title":{"rendered":"Equipo directivo"},"content":{"rendered":"<p style=\"text-align: center\"><strong>Director:<\/strong> Jos\u00e9 Ram\u00f3n Cobo<\/p>\n<p style=\"text-align: center\"><strong>Vicedirectora:<\/strong> Ana V\u00e1zquez<\/p>\n<p style=\"text-align: center\"><strong>Jefe de Estudios de ma\u00f1ana:<\/strong> Marcos Cano<\/p>\n<p style=\"text-align: center\"><strong>Jefa de Estudios de tarde<\/strong>: Teresa Hern\u00e1ndez<\/p>\n<p style=\"text-align: center\"><strong>Jefe de Estudios adjunto<\/strong>: \u00c1lvaro Infantes<\/p>\n<p style=\"text-align: center\"><strong>Secretario:<\/strong> Marco Antonio Copado&nbsp;<\/p>\n","protected":false},"excerpt":{"rendered":"<p>Director: Jos\u00e9 Ram\u00f3n Cobo Vicedirectora: Ana V\u00e1zquez Jefe de Estudios de ma\u00f1ana: Marcos Cano Jefa de Estudios de tarde: Teresa Hern\u00e1ndez Jefe de Estudios adjunto:&hellip;<\/p>\n","protected":false},"author":18399,"featured_media":0,"parent":0,"menu_order":0,"comment_status":"closed","ping_status":"closed","template":"","meta":{"ngg_post_thumbnail":0,"footnotes":""},"aioseo_notices":[],"_links":{"self":[{"href":"https:\/\/blogsaverroes.juntadeandalucia.es\/iessanalvaro\/wp-json\/wp\/v2\/pages\/1482"}],"collection":[{"href":"https:\/\/blogsaverroes.juntadeandalucia.es\/iessanalvaro\/wp-json\/wp\/v2\/pages"}],"about":[{"href":"https:\/\/blogsaverroes.juntadeandalucia.es\/iessanalvaro\/wp-json\/wp\/v2\/types\/page"}],"author":[{"embeddable":true,"href":"https:\/\/blogsaverroes.juntadeandalucia.es\/iessanalvaro\/wp-json\/wp\/v2\/users\/18399"}],"replies":[{"embeddable":true,"href":"https:\/\/blogsaverroes.juntadeandalucia.es\/iessanalvaro\/wp-json\/wp\/v2\/comments?post=1482"}],"version-history":[{"count":4,"href":"https:\/\/blogsaverroes.juntadeandalucia.es\/iessanalvaro\/wp-json\/wp\/v2\/pages\/1482\/revisions"}],"predecessor-version":[{"id":4597,"href":"https:\/\/blogsaverroes.juntadeandalucia.es\/iessanalvaro\/wp-json\/wp\/v2\/pages\/1482\/revisions\/4597"}],"wp:attachment":[{"href":"https:\/\/blogsaverroes.juntadeandalucia.es\/iessanalvaro\/wp-json\/wp\/v2\/media?parent=1482"}],"curies":[{"name":"wp","href":"https:\/\/api.w.org\/{rel}","templated":true}]}}