{"id":301,"date":"2020-02-12T08:22:12","date_gmt":"2020-02-12T07:22:12","guid":{"rendered":"http:\/\/blogsaverroes.juntadeandalucia.es\/pre\/nuevoies2v2\/?page_id=301"},"modified":"2020-02-12T08:22:12","modified_gmt":"2020-02-12T07:22:12","slug":"novedades","status":"publish","type":"page","link":"https:\/\/blogsaverroes.juntadeandalucia.es\/iessanalvaro\/","title":{"rendered":"Novedades"},"content":{"rendered":"<div class=\"pt-cv-wrapper\"><div class=\"pt-cv-view pt-cv-grid pt-cv-colsys\" id=\"pt-cv-view-4efd38bw9f\"><div data-id=\"pt-cv-page-1\" class=\"pt-cv-page\" data-cvc=\"3\"><div class=\"col-md-4 col-sm-6 col-xs-12 pt-cv-content-item pt-cv-1-col\" ><div class='pt-cv-ifield'><a href=\"https:\/\/blogsaverroes.juntadeandalucia.es\/iessanalvaro\/2026\/04\/08\/pruebas-libres-fp-de-farmacia-y-parafarmacia\/\" class=\"_self pt-cv-href-thumbnail pt-cv-thumb-default\" target=\"_self\" ><\/a>\n<h4 class=\"pt-cv-title\"><a href=\"https:\/\/blogsaverroes.juntadeandalucia.es\/iessanalvaro\/2026\/04\/08\/pruebas-libres-fp-de-farmacia-y-parafarmacia\/\" class=\"_self\" target=\"_self\" >PRUEBAS LIBRES FP DEL CFGM DE  FARMACIA Y PARAFARMACIA<\/a><\/h4>\n<div class=\"pt-cv-content\">Con fecha de 8 de abril de 2026 se ha publicado la convocatoria de las ...<br \/><div class=\"pt-cv-rmwrap\"><a href=\"https:\/\/blogsaverroes.juntadeandalucia.es\/iessanalvaro\/2026\/04\/08\/pruebas-libres-fp-de-farmacia-y-parafarmacia\/\" class=\"_self pt-cv-readmore btn btn-success\" target=\"_self\">Leer M\u00e1s<\/a><\/div><\/div><\/div><\/div>\n<div class=\"col-md-4 col-sm-6 col-xs-12 pt-cv-content-item pt-cv-1-col\" ><div class='pt-cv-ifield'><a href=\"https:\/\/blogsaverroes.juntadeandalucia.es\/iessanalvaro\/2026\/03\/17\/comision-seleccion-directores\/\" class=\"_self pt-cv-href-thumbnail pt-cv-thumb-default\" target=\"_self\" ><\/a>\n<h4 class=\"pt-cv-title\"><a href=\"https:\/\/blogsaverroes.juntadeandalucia.es\/iessanalvaro\/2026\/03\/17\/comision-seleccion-directores\/\" class=\"_self\" target=\"_self\" >COMISI\u00d3N SELECCI\u00d3N DIRECTORES<\/a><\/h4>\n<div class=\"pt-cv-content\">Se hace p\u00fablica la composici\u00f3n de la Comisi\u00f3n de Selecci\u00f3n de Directores y Directoras de ...<br \/><div class=\"pt-cv-rmwrap\"><a href=\"https:\/\/blogsaverroes.juntadeandalucia.es\/iessanalvaro\/2026\/03\/17\/comision-seleccion-directores\/\" class=\"_self pt-cv-readmore btn btn-success\" target=\"_self\">Leer M\u00e1s<\/a><\/div><\/div><\/div><\/div>\n<div class=\"col-md-4 col-sm-6 col-xs-12 pt-cv-content-item pt-cv-1-col\" ><div class='pt-cv-ifield'><a href=\"https:\/\/blogsaverroes.juntadeandalucia.es\/iessanalvaro\/2025\/12\/09\/convocatoria-becas\/\" class=\"_self pt-cv-href-thumbnail pt-cv-thumb-default\" target=\"_self\" ><\/a>\n<h4 class=\"pt-cv-title\"><a href=\"https:\/\/blogsaverroes.juntadeandalucia.es\/iessanalvaro\/2025\/12\/09\/convocatoria-becas\/\" class=\"_self\" target=\"_self\" >Convocatoria Becas 2025\/2026<\/a><\/h4>\n<div class=\"pt-cv-content\">Resoluci\u00f3n de 27 de noviembre de 2025, de la Direcci\u00f3n General de Participaci\u00f3n e Inclusi\u00f3n ...<br \/><div class=\"pt-cv-rmwrap\"><a href=\"https:\/\/blogsaverroes.juntadeandalucia.es\/iessanalvaro\/2025\/12\/09\/convocatoria-becas\/\" class=\"_self pt-cv-readmore btn btn-success\" target=\"_self\">Leer M\u00e1s<\/a><\/div><\/div><\/div><\/div>\n<div class=\"col-md-4 col-sm-6 col-xs-12 pt-cv-content-item pt-cv-1-col\" ><div class='pt-cv-ifield'><a href=\"https:\/\/blogsaverroes.juntadeandalucia.es\/iessanalvaro\/2025\/09\/09\/inicio-de-curso-2025-26\/\" class=\"_self pt-cv-href-thumbnail pt-cv-thumb-default\" target=\"_self\" ><\/a>\n<h4 class=\"pt-cv-title\"><a href=\"https:\/\/blogsaverroes.juntadeandalucia.es\/iessanalvaro\/2025\/09\/09\/inicio-de-curso-2025-26\/\" class=\"_self\" target=\"_self\" >INICIO DE CURSO 2025-26<\/a><\/h4>\n<div class=\"pt-cv-content\">Se adjunta archivo con informaci\u00f3n de inicio de curso. CALENDARIO INICIO CURSO ...<br \/><div class=\"pt-cv-rmwrap\"><a href=\"https:\/\/blogsaverroes.juntadeandalucia.es\/iessanalvaro\/2025\/09\/09\/inicio-de-curso-2025-26\/\" class=\"_self pt-cv-readmore btn btn-success\" target=\"_self\">Leer M\u00e1s<\/a><\/div><\/div><\/div><\/div>\n<div class=\"col-md-4 col-sm-6 col-xs-12 pt-cv-content-item pt-cv-1-col\" ><div class='pt-cv-ifield'><a href=\"https:\/\/blogsaverroes.juntadeandalucia.es\/iessanalvaro\/2025\/07\/15\/material-escolar-para-primero-de-eso-en-cursp-2025-26\/\" class=\"_self pt-cv-href-thumbnail pt-cv-thumb-default\" target=\"_self\" ><\/a>\n<h4 class=\"pt-cv-title\"><a href=\"https:\/\/blogsaverroes.juntadeandalucia.es\/iessanalvaro\/2025\/07\/15\/material-escolar-para-primero-de-eso-en-cursp-2025-26\/\" class=\"_self\" target=\"_self\" >MATERIAL ESCOLAR PARA PRIMERO DE ESO EN CURSO 2025-26<\/a><\/h4>\n<div class=\"pt-cv-content\">MATERIAL ESCOLAR RECOMENDADO 1\u00ba ESO - 1 estuche - 2 l\u00e1pices - 1 sacapuntas - ...<br \/><div class=\"pt-cv-rmwrap\"><a href=\"https:\/\/blogsaverroes.juntadeandalucia.es\/iessanalvaro\/2025\/07\/15\/material-escolar-para-primero-de-eso-en-cursp-2025-26\/\" class=\"_self pt-cv-readmore btn btn-success\" target=\"_self\">Leer M\u00e1s<\/a><\/div><\/div><\/div><\/div>\n<div class=\"col-md-4 col-sm-6 col-xs-12 pt-cv-content-item pt-cv-1-col\" ><div class='pt-cv-ifield'><a href=\"https:\/\/blogsaverroes.juntadeandalucia.es\/iessanalvaro\/2025\/06\/19\/informaciones-a-alumnado-solicitantes-de-admision-en-ciclos-formativos\/\" class=\"_self pt-cv-href-thumbnail pt-cv-thumb-default\" target=\"_self\" ><\/a>\n<h4 class=\"pt-cv-title\"><a href=\"https:\/\/blogsaverroes.juntadeandalucia.es\/iessanalvaro\/2025\/06\/19\/informaciones-a-alumnado-solicitantes-de-admision-en-ciclos-formativos\/\" class=\"_self\" target=\"_self\" >INFORMACIONES A ALUMNADO SOLICITANTE DE ADMISI\u00d3N EN CICLOS FORMATIVOS CURSO 2025\/26<\/a><\/h4>\n<div class=\"pt-cv-content\">Se adjuntan archivos con la informaci\u00f3n correspondiente para el proceso de elecci\u00f3n de turnos y ...<br \/><div class=\"pt-cv-rmwrap\"><a href=\"https:\/\/blogsaverroes.juntadeandalucia.es\/iessanalvaro\/2025\/06\/19\/informaciones-a-alumnado-solicitantes-de-admision-en-ciclos-formativos\/\" class=\"_self pt-cv-readmore btn btn-success\" target=\"_self\">Leer M\u00e1s<\/a><\/div><\/div><\/div><\/div><\/div><\/div><\/div>\n","protected":false},"excerpt":{"rendered":"","protected":false},"author":18399,"featured_media":0,"parent":0,"menu_order":0,"comment_status":"closed","ping_status":"closed","template":"","meta":{"ngg_post_thumbnail":0,"footnotes":""},"aioseo_notices":[],"_links":{"self":[{"href":"https:\/\/blogsaverroes.juntadeandalucia.es\/iessanalvaro\/wp-json\/wp\/v2\/pages\/301"}],"collection":[{"href":"https:\/\/blogsaverroes.juntadeandalucia.es\/iessanalvaro\/wp-json\/wp\/v2\/pages"}],"about":[{"href":"https:\/\/blogsaverroes.juntadeandalucia.es\/iessanalvaro\/wp-json\/wp\/v2\/types\/page"}],"author":[{"embeddable":true,"href":"https:\/\/blogsaverroes.juntadeandalucia.es\/iessanalvaro\/wp-json\/wp\/v2\/users\/18399"}],"replies":[{"embeddable":true,"href":"https:\/\/blogsaverroes.juntadeandalucia.es\/iessanalvaro\/wp-json\/wp\/v2\/comments?post=301"}],"version-history":[{"count":0,"href":"https:\/\/blogsaverroes.juntadeandalucia.es\/iessanalvaro\/wp-json\/wp\/v2\/pages\/301\/revisions"}],"wp:attachment":[{"href":"https:\/\/blogsaverroes.juntadeandalucia.es\/iessanalvaro\/wp-json\/wp\/v2\/media?parent=301"}],"curies":[{"name":"wp","href":"https:\/\/api.w.org\/{rel}","templated":true}]}}