{"id":3082,"date":"2021-04-27T09:40:34","date_gmt":"2021-04-27T09:40:34","guid":{"rendered":"http:\/\/iessanalvaro.es\/?page_id=3082"},"modified":"2021-04-27T09:40:34","modified_gmt":"2021-04-27T09:40:34","slug":"atencion-al-publico","status":"publish","type":"page","link":"https:\/\/blogsaverroes.juntadeandalucia.es\/iessanalvaro\/atencion-al-publico\/","title":{"rendered":"Atenci\u00f3n al p\u00fablico"},"content":{"rendered":"<h4><strong>El horario de la secretar\u00eda ser\u00e1 de lunes a viernes de 09:30h a 13:00h, con cita previa a trav\u00e9s del tel\u00e9fono 957 734 967.<\/strong><\/h4>\n<p>&nbsp;<\/p>\n","protected":false},"excerpt":{"rendered":"<p>El horario de la secretar\u00eda ser\u00e1 de lunes a viernes de 09:30h a 13:00h, con cita previa a trav\u00e9s del tel\u00e9fono 957 734 967. &nbsp;<\/p>\n","protected":false},"author":18399,"featured_media":0,"parent":0,"menu_order":0,"comment_status":"closed","ping_status":"closed","template":"","meta":{"ngg_post_thumbnail":0,"footnotes":""},"aioseo_notices":[],"_links":{"self":[{"href":"https:\/\/blogsaverroes.juntadeandalucia.es\/iessanalvaro\/wp-json\/wp\/v2\/pages\/3082"}],"collection":[{"href":"https:\/\/blogsaverroes.juntadeandalucia.es\/iessanalvaro\/wp-json\/wp\/v2\/pages"}],"about":[{"href":"https:\/\/blogsaverroes.juntadeandalucia.es\/iessanalvaro\/wp-json\/wp\/v2\/types\/page"}],"author":[{"embeddable":true,"href":"https:\/\/blogsaverroes.juntadeandalucia.es\/iessanalvaro\/wp-json\/wp\/v2\/users\/18399"}],"replies":[{"embeddable":true,"href":"https:\/\/blogsaverroes.juntadeandalucia.es\/iessanalvaro\/wp-json\/wp\/v2\/comments?post=3082"}],"version-history":[{"count":0,"href":"https:\/\/blogsaverroes.juntadeandalucia.es\/iessanalvaro\/wp-json\/wp\/v2\/pages\/3082\/revisions"}],"wp:attachment":[{"href":"https:\/\/blogsaverroes.juntadeandalucia.es\/iessanalvaro\/wp-json\/wp\/v2\/media?parent=3082"}],"curies":[{"name":"wp","href":"https:\/\/api.w.org\/{rel}","templated":true}]}}