{"id":4742,"date":"2025-10-28T16:22:07","date_gmt":"2025-10-28T16:22:07","guid":{"rendered":"https:\/\/blogsaverroes.juntadeandalucia.es\/iessanalvaro\/?page_id=4742"},"modified":"2025-10-28T16:24:48","modified_gmt":"2025-10-28T16:24:48","slug":"inicio-3","status":"publish","type":"page","link":"https:\/\/blogsaverroes.juntadeandalucia.es\/iessanalvaro\/inicio-3\/","title":{"rendered":"Inicio"},"content":{"rendered":"<div class=\"pt-cv-wrapper\"><div class=\"pt-cv-view pt-cv-grid pt-cv-colsys\" id=\"pt-cv-view-4efd38bw9f\"><div data-id=\"pt-cv-page-1\" class=\"pt-cv-page\" data-cvc=\"3\"><div class=\"col-md-4 col-sm-6 col-xs-12 pt-cv-content-item pt-cv-1-col\" ><div class='pt-cv-ifield'><a href=\"https:\/\/blogsaverroes.juntadeandalucia.es\/iessanalvaro\/2026\/04\/20\/ii-feria-de-orientacion-orientasur-24-abril-2026\/\" class=\"_self pt-cv-href-thumbnail pt-cv-thumb-default\" target=\"_self\" ><\/a>\n<h4 class=\"pt-cv-title\"><a href=\"https:\/\/blogsaverroes.juntadeandalucia.es\/iessanalvaro\/2026\/04\/20\/ii-feria-de-orientacion-orientasur-24-abril-2026\/\" class=\"_self\" target=\"_self\" >II FERIA DE ORIENTACI\u00d3N-ORIENTASUR 24 abril 2026<\/a><\/h4>\n<div class=\"pt-cv-content\">II FERIA DE ORIENTACI\u00d3N-ORIENTASUR 24 abril 2026 NOTA DE PRENSA ORIENTASUR celebra una nueva edici\u00f3n ...<br \/><div class=\"pt-cv-rmwrap\"><a href=\"https:\/\/blogsaverroes.juntadeandalucia.es\/iessanalvaro\/2026\/04\/20\/ii-feria-de-orientacion-orientasur-24-abril-2026\/\" class=\"_self pt-cv-readmore btn btn-success\" target=\"_self\">Leer M\u00e1s<\/a><\/div><\/div><\/div><\/div>\n<div class=\"col-md-4 col-sm-6 col-xs-12 pt-cv-content-item pt-cv-1-col\" ><div class='pt-cv-ifield'><a href=\"https:\/\/blogsaverroes.juntadeandalucia.es\/iessanalvaro\/2026\/04\/16\/el-ultimo-timbre-musical-15-mayo-2026\/\" class=\"_self pt-cv-href-thumbnail pt-cv-thumb-default\" target=\"_self\" ><\/a>\n<h4 class=\"pt-cv-title\"><a href=\"https:\/\/blogsaverroes.juntadeandalucia.es\/iessanalvaro\/2026\/04\/16\/el-ultimo-timbre-musical-15-mayo-2026\/\" class=\"_self\" target=\"_self\" >EL \u00daLTIMO TIMBRE, MUSICAL 15 mayo 2026<\/a><\/h4>\n<div class=\"pt-cv-content\">EL \u00daLTIMO TIMBRE, MUSICAL 15 mayo 2026 El IES San \u00c1lvaro volver\u00e1 un a\u00f1o m\u00e1s ...<br \/><div class=\"pt-cv-rmwrap\"><a href=\"https:\/\/blogsaverroes.juntadeandalucia.es\/iessanalvaro\/2026\/04\/16\/el-ultimo-timbre-musical-15-mayo-2026\/\" class=\"_self pt-cv-readmore btn btn-success\" target=\"_self\">Leer M\u00e1s<\/a><\/div><\/div><\/div><\/div>\n<div class=\"col-md-4 col-sm-6 col-xs-12 pt-cv-content-item pt-cv-1-col\" ><div class='pt-cv-ifield'><a href=\"https:\/\/blogsaverroes.juntadeandalucia.es\/iessanalvaro\/2026\/04\/08\/pruebas-libres-fp-de-farmacia-y-parafarmacia\/\" class=\"_self pt-cv-href-thumbnail pt-cv-thumb-default\" target=\"_self\" ><\/a>\n<h4 class=\"pt-cv-title\"><a href=\"https:\/\/blogsaverroes.juntadeandalucia.es\/iessanalvaro\/2026\/04\/08\/pruebas-libres-fp-de-farmacia-y-parafarmacia\/\" class=\"_self\" target=\"_self\" >PRUEBAS LIBRES FP DEL CFGM DE  FARMACIA Y PARAFARMACIA<\/a><\/h4>\n<div class=\"pt-cv-content\">Con fecha de 8 de abril de 2026 se ha publicado la convocatoria de las ...<br \/><div class=\"pt-cv-rmwrap\"><a href=\"https:\/\/blogsaverroes.juntadeandalucia.es\/iessanalvaro\/2026\/04\/08\/pruebas-libres-fp-de-farmacia-y-parafarmacia\/\" class=\"_self pt-cv-readmore btn btn-success\" target=\"_self\">Leer M\u00e1s<\/a><\/div><\/div><\/div><\/div>\n<div class=\"col-md-4 col-sm-6 col-xs-12 pt-cv-content-item pt-cv-1-col\" ><div class='pt-cv-ifield'><a href=\"https:\/\/blogsaverroes.juntadeandalucia.es\/iessanalvaro\/2026\/03\/17\/comision-seleccion-directores\/\" class=\"_self pt-cv-href-thumbnail pt-cv-thumb-default\" target=\"_self\" ><\/a>\n<h4 class=\"pt-cv-title\"><a href=\"https:\/\/blogsaverroes.juntadeandalucia.es\/iessanalvaro\/2026\/03\/17\/comision-seleccion-directores\/\" class=\"_self\" target=\"_self\" >COMISI\u00d3N SELECCI\u00d3N DIRECTORES<\/a><\/h4>\n<div class=\"pt-cv-content\">Se hace p\u00fablica la composici\u00f3n de la Comisi\u00f3n de Selecci\u00f3n de Directores y Directoras de ...<br \/><div class=\"pt-cv-rmwrap\"><a href=\"https:\/\/blogsaverroes.juntadeandalucia.es\/iessanalvaro\/2026\/03\/17\/comision-seleccion-directores\/\" class=\"_self pt-cv-readmore btn btn-success\" target=\"_self\">Leer M\u00e1s<\/a><\/div><\/div><\/div><\/div>\n<div class=\"col-md-4 col-sm-6 col-xs-12 pt-cv-content-item pt-cv-1-col\" ><div class='pt-cv-ifield'><a href=\"https:\/\/blogsaverroes.juntadeandalucia.es\/iessanalvaro\/2025\/12\/09\/convocatoria-becas\/\" class=\"_self pt-cv-href-thumbnail pt-cv-thumb-default\" target=\"_self\" ><\/a>\n<h4 class=\"pt-cv-title\"><a href=\"https:\/\/blogsaverroes.juntadeandalucia.es\/iessanalvaro\/2025\/12\/09\/convocatoria-becas\/\" class=\"_self\" target=\"_self\" >Convocatoria Becas 2025\/2026<\/a><\/h4>\n<div class=\"pt-cv-content\">Resoluci\u00f3n de 27 de noviembre de 2025, de la Direcci\u00f3n General de Participaci\u00f3n e Inclusi\u00f3n ...<br \/><div class=\"pt-cv-rmwrap\"><a href=\"https:\/\/blogsaverroes.juntadeandalucia.es\/iessanalvaro\/2025\/12\/09\/convocatoria-becas\/\" class=\"_self pt-cv-readmore btn btn-success\" target=\"_self\">Leer M\u00e1s<\/a><\/div><\/div><\/div><\/div>\n<div class=\"col-md-4 col-sm-6 col-xs-12 pt-cv-content-item pt-cv-1-col\" ><div class='pt-cv-ifield'><a href=\"https:\/\/blogsaverroes.juntadeandalucia.es\/iessanalvaro\/2025\/09\/09\/inicio-de-curso-2025-26\/\" class=\"_self pt-cv-href-thumbnail pt-cv-thumb-default\" target=\"_self\" ><\/a>\n<h4 class=\"pt-cv-title\"><a href=\"https:\/\/blogsaverroes.juntadeandalucia.es\/iessanalvaro\/2025\/09\/09\/inicio-de-curso-2025-26\/\" class=\"_self\" target=\"_self\" >INICIO DE CURSO 2025-26<\/a><\/h4>\n<div class=\"pt-cv-content\">Se adjunta archivo con informaci\u00f3n de inicio de curso. CALENDARIO INICIO CURSO ...<br \/><div class=\"pt-cv-rmwrap\"><a href=\"https:\/\/blogsaverroes.juntadeandalucia.es\/iessanalvaro\/2025\/09\/09\/inicio-de-curso-2025-26\/\" class=\"_self pt-cv-readmore btn btn-success\" target=\"_self\">Leer M\u00e1s<\/a><\/div><\/div><\/div><\/div><\/div><\/div><\/div>\n","protected":false},"excerpt":{"rendered":"","protected":false},"author":19881,"featured_media":0,"parent":0,"menu_order":0,"comment_status":"closed","ping_status":"closed","template":"","meta":{"ngg_post_thumbnail":0,"footnotes":""},"aioseo_notices":[],"_links":{"self":[{"href":"https:\/\/blogsaverroes.juntadeandalucia.es\/iessanalvaro\/wp-json\/wp\/v2\/pages\/4742"}],"collection":[{"href":"https:\/\/blogsaverroes.juntadeandalucia.es\/iessanalvaro\/wp-json\/wp\/v2\/pages"}],"about":[{"href":"https:\/\/blogsaverroes.juntadeandalucia.es\/iessanalvaro\/wp-json\/wp\/v2\/types\/page"}],"author":[{"embeddable":true,"href":"https:\/\/blogsaverroes.juntadeandalucia.es\/iessanalvaro\/wp-json\/wp\/v2\/users\/19881"}],"replies":[{"embeddable":true,"href":"https:\/\/blogsaverroes.juntadeandalucia.es\/iessanalvaro\/wp-json\/wp\/v2\/comments?post=4742"}],"version-history":[{"count":2,"href":"https:\/\/blogsaverroes.juntadeandalucia.es\/iessanalvaro\/wp-json\/wp\/v2\/pages\/4742\/revisions"}],"predecessor-version":[{"id":4744,"href":"https:\/\/blogsaverroes.juntadeandalucia.es\/iessanalvaro\/wp-json\/wp\/v2\/pages\/4742\/revisions\/4744"}],"wp:attachment":[{"href":"https:\/\/blogsaverroes.juntadeandalucia.es\/iessanalvaro\/wp-json\/wp\/v2\/media?parent=4742"}],"curies":[{"name":"wp","href":"https:\/\/api.w.org\/{rel}","templated":true}]}}