{"id":845,"date":"2023-10-18T08:40:01","date_gmt":"2023-10-18T06:40:01","guid":{"rendered":"https:\/\/blogsaverroes.juntadeandalucia.es\/pre\/plantilla-pencil\/?page_id=845"},"modified":"2024-10-21T17:58:46","modified_gmt":"2024-10-21T15:58:46","slug":"prevencion_violencia","status":"publish","type":"page","link":"https:\/\/blogsaverroes.juntadeandalucia.es\/iessanblas\/prevencion_violencia\/","title":{"rendered":"Prevenci\u00f3n de la violencia de g\u00e9nero"},"content":{"rendered":"<table style=\"width: 100%;height: 276px\" border=\"0\">\n<tbody>\n<tr style=\"height: 129px\">\n<td style=\"text-align: left;height: 129px\">\n<p style=\"text-align: justify\"><span style=\"font-size: 12pt\">&nbsp;&nbsp; Un curso m\u00e1s, el I.E.S. San Blas presenta sus l\u00edneas de trabajo y actuaci\u00f3n para el desarrollo de medidas concretas destinadas a la prevenci\u00f3n de la violencia de g\u00e9nero en nuestro centro educativo.<\/span><\/p>\n<p style=\"text-align: center\"><span style=\"font-size: 14pt;color: #008080\"><strong>&nbsp;<\/strong> <a title=\"Proyecto 2024 2025\" href=\"https:\/\/blogsaverroes.juntadeandalucia.es\/iessanblas\/files\/2024\/10\/PREVENCION-VIOLENCIA-DE-GENERO-24_25.pdf\" target=\"_blank\" rel=\"noopener\">Puedes descargar el proyecto del curso 2024\/2025, con&nbsp; las actuaciones previstas, pulsando en este enlace.<\/a><\/span><\/p>\n<\/td>\n<td style=\"text-align: justify;height: 129px\">&nbsp;&nbsp;&nbsp;&nbsp;&nbsp;<\/td>\n<td style=\"height: 129px\"><a title=\"Pacto de estado\" href=\"https:\/\/violenciagenero.igualdad.gob.es\/pacto-de-estado-contra-la-violencia-de-genero\/\" target=\"_blank\" rel=\"noopener\"><img loading=\"lazy\" decoding=\"async\" class=\"aligncenter wp-image-1548\" src=\"https:\/\/blogsaverroes.juntadeandalucia.es\/iessanblas\/files\/2023\/10\/2020_logo_Prevencion_violencia_genero.jpg\" alt=\"Pacto de Estado\" width=\"376\" height=\"299\"><\/a><\/td>\n<\/tr>\n<tr style=\"height: 147px\">\n<td style=\"text-align: center;height: 147px\"><a title=\"Ministerio de Igualdad\" href=\"https:\/\/www.igualdad.gob.es\/\" target=\"_blank\" rel=\"noopener\"><img loading=\"lazy\" decoding=\"async\" class=\"aligncenter size-medium wp-image-1557\" src=\"https:\/\/blogsaverroes.juntadeandalucia.es\/iessanblas\/files\/2023\/10\/Logotipo_del_Ministerio_de_Igualdad.svg_-300x95.png\" alt=\"Ministerio de Igualdad\" width=\"300\" height=\"95\"><\/a><\/td>\n<td style=\"text-align: justify;height: 147px\">&nbsp;<\/td>\n<td style=\"height: 147px\"><a title=\"Consejer\u00eda de Inclusi\u00f3n social\" href=\"https:\/\/www.juntadeandalucia.es\/organismos\/inclusionsocialjuventudfamiliaseigualdad.html\" target=\"_blank\" rel=\"noopener\"><img loading=\"lazy\" decoding=\"async\" class=\" wp-image-1554\" src=\"https:\/\/blogsaverroes.juntadeandalucia.es\/iessanblas\/files\/2023\/10\/Logo_de_la_Consejer\u00eda_de_Inclusi\u00f3n_Social_Juventud_Familias_e_Igualdad_de_la_Junta_de_Andaluc\u00eda-300x226.jpg\" alt=\"Consejer\u00eda de Inclusi\u00f3n Social\" width=\"451\" height=\"339\" srcset=\"https:\/\/blogsaverroes.juntadeandalucia.es\/iessanblas\/files\/2023\/10\/Logo_de_la_Consejer\u00eda_de_Inclusi\u00f3n_Social_Juventud_Familias_e_Igualdad_de_la_Junta_de_Andaluc\u00eda-300x226.jpg 300w, https:\/\/blogsaverroes.juntadeandalucia.es\/iessanblas\/files\/2023\/10\/Logo_de_la_Consejer\u00eda_de_Inclusi\u00f3n_Social_Juventud_Familias_e_Igualdad_de_la_Junta_de_Andaluc\u00eda-1024x771.jpg 1024w, https:\/\/blogsaverroes.juntadeandalucia.es\/iessanblas\/files\/2023\/10\/Logo_de_la_Consejer\u00eda_de_Inclusi\u00f3n_Social_Juventud_Familias_e_Igualdad_de_la_Junta_de_Andaluc\u00eda-768x579.jpg 768w, https:\/\/blogsaverroes.juntadeandalucia.es\/iessanblas\/files\/2023\/10\/Logo_de_la_Consejer\u00eda_de_Inclusi\u00f3n_Social_Juventud_Familias_e_Igualdad_de_la_Junta_de_Andaluc\u00eda-510x382.jpg 510w, https:\/\/blogsaverroes.juntadeandalucia.es\/iessanblas\/files\/2023\/10\/Logo_de_la_Consejer\u00eda_de_Inclusi\u00f3n_Social_Juventud_Familias_e_Igualdad_de_la_Junta_de_Andaluc\u00eda-1080x814.jpg 1080w, https:\/\/blogsaverroes.juntadeandalucia.es\/iessanblas\/files\/2023\/10\/Logo_de_la_Consejer\u00eda_de_Inclusi\u00f3n_Social_Juventud_Familias_e_Igualdad_de_la_Junta_de_Andaluc\u00eda-980x738.jpg 980w, https:\/\/blogsaverroes.juntadeandalucia.es\/iessanblas\/files\/2023\/10\/Logo_de_la_Consejer\u00eda_de_Inclusi\u00f3n_Social_Juventud_Familias_e_Igualdad_de_la_Junta_de_Andaluc\u00eda-480x362.jpg 480w, https:\/\/blogsaverroes.juntadeandalucia.es\/iessanblas\/files\/2023\/10\/Logo_de_la_Consejer\u00eda_de_Inclusi\u00f3n_Social_Juventud_Familias_e_Igualdad_de_la_Junta_de_Andaluc\u00eda.jpg 1192w\" sizes=\"(max-width: 451px) 100vw, 451px\" \/><\/a><\/td>\n<\/tr>\n<\/tbody>\n<\/table>\n<div class=\"mceTemp\">&nbsp;<\/div>\n","protected":false},"excerpt":{"rendered":"<p>&nbsp;&nbsp; Un curso m\u00e1s, el I.E.S. San Blas presenta sus l\u00edneas de trabajo y actuaci\u00f3n para el desarrollo de medidas concretas destinadas a la prevenci\u00f3n de la violencia de g\u00e9nero en nuestro centro educativo. &nbsp; Puedes descargar el proyecto del curso 2024\/2025, con&nbsp; las actuaciones previstas, pulsando en este enlace. &nbsp;&nbsp;&nbsp;&nbsp;&nbsp; &nbsp; &nbsp;<\/p>\n","protected":false},"author":18154,"featured_media":0,"parent":0,"menu_order":0,"comment_status":"closed","ping_status":"closed","template":"","meta":{"_et_pb_use_builder":"off","_et_pb_old_content":"","_et_gb_content_width":"","ngg_post_thumbnail":0,"footnotes":"","_mc_calendar":[]},"aioseo_notices":[],"_links":{"self":[{"href":"https:\/\/blogsaverroes.juntadeandalucia.es\/iessanblas\/wp-json\/wp\/v2\/pages\/845"}],"collection":[{"href":"https:\/\/blogsaverroes.juntadeandalucia.es\/iessanblas\/wp-json\/wp\/v2\/pages"}],"about":[{"href":"https:\/\/blogsaverroes.juntadeandalucia.es\/iessanblas\/wp-json\/wp\/v2\/types\/page"}],"author":[{"embeddable":true,"href":"https:\/\/blogsaverroes.juntadeandalucia.es\/iessanblas\/wp-json\/wp\/v2\/users\/18154"}],"replies":[{"embeddable":true,"href":"https:\/\/blogsaverroes.juntadeandalucia.es\/iessanblas\/wp-json\/wp\/v2\/comments?post=845"}],"version-history":[{"count":13,"href":"https:\/\/blogsaverroes.juntadeandalucia.es\/iessanblas\/wp-json\/wp\/v2\/pages\/845\/revisions"}],"predecessor-version":[{"id":3437,"href":"https:\/\/blogsaverroes.juntadeandalucia.es\/iessanblas\/wp-json\/wp\/v2\/pages\/845\/revisions\/3437"}],"wp:attachment":[{"href":"https:\/\/blogsaverroes.juntadeandalucia.es\/iessanblas\/wp-json\/wp\/v2\/media?parent=845"}],"curies":[{"name":"wp","href":"https:\/\/api.w.org\/{rel}","templated":true}]}}