{"id":2575,"date":"2020-10-26T08:50:32","date_gmt":"2020-10-26T07:50:32","guid":{"rendered":"https:\/\/blogsaverroes.juntadeandalucia.es\/iessanisidro\/?page_id=2575"},"modified":"2025-11-20T13:33:59","modified_gmt":"2025-11-20T12:33:59","slug":"lenguas-extranjeras","status":"publish","type":"page","link":"https:\/\/blogsaverroes.juntadeandalucia.es\/iessanisidro\/lenguas-extranjeras\/","title":{"rendered":"LENGUAS EXTRANJERAS"},"content":{"rendered":"<p>Esta es la p\u00e1gina del Departamento de<strong> LENGUAS EXTRANJERAS<\/strong>&nbsp;del IES SAN ISIDRO<\/p>\n<p><strong>Jefe\/a de Departamento:<\/strong> Mar\u00eda del Mar Granados Jim\u00e9nez<\/p>\n<p><strong>E-mail:&nbsp;<a href=\"mgrajim371@g.educaand.es\">mgrajim371@g.educaand.es<\/a><\/strong><\/p>\n<p>CRITERIOS DE EVALUCI\u00d3N Y CALIFICACI\u00d3N<\/p>\n<p>&nbsp;<\/p>\n<p>PROGRAMACIONES<\/p>\n<p><a href=\"https:\/\/blogsaverroes.juntadeandalucia.es\/iessanisidro\/lenguas-extranjeras\/propuesta_pedagogica___programaciones_didacticas-9\/\" rel=\"attachment wp-att-4563\">Programaciones_didacticas (9)<\/a><\/p>\n<p><a href=\"https:\/\/blogsaverroes.juntadeandalucia.es\/iessanisidro\/lenguas-extranjeras\/propuesta_pedagogica___programaciones_didacticas-8\/\" rel=\"attachment wp-att-4562\">Programaciones_didacticas (8)<\/a><\/p>\n<p><a href=\"https:\/\/blogsaverroes.juntadeandalucia.es\/iessanisidro\/lenguas-extranjeras\/propuesta_pedagogica___programaciones_didacticas-6\/\" rel=\"attachment wp-att-4560\">Programaciones_didacticas (6)<\/a><\/p>\n<p><a href=\"https:\/\/blogsaverroes.juntadeandalucia.es\/iessanisidro\/lenguas-extranjeras\/propuesta_pedagogica___programaciones_didacticas-7\/\" rel=\"attachment wp-att-4561\">Programaciones_didacticas (7)<\/a><\/p>\n<p><a href=\"https:\/\/blogsaverroes.juntadeandalucia.es\/iessanisidro\/lenguas-extranjeras\/propuesta_pedagogica___programaciones_didacticas-5\/\" rel=\"attachment wp-att-4559\">Programaciones_didacticas (5)<\/a><\/p>\n<p><a href=\"https:\/\/blogsaverroes.juntadeandalucia.es\/iessanisidro\/lenguas-extranjeras\/propuesta_pedagogica___programaciones_didacticas-4\/\" rel=\"attachment wp-att-4558\">Programaciones_didacticas (4)<\/a><\/p>\n<p><a href=\"https:\/\/blogsaverroes.juntadeandalucia.es\/iessanisidro\/lenguas-extranjeras\/propuesta_pedagogica___programaciones_didacticas-3\/\" rel=\"attachment wp-att-4557\">Programaciones_didacticas (3)<\/a><\/p>\n<p><a href=\"https:\/\/blogsaverroes.juntadeandalucia.es\/iessanisidro\/lenguas-extranjeras\/propuesta_pedagogica___programaciones_didacticas-10\/\" rel=\"attachment wp-att-4566\">Propuesta_pedagogica___<\/a><\/p>\n<p><a href=\"https:\/\/blogsaverroes.juntadeandalucia.es\/iessanisidro\/lenguas-extranjeras\/propuesta_pedagogica___programaciones_didacticas-10\/\" rel=\"attachment wp-att-4566\">Programaciones_didacticas<\/a><\/p>\n<p><a href=\"https:\/\/blogsaverroes.juntadeandalucia.es\/iessanisidro\/lenguas-extranjeras\/propuesta_pedagogica___programaciones_didacticas-2\/\" rel=\"attachment wp-att-4556\">Programaciones_didacticas (2)<\/a><\/p>\n<p><a href=\"https:\/\/blogsaverroes.juntadeandalucia.es\/iessanisidro\/lenguas-extranjeras\/propuesta_pedagogica___programaciones_didacticas-1\/\" rel=\"attachment wp-att-4555\">Programaciones_didacticas (1)<\/a><\/p>\n<p>&nbsp;<\/p>\n","protected":false},"excerpt":{"rendered":"<p>Esta es la p\u00e1gina del Departamento de LENGUAS EXTRANJERAS&nbsp;del IES SAN ISIDRO Jefe\/a de Departamento: Mar\u00eda del Mar Granados Jim\u00e9nez E-mail:&nbsp;mgrajim371@g.educaand.es CRITERIOS DE EVALUCI\u00d3N Y CALIFICACI\u00d3N &nbsp; PROGRAMACIONES Programaciones_didacticas (9) Programaciones_didacticas (8) Programaciones_didacticas (6)&#46;&#46;&#46;<\/p>\n","protected":false},"author":10042,"featured_media":0,"parent":0,"menu_order":0,"comment_status":"closed","ping_status":"closed","template":"","meta":{"ngg_post_thumbnail":0,"footnotes":"","_mc_calendar":[]},"aioseo_notices":[],"_links":{"self":[{"href":"https:\/\/blogsaverroes.juntadeandalucia.es\/iessanisidro\/wp-json\/wp\/v2\/pages\/2575"}],"collection":[{"href":"https:\/\/blogsaverroes.juntadeandalucia.es\/iessanisidro\/wp-json\/wp\/v2\/pages"}],"about":[{"href":"https:\/\/blogsaverroes.juntadeandalucia.es\/iessanisidro\/wp-json\/wp\/v2\/types\/page"}],"author":[{"embeddable":true,"href":"https:\/\/blogsaverroes.juntadeandalucia.es\/iessanisidro\/wp-json\/wp\/v2\/users\/10042"}],"replies":[{"embeddable":true,"href":"https:\/\/blogsaverroes.juntadeandalucia.es\/iessanisidro\/wp-json\/wp\/v2\/comments?post=2575"}],"version-history":[{"count":21,"href":"https:\/\/blogsaverroes.juntadeandalucia.es\/iessanisidro\/wp-json\/wp\/v2\/pages\/2575\/revisions"}],"predecessor-version":[{"id":4819,"href":"https:\/\/blogsaverroes.juntadeandalucia.es\/iessanisidro\/wp-json\/wp\/v2\/pages\/2575\/revisions\/4819"}],"wp:attachment":[{"href":"https:\/\/blogsaverroes.juntadeandalucia.es\/iessanisidro\/wp-json\/wp\/v2\/media?parent=2575"}],"curies":[{"name":"wp","href":"https:\/\/api.w.org\/{rel}","templated":true}]}}

<p>Esta es la página del Departamento de<strong> LENGUAS EXTRANJERAS</strong>&nbsp;del IES SAN ISIDRO</p>
<p><strong>Jefe/a de Departamento:</strong> María del Mar Granados Jiménez</p>
<p><strong>E-mail:&nbsp;<a href="mgrajim371@g.educaand.es">mgrajim371@g.educaand.es</a></strong></p>
<p>CRITERIOS DE EVALUCIÓN Y CALIFICACIÓN</p>
<p>&nbsp;</p>
<p>PROGRAMACIONES</p>
<p><a href="https://blogsaverroes.juntadeandalucia.es/iessanisidro/lenguas-extranjeras/propuesta_pedagogica___programaciones_didacticas-9/" rel="attachment wp-att-4563">Programaciones_didacticas (9)</a></p>
<p><a href="https://blogsaverroes.juntadeandalucia.es/iessanisidro/lenguas-extranjeras/propuesta_pedagogica___programaciones_didacticas-8/" rel="attachment wp-att-4562">Programaciones_didacticas (8)</a></p>
<p><a href="https://blogsaverroes.juntadeandalucia.es/iessanisidro/lenguas-extranjeras/propuesta_pedagogica___programaciones_didacticas-6/" rel="attachment wp-att-4560">Programaciones_didacticas (6)</a></p>
<p><a href="https://blogsaverroes.juntadeandalucia.es/iessanisidro/lenguas-extranjeras/propuesta_pedagogica___programaciones_didacticas-7/" rel="attachment wp-att-4561">Programaciones_didacticas (7)</a></p>
<p><a href="https://blogsaverroes.juntadeandalucia.es/iessanisidro/lenguas-extranjeras/propuesta_pedagogica___programaciones_didacticas-5/" rel="attachment wp-att-4559">Programaciones_didacticas (5)</a></p>
<p><a href="https://blogsaverroes.juntadeandalucia.es/iessanisidro/lenguas-extranjeras/propuesta_pedagogica___programaciones_didacticas-4/" rel="attachment wp-att-4558">Programaciones_didacticas (4)</a></p>
<p><a href="https://blogsaverroes.juntadeandalucia.es/iessanisidro/lenguas-extranjeras/propuesta_pedagogica___programaciones_didacticas-3/" rel="attachment wp-att-4557">Programaciones_didacticas (3)</a></p>
<p><a href="https://blogsaverroes.juntadeandalucia.es/iessanisidro/lenguas-extranjeras/propuesta_pedagogica___programaciones_didacticas-10/" rel="attachment wp-att-4566">Propuesta_pedagogica___</a></p>
<p><a href="https://blogsaverroes.juntadeandalucia.es/iessanisidro/lenguas-extranjeras/propuesta_pedagogica___programaciones_didacticas-10/" rel="attachment wp-att-4566">Programaciones_didacticas</a></p>
<p><a href="https://blogsaverroes.juntadeandalucia.es/iessanisidro/lenguas-extranjeras/propuesta_pedagogica___programaciones_didacticas-2/" rel="attachment wp-att-4556">Programaciones_didacticas (2)</a></p>
<p><a href="https://blogsaverroes.juntadeandalucia.es/iessanisidro/lenguas-extranjeras/propuesta_pedagogica___programaciones_didacticas-1/" rel="attachment wp-att-4555">Programaciones_didacticas (1)</a></p>
<p>&nbsp;</p>

<p>Esta es la página del Departamento de LENGUAS EXTRANJERAS&nbsp;del IES SAN ISIDRO Jefe/a de Departamento: María del Mar Granados Jiménez E-mail:&nbsp;mgrajim371@g.educaand.es CRITERIOS DE EVALUCIÓN Y CALIFICACIÓN &nbsp; PROGRAMACIONES Programaciones_didacticas (9) Programaciones_didacticas (8) Programaciones_didacticas (6)&#46;&#46;&#46;</p>
