{"id":2079,"date":"2021-09-26T11:21:06","date_gmt":"2021-09-26T10:21:06","guid":{"rendered":"https:\/\/blogsaverroes.juntadeandalucia.es\/iessanjeronimo\/?page_id=2079"},"modified":"2025-10-16T13:05:27","modified_gmt":"2025-10-16T12:05:27","slug":"consejo-escolar-2","status":"publish","type":"page","link":"https:\/\/blogsaverroes.juntadeandalucia.es\/iessanjeronimo\/consejo-escolar-2\/","title":{"rendered":"Consejo Escolar"},"content":{"rendered":"<p>[et_pb_section fb_built=&#8221;1&#8243; admin_label=&#8221;Our Services&#8221; _builder_version=&#8221;4.16&#8243; custom_margin=&#8221;||-149px|||&#8221; custom_padding=&#8221;100px|0px|100px|0px&#8221; saved_tabs=&#8221;all&#8221; global_colors_info=&#8221;{}&#8221;][et_pb_row admin_label=&#8221;Services&#8221; _builder_version=&#8221;4.16&#8243; width=&#8221;48%&#8221; max_width=&#8221;2372px&#8221; min_height=&#8221;510px&#8221; height=&#8221;213px&#8221; max_height=&#8221;248px&#8221; custom_margin=&#8221;-114px|auto|-1228px|auto||&#8221; custom_padding=&#8221;||0px|||&#8221; global_colors_info=&#8221;{}&#8221;][et_pb_column type=&#8221;4_4&#8243; _builder_version=&#8221;4.16&#8243; _module_preset=&#8221;default&#8221; transform_scale=&#8221;82%|82%&#8221; global_colors_info=&#8221;{}&#8221;][et_pb_blurb image=&#8221;https:\/\/blogsaverroes.juntadeandalucia.es\/iessanjeronimo\/files\/2021\/09\/CONSEJO-ESCOLAR-150&#215;150.png&#8221; content_max_width=&#8221;1081px&#8221; admin_label=&#8221;Service&#8221; _builder_version=&#8221;4.24.2&#8243; header_level=&#8221;h1&#8243; header_font=&#8221;Montserrat|600|||||||&#8221; header_text_align=&#8221;center&#8221; header_font_size=&#8221;20px&#8221; header_line_height=&#8221;1.7em&#8221; body_font=&#8221;Ubuntu||||||||&#8221; body_text_align=&#8221;center&#8221; body_text_color=&#8221;#ffffff&#8221; body_font_size=&#8221;16px&#8221; background_color=&#8221;#0c71c3&#8243; transform_scale=&#8221;99%|99%&#8221; background_layout=&#8221;dark&#8221; width=&#8221;100%&#8221; max_width=&#8221;100%&#8221; min_height=&#8221;1000px&#8221; height=&#8221;1000px&#8221; custom_margin=&#8221;|-200px|234px|||&#8221; custom_padding=&#8221;60px|30px|217px|40px||&#8221; animation_style=&#8221;slide&#8221; animation_direction=&#8221;bottom&#8221; animation_intensity_slide=&#8221;10%&#8221; animation=&#8221;off&#8221; hover_enabled=&#8221;0&#8243; border_radii=&#8221;on|5px|5px|5px|5px&#8221; border_radii_image=&#8221;off||||&#8221; box_shadow_style=&#8221;preset5&#8243; global_colors_info=&#8221;{}&#8221; sticky_enabled=&#8221;0&#8243;]<\/p>\n<p style=\"text-align: left\"><span style=\"font-size: large\"><strong>Sector Equipo Directivo<\/strong><\/span><\/p>\n<ul style=\"text-align: left\">\n<li style=\"text-align: left\">Presidente: D.\u00a0 <span>\u00c1vila\u00a0De\u00a0la\u00a0Vega,\u00a0V\u00edctor\u00a0Manuel\u00a0<\/span><\/li>\n<li style=\"text-align: left\">Jefa de Estudios: D\u00aa . <span>Cordero\u00a0Fern\u00e1ndez<\/span>,\u00a0 Mar\u00eda\u00a0Josefa<\/li>\n<li style=\"text-align: left\">Secretario: D. Solano Guti\u00e9rrez, Jos\u00e9 Luis<\/li>\n<\/ul>\n<p style=\"text-align: left\"><strong style=\"font-size: large\">Sector del Profesorado<\/strong><strong style=\"font-size: large\"><\/strong><\/p>\n<p style=\"text-align: left\"><span><\/span><\/p>\n<ul style=\"text-align: left\">\n<li style=\"text-align: left\"><span style=\"font-size: 16px\">D. Arteaga G\u00f3mez, Jorge\u00a0<\/span><\/li>\n<li style=\"text-align: left\"><span style=\"font-size: 16px\">D\u00aa. Chia Serrano, Patricia\u00a0<\/span><\/li>\n<li style=\"text-align: left\"><span style=\"font-size: 16px\">D\u00aa. <\/span>Murillo Dom\u00ednguez, Mar\u00eda \u00c1ngeles<\/li>\n<li style=\"text-align: left\"><span style=\"font-size: 16px\">D\u00aa. Curquejo Navas, Yolanda<\/span><\/li>\n<li style=\"text-align: left\"><span style=\"font-size: 16px\">D\u00aa. Fern\u00e1ndez Garc\u00eda, Rosa Mar\u00eda<\/span><\/li>\n<li style=\"text-align: left\"><span style=\"font-size: 16px\">D\u00aa. Querejeta Larra\u00f1aga, M\u00aa Victoria\u00a0<\/span><\/li>\n<li style=\"text-align: left\"><span style=\"font-size: 16px\">D. Rodr\u00edguez S\u00e1nchez, Antonio J.<\/span><\/li>\n<li style=\"text-align: left\"><span style=\"font-size: 16px\">D\u00aa. Romero D\u00edaz, Elena<\/span><span style=\"font-size: 16px\"><\/span><\/li>\n<\/ul>\n<p style=\"text-align: left\"><span style=\"font-size: large\"><strong>Sector de Padres y Madres<\/strong><\/span><\/p>\n<ul>\n<li style=\"text-align: left\">D\u00aa. Sotelo Mudarra, Carmen M\u00aa<\/li>\n<li style=\"text-align: left\"><span style=\"font-size: 16px\">D. Fern\u00e1ndez \u00c1lvarez, Jos\u00e9 Manuel\u00a0<\/span><\/li>\n<li style=\"text-align: left\">D. L\u00f3pez Gonz\u00e1lez, Carlos<\/li>\n<li style=\"text-align: left\"><span style=\"font-size: 16px\">D\u00aa. Mazo Ca\u00f1as, Laura Mar\u00eda\u00a0<\/span><\/li>\n<li style=\"text-align: left\"><span><span style=\"font-size: 16px\">D\u00aa. <\/span>P\u00e9rez Mar\u00edn, Mar\u00eda Ar\u00e1nzazu<\/span><\/li>\n<\/ul>\n<p style=\"text-align: left\"><strong style=\"font-size: large\">Sector del Alumnado<\/strong><span style=\"font-size: 16px;text-align: center\"><\/span><\/p>\n<ul style=\"text-align: left\">\n<li style=\"text-align: left\"><span style=\"font-size: 16px\">D\u00aa. Besada Luna, Noelia<\/span><\/li>\n<li style=\"text-align: left\"><span style=\"font-size: 16px\">D. Rodr\u00edguez Canca, Fco. Javier<\/span><\/li>\n<li style=\"text-align: left\"><span style=\"font-size: 16px\">D. Santos Atalao, Hugo<\/span><span style=\"font-size: 16px\"><\/span><\/li>\n<\/ul>\n<p style=\"text-align: left\"><strong style=\"font-size: large\"><\/strong><\/p>\n<p style=\"text-align: left\"><strong style=\"font-size: large\">Representante del Ayuntamiento<\/strong><br \/><span style=\"font-size: 16px\"><\/span><\/p>\n<p style=\"text-align: left\"><span style=\"font-size: large\"><\/span><\/p>\n<ul style=\"text-align: left\">\n<li style=\"text-align: left\"><span><span style=\"font-size: 16px\">D\u00aa. Gonz\u00e1lez Flores, M\u00aa Dolores<\/span><\/span><\/li>\n<\/ul>\n<p>[\/et_pb_blurb][\/et_pb_column][\/et_pb_row][\/et_pb_section]<\/p>\n","protected":false},"excerpt":{"rendered":"<p>Sector Equipo Directivo Presidente: D.\u00a0 \u00c1vila\u00a0De\u00a0la\u00a0Vega,\u00a0V\u00edctor\u00a0Manuel\u00a0 Jefa de Estudios: D\u00aa . Cordero\u00a0Fern\u00e1ndez,\u00a0 Mar\u00eda\u00a0Josefa Secretario: D. Solano Guti\u00e9rrez, Jos\u00e9 Luis Sector del Profesorado D. Arteaga G\u00f3mez, Jorge\u00a0 D\u00aa. Chia Serrano, Patricia\u00a0 D\u00aa. Murillo Dom\u00ednguez, Mar\u00eda \u00c1ngeles D\u00aa. Curquejo Navas, Yolanda D\u00aa. Fern\u00e1ndez Garc\u00eda, Rosa Mar\u00eda D\u00aa. Querejeta Larra\u00f1aga, M\u00aa Victoria\u00a0 D. Rodr\u00edguez S\u00e1nchez, Antonio J. D\u00aa. [&hellip;]<\/p>\n","protected":false},"author":13409,"featured_media":0,"parent":0,"menu_order":0,"comment_status":"closed","ping_status":"closed","template":"","meta":{"_et_pb_use_builder":"on","_et_pb_old_content":"","_et_gb_content_width":"","ngg_post_thumbnail":0,"footnotes":""},"aioseo_notices":[],"_links":{"self":[{"href":"https:\/\/blogsaverroes.juntadeandalucia.es\/iessanjeronimo\/wp-json\/wp\/v2\/pages\/2079"}],"collection":[{"href":"https:\/\/blogsaverroes.juntadeandalucia.es\/iessanjeronimo\/wp-json\/wp\/v2\/pages"}],"about":[{"href":"https:\/\/blogsaverroes.juntadeandalucia.es\/iessanjeronimo\/wp-json\/wp\/v2\/types\/page"}],"author":[{"embeddable":true,"href":"https:\/\/blogsaverroes.juntadeandalucia.es\/iessanjeronimo\/wp-json\/wp\/v2\/users\/13409"}],"replies":[{"embeddable":true,"href":"https:\/\/blogsaverroes.juntadeandalucia.es\/iessanjeronimo\/wp-json\/wp\/v2\/comments?post=2079"}],"version-history":[{"count":14,"href":"https:\/\/blogsaverroes.juntadeandalucia.es\/iessanjeronimo\/wp-json\/wp\/v2\/pages\/2079\/revisions"}],"predecessor-version":[{"id":4676,"href":"https:\/\/blogsaverroes.juntadeandalucia.es\/iessanjeronimo\/wp-json\/wp\/v2\/pages\/2079\/revisions\/4676"}],"wp:attachment":[{"href":"https:\/\/blogsaverroes.juntadeandalucia.es\/iessanjeronimo\/wp-json\/wp\/v2\/media?parent=2079"}],"curies":[{"name":"wp","href":"https:\/\/api.w.org\/{rel}","templated":true}]}}