{"id":2410,"date":"2021-10-03T18:33:29","date_gmt":"2021-10-03T17:33:29","guid":{"rendered":"https:\/\/blogsaverroes.juntadeandalucia.es\/iessanjeronimo\/?page_id=2410"},"modified":"2024-10-29T20:21:30","modified_gmt":"2024-10-29T19:21:30","slug":"documentacion-de-interes","status":"publish","type":"page","link":"https:\/\/blogsaverroes.juntadeandalucia.es\/iessanjeronimo\/documentacion-de-interes\/","title":{"rendered":"Documentaci\u00f3n de inter\u00e9s"},"content":{"rendered":"<div class=\"summary\">\n<div class=\"no-overflow\">\n<p dir=\"ltr\"><img loading=\"lazy\" decoding=\"async\" class=\"aligncenter wp-image-2570\" src=\"https:\/\/blogsaverroes.juntadeandalucia.es\/iessanjeronimo\/files\/2021\/10\/Documentacion-inter\u00e9s.jpg\" alt=\"\" width=\"164\" height=\"180\" srcset=\"https:\/\/blogsaverroes.juntadeandalucia.es\/iessanjeronimo\/files\/2021\/10\/Documentacion-inter\u00e9s.jpg 417w, https:\/\/blogsaverroes.juntadeandalucia.es\/iessanjeronimo\/files\/2021\/10\/Documentacion-inter\u00e9s-274x300.jpg 274w\" sizes=\"(max-width: 164px) 100vw, 164px\" \/><\/p>\n<\/div>\n<\/div>\n<div>\n<div class=\"mod-indent-outer w-100\">\n<div class=\"mod-indent\"><strong><img decoding=\"async\" class=\"iconlarge activityicon\" role=\"presentation\" src=\"https:\/\/educacionadistancia.juntadeandalucia.es\/centros\/sevilla\/theme\/image.php\/moove\/folder\/1633004732\/icon\" alt=\"\" aria-hidden=\"true\"><span class=\"instancename\">Planos de distribuci\u00f3n del Centro<\/span><\/strong><\/div>\n<div>&nbsp;<\/div>\n<div>\n<ul>\n<li><strong><a href=\"https:\/\/blogsaverroes.juntadeandalucia.es\/iessanjeronimo\/files\/2024\/10\/Cartel-distribucion-del-Centro-2024-25.pdf\" target=\"_blank\" rel=\"noopener\">Cartel-distribuci\u00f3n-del-Centro-2024-2025<\/a><\/strong><\/li>\n<\/ul>\n<p>&nbsp;<\/p>\n<\/div>\n<\/div>\n<\/div>\n<div class=\"mod-indent\"><strong><img decoding=\"async\" class=\"iconlarge activityicon\" role=\"presentation\" src=\"https:\/\/educacionadistancia.juntadeandalucia.es\/centros\/sevilla\/theme\/image.php\/moove\/folder\/1633004732\/icon\" alt=\"\" aria-hidden=\"true\"><span class=\"instancename\">Plantilla de actas de las sesiones de evaluaci\u00f3n<\/span><\/strong><\/div>\n<div>&nbsp;<\/div>\n<ul>\n<li><strong><a href=\"https:\/\/blogsaverroes.juntadeandalucia.es\/iessanjeronimo\/files\/2021\/10\/PLANTILLA-ACTA-EVALUACI\u00d3N-ESO-2021-22.pdf\" target=\"_blank\" rel=\"noopener noreferrer\">PLANTILLA ACTA EVALUACI\u00d3N ESO <\/a>Formato PDF<\/strong><\/li>\n<li><strong><a href=\"http:\/\/PLANTILLA ACTA EVALUACI\u00d3N ESO 2021-22\" target=\"_blank\" rel=\"noopener noreferrer\">PLANTILLA ACTA EVALUACI\u00d3N BACHILLERATO&nbsp;<\/a>Formato PDF<\/strong><\/li>\n<li><strong><a href=\"https:\/\/blogsaverroes.juntadeandalucia.es\/iessanjeronimo\/files\/2021\/10\/PLANTILLA-ACTA-EVALUACI\u00d3N-CICLOS.pdf\">PLANTILLA ACTA EVALUACI\u00d3N CICLOS&nbsp;<\/a>Formato PDF<\/strong><\/li>\n<li><strong><a href=\"https:\/\/blogsaverroes.juntadeandalucia.es\/iessanjeronimo\/files\/2021\/10\/PLANTILLA-EVALUACI\u00d3N-EXTRAORDINARIA-ESO.pdf\">PLANTILLA EVALUACI\u00d3N EXTRAORDINARIA ESO&nbsp;<\/a>Formato PDF<\/strong><\/li>\n<li><strong><a href=\"https:\/\/blogsaverroes.juntadeandalucia.es\/iessanjeronimo\/files\/2021\/10\/PLANTILLA-ACTA-EVALUACI\u00d3N-ESO-2021-22.pdf\" target=\"_blank\" rel=\"noopener noreferrer\">PLANTILLA EVALUACI\u00d3N EXTRAORDINARIA BACHILLERATO&nbsp;<\/a>Formato PDF<\/strong><\/li>\n<\/ul>\n<p>&nbsp;<\/p>\n<ul>\n<li><a href=\"https:\/\/blogsaverroes.juntadeandalucia.es\/iessanjeronimo\/files\/2021\/10\/PLANTILLA-ACTA-EVALUACI\u00d3N-ESO-2021-22.doc\" target=\"_blank\" rel=\"noopener noreferrer\"><strong>PLANTILLA ACTA EVALUACI\u00d3N ESO&nbsp; <\/strong><\/a><strong>Formato DOC<\/strong><\/li>\n<li><strong><a href=\"https:\/\/blogsaverroes.juntadeandalucia.es\/iessanjeronimo\/files\/2021\/10\/PLANTILLA-ACTA-EVALUACI\u00d3N-ESO-2021-22.doc\" target=\"_blank\" rel=\"noopener noreferrer\">PLANTILLA ACTA EVALUACI\u00d3N BACHILLERATO&nbsp; <\/a>Formato DOC<\/strong><\/li>\n<li><strong><a href=\"https:\/\/blogsaverroes.juntadeandalucia.es\/iessanjeronimo\/files\/2021\/10\/PLANTILLA-ACTA-EVALUACI\u00d3N-CICLOS.doc\" target=\"_blank\" rel=\"noopener noreferrer\">PLANTILLA ACTA EVALUACI\u00d3N CICLOS&nbsp;&nbsp;<\/a>Formato DOC<\/strong><\/li>\n<li><strong><a href=\"https:\/\/blogsaverroes.juntadeandalucia.es\/iessanjeronimo\/files\/2021\/10\/PLANTILLA-EVALUACI\u00d3N-EXTRAORDINARIA-ESO.doc\" target=\"_blank\" rel=\"noopener noreferrer\">PLANTILLA EVALUACI\u00d3N EXTRAORDINARIA ESO&nbsp;&nbsp;<\/a>Formato DOC<\/strong><\/li>\n<li><strong><a href=\"https:\/\/blogsaverroes.juntadeandalucia.es\/iessanjeronimo\/files\/2021\/10\/PLANTILLA-EVALUACI\u00d3N-EXTRAORDINARIA-BACHILLERATO.doc\" target=\"_blank\" rel=\"noopener noreferrer\">PLANTILLA EVALUACI\u00d3N EXTRAORDINARIA BACHILLERATO&nbsp;&nbsp;<\/a>Formato DOC<\/strong><\/li>\n<\/ul>\n<p style=\"padding-left: 40px\">&nbsp;<\/p>\n<p><img decoding=\"async\" class=\"iconlarge activityicon\" role=\"presentation\" src=\"https:\/\/educacionadistancia.juntadeandalucia.es\/centros\/sevilla\/theme\/image.php\/moove\/folder\/1633004732\/icon\" alt=\"\" aria-hidden=\"true\"><strong><span class=\"instancename\">Anexos<\/span><\/strong><\/p>\n<ul>\n<li><strong><a href=\"https:\/\/blogsaverroes.juntadeandalucia.es\/iessanjeronimo\/files\/2021\/10\/Anexo-I-PPend-1.doc\" target=\"_blank\" rel=\"noopener noreferrer\">Anexo I-Documento Notificaci\u00f3n pendientes a las familias<\/a><\/strong><\/li>\n<li><a href=\"https:\/\/blogsaverroes.juntadeandalucia.es\/iessanjeronimo\/files\/2021\/12\/Anexo-III-Seguim.Jef_.-2.pdf\" target=\"_blank\" rel=\"noopener noreferrer\"><strong>Anexo III-Ficha de Seguimiento Jefatura de Dpto.<\/strong><\/a><\/li>\n<li><strong><a href=\"https:\/\/blogsaverroes.juntadeandalucia.es\/iessanjeronimo\/files\/2021\/10\/Anexo-IV-Seguim.Prof_-1.doc\" target=\"_blank\" rel=\"noopener noreferrer\">Anexo IV-Ficha de seguimiento profesorado<\/a><\/strong><\/li>\n<li><strong><a href=\"https:\/\/blogsaverroes.juntadeandalucia.es\/iessanjeronimo\/files\/2021\/10\/Anexo-V-Seguim.Prof_.LD_-1.doc\" target=\"_blank\" rel=\"noopener noreferrer\">Anexo V-FICHA SEGUIMIENTO PROFESORADO DE L.D<\/a><\/strong><\/li>\n<li><strong><a href=\"https:\/\/blogsaverroes.juntadeandalucia.es\/iessanjeronimo\/files\/2021\/10\/Anexo-VI-Informe.Prof_.LD_-1.doc\" target=\"_blank\" rel=\"noopener noreferrer\">Anexo VI-COMUNICACI\u00d3N A LAS FAMILIAS SOBRE EL SEGUIMIENTO TRIMESTRAL DE LOS PROGRAMAS DE REFUERZO Y LIBRE DISPOSICI\u00d3N<\/a><\/strong><\/li>\n<li><strong><a href=\"https:\/\/blogsaverroes.juntadeandalucia.es\/iessanjeronimo\/files\/2021\/10\/Anexo-VII-Comunicado-Suspenso-1.doc\" target=\"_blank\" rel=\"noopener noreferrer\">Anexo VII-COMUNICADO SOBRE MATERIAS PENDIENTES<\/a><\/strong><\/li>\n<\/ul>\n<p>&nbsp; <strong><img decoding=\"async\" class=\"iconlarge activityicon\" role=\"presentation\" src=\"https:\/\/educacionadistancia.juntadeandalucia.es\/centros\/sevilla\/theme\/image.php\/moove\/folder\/1633004732\/icon\" alt=\"\" aria-hidden=\"true\"><span class=\"instancename\">Otros documentos<\/span><\/strong> <em><strong>Absentismo<\/strong><\/em><\/p>\n<ul>\n<li><strong><a href=\"https:\/\/blogsaverroes.juntadeandalucia.es\/iessanjeronimo\/files\/2021\/10\/PROTOCOLO-ABSENTISMO_2021-22.pdf\" target=\"_blank\" rel=\"noopener noreferrer\">PROTOCOLO ABSENTISMO<\/a><\/strong><\/li>\n<\/ul>\n<p>&nbsp; <em><strong>ACTA ELECCI\u00d3N DELEGADOS_AS-ALUMNADO Y FAMILIA<\/strong><\/em><\/p>\n<ul>\n<li><strong><a href=\"https:\/\/blogsaverroes.juntadeandalucia.es\/iessanjeronimo\/files\/2021\/10\/ACTA-DELEGADO-MADRES-O-PADRES.doc\" target=\"_blank\" rel=\"noopener noreferrer\">ACTA-DELEGADO-MADRES-O-PADRES<\/a>&nbsp; Formato DOC<\/strong><\/li>\n<li><strong><a href=\"https:\/\/blogsaverroes.juntadeandalucia.es\/iessanjeronimo\/files\/2021\/10\/Elecci\u00f3n-Delegado-a.doc\" target=\"_blank\" rel=\"noopener noreferrer\">Elecci\u00f3n Delegado-a <\/a>Formato DOC<\/strong><\/li>\n<li><strong><a href=\"https:\/\/blogsaverroes.juntadeandalucia.es\/iessanjeronimo\/files\/2021\/10\/Elecci\u00f3n-Delegado-a.pdf\" target=\"_blank\" rel=\"noopener noreferrer\">Elecci\u00f3n Delegado-a <\/a>Formato PDF<\/strong><\/li>\n<li><strong><a href=\"https:\/\/blogsaverroes.juntadeandalucia.es\/iessanjeronimo\/files\/2021\/10\/Funciones-de-Delegados-de-Padres.pdf\" target=\"_blank\" rel=\"noopener noreferrer\">Funciones de Delegados de Padres<\/a><\/strong><\/li>\n<li><strong><a href=\"https:\/\/blogsaverroes.juntadeandalucia.es\/iessanjeronimo\/files\/2021\/10\/Delegados-y-Delegadas.pdf\" target=\"_blank\" rel=\"noopener noreferrer\">Delegados y Delegadas de Padres y Madres. Organizaci\u00f3n y funcionamiento de los Centros Educativos<\/a><\/strong><\/li>\n<\/ul>\n<p>&nbsp; <strong>ACTA ELECCI\u00d3N&nbsp; COLABORADORES TIC<\/strong><\/p>\n<ul>\n<li><strong><a href=\"https:\/\/blogsaverroes.juntadeandalucia.es\/iessanjeronimo\/files\/2021\/10\/Elecci\u00f3n-colaborador_TIC_2122.pdf\">Elecci\u00f3n-colaborador_TIC <\/a>Formato PDF<\/strong><\/li>\n<li><strong><a href=\"https:\/\/blogsaverroes.juntadeandalucia.es\/iessanjeronimo\/files\/2021\/10\/Elecci\u00f3n-colaborador_TIC_2122.docx\">Elecci\u00f3n-colaborador_TIC<\/a> Formato DOC<\/strong><\/li>\n<\/ul>\n<p>&nbsp; <strong><em>ACTAS REUNI\u00d3N TUTORES_AS-ORIENTACI\u00d3N<\/em><\/strong><\/p>\n<ul>\n<li><strong><a href=\"https:\/\/blogsaverroes.juntadeandalucia.es\/iessanjeronimo\/files\/2021\/10\/Curso-2021-2022.Acta-reuni\u00f3n-tutores.-1\u00ba-ciclo.doc\" target=\"_blank\" rel=\"noopener noreferrer\">Acta reuni\u00f3n tutores. 1\u00ba ciclo<\/a><\/strong><\/li>\n<li><strong><a href=\"https:\/\/blogsaverroes.juntadeandalucia.es\/iessanjeronimo\/files\/2021\/10\/Curso-2021-2022.Acta-reuni\u00f3n-tutores.-2\u00ba-ciclo.doc\" target=\"_blank\" rel=\"noopener noreferrer\">Acta reuni\u00f3n tutores. 2\u00ba ciclo<\/a><\/strong><\/li>\n<\/ul>\n<p>&nbsp; <em><strong>COMPROMISOS FAMILIA<\/strong><\/em><\/p>\n<ul>\n<li><strong><a href=\"https:\/\/blogsaverroes.juntadeandalucia.es\/iessanjeronimo\/files\/2021\/10\/Compromiso-Educativo.doc\" target=\"_blank\" rel=\"noopener noreferrer\">Compromiso Educativo<\/a> Formato DOC<\/strong><\/li>\n<li><strong><a href=\"https:\/\/blogsaverroes.juntadeandalucia.es\/iessanjeronimo\/files\/2021\/10\/Compromiso-Educativo.pdf\" target=\"_blank\" rel=\"noopener noreferrer\">Compromiso Educativo<\/a> Formato PDF<\/strong><\/li>\n<li><strong><a href=\"https:\/\/blogsaverroes.juntadeandalucia.es\/iessanjeronimo\/files\/2021\/10\/Modelo-compromiso-educativo-y-de-convivencia.doc\" target=\"_blank\" rel=\"noopener noreferrer\">Modelo compromiso educativo y de convivencia<\/a><\/strong><\/li>\n<li><strong><a href=\"https:\/\/blogsaverroes.juntadeandalucia.es\/iessanjeronimo\/files\/2021\/10\/Compromiso-Convivencia-2020-21-1.pdf\" target=\"_blank\" rel=\"noopener noreferrer\">Compromiso Convivencia<\/a><\/strong><\/li>\n<\/ul>\n<p>&nbsp; <em><strong>PMAR<\/strong><\/em><\/p>\n<ul>\n<li><strong><a href=\"https:\/\/blogsaverroes.juntadeandalucia.es\/iessanjeronimo\/files\/2021\/10\/Propuesta-PMAR-Autorizaci\u00f3n-Familia_2021-22.pdf\">Propuesta PMAR-Autorizaci\u00f3n Familia <\/a>Formato PDF<\/strong><\/li>\n<li><strong><a href=\"https:\/\/blogsaverroes.juntadeandalucia.es\/iessanjeronimo\/files\/2021\/10\/Propuesta-PMAR-Autorizaci\u00f3n-Familia_2021-22.doc\">Propuesta PMAR-Autorizaci\u00f3n Familia <\/a>Formato DOC<\/strong><\/li>\n<li><strong><a href=\"https:\/\/blogsaverroes.juntadeandalucia.es\/iessanjeronimo\/files\/2021\/10\/87.1.-CONSEJO_ORIENTADOR_ESO.pdf\" target=\"_blank\" rel=\"noopener noreferrer\">87.1. CONSEJO_ORIENTADOR_ESO<\/a><\/strong><\/li>\n<\/ul>\n<p>&nbsp; <em><strong>REUNION TUTORES Y PADRES<\/strong><\/em><\/p>\n<ul>\n<li><strong><a href=\"https:\/\/blogsaverroes.juntadeandalucia.es\/iessanjeronimo\/files\/2021\/10\/Acta-reuni\u00f3n-tutor-familia-Modelo-I.doc\" target=\"_blank\" rel=\"noopener noreferrer\">Acta reuni\u00f3n tutor familia &#8211; Modelo I<\/a>&nbsp; &nbsp;Formato DOC<\/strong><\/li>\n<li><strong><a href=\"https:\/\/blogsaverroes.juntadeandalucia.es\/iessanjeronimo\/files\/2021\/10\/Acta-reuni\u00f3n-tutor-familia-Modelo-II.doc\" target=\"_blank\" rel=\"noopener noreferrer\">Acta reuni\u00f3n tutor familia &#8211; Modelo II&nbsp; <\/a>Formato DOC<\/strong><\/li>\n<li><strong><a href=\"https:\/\/blogsaverroes.juntadeandalucia.es\/iessanjeronimo\/files\/2021\/10\/Acta-Padre-Madre-Delegado-de-grupo.doc\">Acta Padre-Madre Delegado de grupo<\/a><\/strong><\/li>\n<\/ul>\n<p>&nbsp; <em><strong>Otros documentos de Tutor\u00eda<\/strong><\/em><\/p>\n<ul>\n<li><strong><a href=\"https:\/\/blogsaverroes.juntadeandalucia.es\/iessanjeronimo\/files\/2021\/10\/Certificado-familia-asistencia-Reuniones.doc\" target=\"_blank\" rel=\"noopener noreferrer\">Certificado familia asistencia Reuniones <\/a>Formato DOC<\/strong><\/li>\n<li><strong><a href=\"https:\/\/blogsaverroes.juntadeandalucia.es\/iessanjeronimo\/files\/2021\/10\/Informe-individualizado-final-del-tutor.pdf\" target=\"_blank\" rel=\"noopener noreferrer\">Modelo de Informe individualizado final del tutor<\/a> Formato PDF<\/strong><\/li>\n<li><strong><a href=\"https:\/\/blogsaverroes.juntadeandalucia.es\/iessanjeronimo\/files\/2021\/10\/Certificado-visto-bueno-cambio-asignaturas-familia.doc\" target=\"_blank\" rel=\"noopener noreferrer\">Certificado visto bueno cambio asignaturas familia<\/a> Formato DOC<\/strong><\/li>\n<li><strong><a href=\"https:\/\/blogsaverroes.juntadeandalucia.es\/iessanjeronimo\/files\/2021\/10\/MODELO-DE-SOLICITUD-DE-POSIBLES-CAMBIOS-DE-OPTATIVIDAD-por-motivos-sobrada-y-debidamente-JUSTIFICADOS.docx\" target=\"_blank\" rel=\"noopener noreferrer\">MODELO DE SOLICITUD DE POSIBLES CAMBIOS DE OPTATIVIDAD por motivos sobrada y debidamente JUSTIFICADOS<\/a><\/strong><\/li>\n<li><strong><a href=\"https:\/\/blogsaverroes.juntadeandalucia.es\/iessanjeronimo\/files\/2021\/10\/Plantilla-ACta-Reuni\u00f3n-EE_2021-22.doc\" target=\"_blank\" rel=\"noopener noreferrer\">Plantilla Acta Reuni\u00f3n EE_<\/a><\/strong><\/li>\n<li><strong><a href=\"https:\/\/blogsaverroes.juntadeandalucia.es\/iessanjeronimo\/files\/2021\/10\/Protocolo-de-entrada-salida-del-centro-para-mayores-de-edad-y-con-materias-sueltas.pdf\" target=\"_blank\" rel=\"noopener noreferrer\">Protocolo de entrada-salida del centro para mayores de edad y con materias sueltas<\/a><\/strong><\/li>\n<li><strong><a href=\"https:\/\/blogsaverroes.juntadeandalucia.es\/iessanjeronimo\/files\/2021\/10\/Ficha_sanitaria_alumno.pdf\" target=\"_blank\" rel=\"noopener noreferrer\">Ficha sanitaria del alumno<\/a><\/strong><\/li>\n<li><strong><a href=\"https:\/\/blogsaverroes.juntadeandalucia.es\/iessanjeronimo\/files\/2021\/10\/PARTE-DE-APERCIBIMIENTO_2021.doc\" target=\"_blank\" rel=\"noopener noreferrer\">PARTE DE APERCIBIMIENTO<\/a> Formato DOC<\/strong><\/li>\n<li><a href=\"https:\/\/blogsaverroes.juntadeandalucia.es\/iessanjeronimo\/files\/2021\/10\/consentim_gsuite_junta_2122.pdf\" target=\"_blank\" rel=\"noopener noreferrer\"><strong>Autorizaci\u00f3n menores de 14 a\u00f1os. GSuite Classroom<\/strong><\/a><\/li>\n<li><a href=\"https:\/\/blogsaverroes.juntadeandalucia.es\/iessanjeronimo\/files\/2021\/10\/Comunciado-iPasen-y-Autorizaci\u00f3n-publicaci\u00f3n-de-im\u00e1genes-trabajos.pdf\" target=\"_blank\" rel=\"noopener noreferrer\"><strong>Comunciado iPasen y Autorizaci\u00f3n publicaci\u00f3n de im\u00e1genes-trabajos<\/strong><\/a><\/li>\n<li><strong><a href=\"https:\/\/blogsaverroes.juntadeandalucia.es\/iessanjeronimo\/files\/2021\/11\/Autorizaci\u00f3n-entrega_credenciales_ipasen_tutores.pdf\" target=\"_blank\" rel=\"noopener noreferrer\">Autorizaci\u00f3n para la entrega de las credenciales iPasen a los Tutores legales<\/a><\/strong><\/li>\n<\/ul>\n<p>&nbsp;<\/p>\n<h3><strong><a class=\"aalink dimmed\" href=\"https:\/\/educacionadistancia.juntadeandalucia.es\/centros\/sevilla\/mod\/folder\/view.php?id=87890\"><img decoding=\"async\" class=\"iconlarge activityicon\" role=\"presentation\" src=\"https:\/\/educacionadistancia.juntadeandalucia.es\/centros\/sevilla\/theme\/image.php\/moove\/folder\/1633004732\/icon\" alt=\"\" aria-hidden=\"true\"><\/a> <span class=\"instancename\" style=\"font-size: 12pt\">Actividades Extraescolares<\/span><\/strong><\/h3>\n<ul>\n<li><em><strong style=\"color: #666666;font-size: 14px\">Solicitud de la actividad<\/strong><\/em>\n<ul>\n<li><strong><a style=\"font-size: 14px\" href=\"https:\/\/blogsaverroes.juntadeandalucia.es\/iessanjeronimo\/files\/2021\/09\/Solicitud-Act.-EE-y-CC.docx\" target=\"_blank\" rel=\"noopener noreferrer\">Formato Word<\/a><\/strong><\/li>\n<li><strong><a style=\"font-size: 14px\" href=\"https:\/\/blogsaverroes.juntadeandalucia.es\/iessanjeronimo\/files\/2021\/09\/Solicitud-Act.-EE-y-CC.pdf\" target=\"_blank\" rel=\"noopener noreferrer\">Formato PDF<\/a><\/strong><\/li>\n<\/ul>\n<\/li>\n<li><em><strong>Autorizaci\u00f3n&nbsp;<\/strong><\/em>\n<ul>\n<li><strong><a href=\"https:\/\/blogsaverroes.juntadeandalucia.es\/iessanjeronimo\/files\/2021\/09\/Autorizaci\u00f3n_activid.docx\" target=\"_blank\" rel=\"noopener noreferrer\">Formato Word<\/a><\/strong><\/li>\n<li><strong><a href=\"https:\/\/blogsaverroes.juntadeandalucia.es\/iessanjeronimo\/files\/2021\/09\/Autorizaci\u00f3n_activid.pdf\" target=\"_blank\" rel=\"noopener noreferrer\">Formato PDF&nbsp;<\/a><\/strong><\/li>\n<\/ul>\n<\/li>\n<li><em><strong>Propuesta de los Departamentos<\/strong><\/em>\n<ul>\n<li><strong><a href=\"https:\/\/blogsaverroes.juntadeandalucia.es\/iessanjeronimo\/files\/2021\/09\/Extraescolares_Dpto_2122.doc\" target=\"_blank\" rel=\"noopener noreferrer\">Formato DOC<\/a><\/strong><\/li>\n<li><strong><a href=\"https:\/\/blogsaverroes.juntadeandalucia.es\/iessanjeronimo\/files\/2021\/09\/Extraescolares_Dpto_2122.pdf\" target=\"_blank\" rel=\"noopener noreferrer\">Formato PDF&nbsp;<\/a><\/strong><\/li>\n<\/ul>\n<\/li>\n<\/ul>\n<div id=\"yui_3_13_0_2_1632767396638_130\" class=\"no-overflow\" style=\"padding-left: 40px\">&nbsp; &nbsp;<\/div>\n<p><strong><a class=\"aalink dimmed\" href=\"https:\/\/educacionadistancia.juntadeandalucia.es\/centros\/sevilla\/mod\/folder\/view.php?id=87890\"><img decoding=\"async\" class=\"iconlarge activityicon\" role=\"presentation\" src=\"https:\/\/educacionadistancia.juntadeandalucia.es\/centros\/sevilla\/theme\/image.php\/moove\/folder\/1633004732\/icon\" alt=\"\" aria-hidden=\"true\"><span class=\"instancename\">Permisos y licencias y horarios<\/span><\/a><\/strong> &nbsp;<\/p>\n<ul>\n<li><em><strong>Permisos y licencias<\/strong><\/em>\n<ul>\n<li><strong><a href=\"https:\/\/blogsaverroes.juntadeandalucia.es\/iessanjeronimo\/files\/2021\/10\/ANEXO_I-Permisosactualizado.pdf\" target=\"_blank\" rel=\"noopener noreferrer\">ANEXO_I Permisos(actualizado)<\/a><\/strong><\/li>\n<li><strong><a href=\"https:\/\/blogsaverroes.juntadeandalucia.es\/iessanjeronimo\/files\/2021\/10\/Abono-100x100.Instrucciones.pdf\">Abono 100&#215;100.Instrucciones<\/a> <a href=\"https:\/\/blogsaverroes.juntadeandalucia.es\/iessanjeronimo\/files\/2021\/10\/Abono-100x100.Solicitud-abono-cien-por-cien.pdf\" target=\"_blank\" rel=\"noopener noreferrer\">Abono 100&#215;100.<\/a><\/strong><\/li>\n<li><strong><a href=\"https:\/\/blogsaverroes.juntadeandalucia.es\/iessanjeronimo\/files\/2021\/10\/Abono-100x100.Solicitud-abono-cien-por-cien.pdf\" target=\"_blank\" rel=\"noopener noreferrer\">Solicitud abono cien por cien<\/a><\/strong><\/li>\n<li><strong><a href=\"https:\/\/blogsaverroes.juntadeandalucia.es\/iessanjeronimo\/files\/2021\/10\/Declaraci\u00f3n-jurada.docx\">Declaraci\u00f3n jurada<\/a><\/strong><\/li>\n<li><strong><a href=\"https:\/\/blogsaverroes.juntadeandalucia.es\/iessanjeronimo\/files\/2021\/10\/Accidente-laboral.-Anexo.pdf\" target=\"_blank\" rel=\"noopener noreferrer\">Accidente laboral. Anexo<\/a><\/strong><\/li>\n<li><strong><a href=\"https:\/\/blogsaverroes.juntadeandalucia.es\/iessanjeronimo\/files\/2021\/10\/Cuestionario-sobre-Accidente-Laboral.pdf\" target=\"_blank\" rel=\"noopener noreferrer\">Cuestionario sobre Accidente Laboral<\/a><\/strong><\/li>\n<li><strong><a href=\"https:\/\/blogsaverroes.juntadeandalucia.es\/iessanjeronimo\/files\/2021\/10\/reconocimiento_enfermedad_profesional.pdf\" target=\"_blank\" rel=\"noopener noreferrer\">reconocimiento enfermedad profesional<\/a><\/strong><\/li>\n<li><strong><a href=\"https:\/\/blogsaverroes.juntadeandalucia.es\/iessanjeronimo\/files\/2021\/10\/Permisos-licencia-y-reducci\u00f3n-Jornada.-Grado-de-parentesco.pdf\" target=\"_blank\" rel=\"noopener noreferrer\">Permisos, licencia y reducci\u00f3n Jornada. Grado de parentesco<\/a><\/strong><\/li>\n<li><strong><a href=\"https:\/\/blogsaverroes.juntadeandalucia.es\/iessanjeronimo\/files\/2021\/10\/Permisos-licencia-y-reducci\u00f3n-de-jornada.-Cuadro-resumen.pdf\" target=\"_blank\" rel=\"noopener noreferrer\">Permisos, licencia y reducci\u00f3n de jornada.<\/a>&nbsp;<a href=\"https:\/\/blogsaverroes.juntadeandalucia.es\/iessanjeronimo\/files\/2021\/10\/Permisos-licencia-y-reducci\u00f3n-de-jornada.-Cuadro-resumen.pdf\">Cuadro resumen<\/a><\/strong><\/li>\n<li><strong><a href=\"https:\/\/blogsaverroes.juntadeandalucia.es\/iessanjeronimo\/files\/2021\/10\/MODELO-CUESTIONARIO-CENTRO.pdf\" target=\"_blank\" rel=\"noopener noreferrer\">MODELO CUESTIONARIO CENTRO F-PNI01-01 Informaci\u00f3n previa del accidente de trabajo<\/a><\/strong><\/li>\n<\/ul>\n<\/li>\n<\/ul>\n<div>\n<div class=\"mod-indent-outer w-100\">\n<p>&nbsp;<\/p>\n<ul>\n<li><em><strong>&nbsp;Horarios<\/strong><\/em>\n<ul>\n<li><strong><a href=\"https:\/\/blogsaverroes.juntadeandalucia.es\/iessanjeronimo\/files\/2021\/10\/Instrucciones-para-introducir-el-horario-en-S\u00e9neca-2021-22.pdf\" target=\"_blank\" rel=\"noopener noreferrer\">Instrucciones para introducir el horario en S\u00e9neca<\/a><\/strong><\/li>\n<\/ul>\n<\/li>\n<\/ul>\n<\/div>\n<p>&nbsp;<\/p>\n<\/div>\n","protected":false},"excerpt":{"rendered":"<p>Planos de distribuci\u00f3n del Centro &nbsp; Cartel-distribuci\u00f3n-del-Centro-2024-2025 &nbsp; Plantilla de actas de las sesiones de evaluaci\u00f3n &nbsp; PLANTILLA ACTA EVALUACI\u00d3N ESO Formato PDF PLANTILLA ACTA EVALUACI\u00d3N BACHILLERATO&nbsp;Formato PDF PLANTILLA ACTA EVALUACI\u00d3N CICLOS&nbsp;Formato PDF PLANTILLA EVALUACI\u00d3N EXTRAORDINARIA ESO&nbsp;Formato PDF PLANTILLA EVALUACI\u00d3N EXTRAORDINARIA BACHILLERATO&nbsp;Formato PDF &nbsp; PLANTILLA ACTA EVALUACI\u00d3N ESO&nbsp; Formato DOC PLANTILLA ACTA EVALUACI\u00d3N BACHILLERATO&nbsp; Formato [&hellip;]<\/p>\n","protected":false},"author":13409,"featured_media":0,"parent":0,"menu_order":0,"comment_status":"closed","ping_status":"closed","template":"","meta":{"_et_pb_use_builder":"off","_et_pb_old_content":"","_et_gb_content_width":"","ngg_post_thumbnail":0,"footnotes":""},"aioseo_notices":[],"_links":{"self":[{"href":"https:\/\/blogsaverroes.juntadeandalucia.es\/iessanjeronimo\/wp-json\/wp\/v2\/pages\/2410"}],"collection":[{"href":"https:\/\/blogsaverroes.juntadeandalucia.es\/iessanjeronimo\/wp-json\/wp\/v2\/pages"}],"about":[{"href":"https:\/\/blogsaverroes.juntadeandalucia.es\/iessanjeronimo\/wp-json\/wp\/v2\/types\/page"}],"author":[{"embeddable":true,"href":"https:\/\/blogsaverroes.juntadeandalucia.es\/iessanjeronimo\/wp-json\/wp\/v2\/users\/13409"}],"replies":[{"embeddable":true,"href":"https:\/\/blogsaverroes.juntadeandalucia.es\/iessanjeronimo\/wp-json\/wp\/v2\/comments?post=2410"}],"version-history":[{"count":82,"href":"https:\/\/blogsaverroes.juntadeandalucia.es\/iessanjeronimo\/wp-json\/wp\/v2\/pages\/2410\/revisions"}],"predecessor-version":[{"id":4438,"href":"https:\/\/blogsaverroes.juntadeandalucia.es\/iessanjeronimo\/wp-json\/wp\/v2\/pages\/2410\/revisions\/4438"}],"wp:attachment":[{"href":"https:\/\/blogsaverroes.juntadeandalucia.es\/iessanjeronimo\/wp-json\/wp\/v2\/media?parent=2410"}],"curies":[{"name":"wp","href":"https:\/\/api.w.org\/{rel}","templated":true}]}}