{"id":174,"date":"2015-03-17T07:56:14","date_gmt":"2015-03-17T07:56:14","guid":{"rendered":"http:\/\/blogsaverroes.juntadeandalucia.es\/pre\/ceip\/?page_id=174"},"modified":"2024-06-28T12:47:17","modified_gmt":"2024-06-28T12:47:17","slug":"dibujo","status":"publish","type":"page","link":"https:\/\/blogsaverroes.juntadeandalucia.es\/iessanjose\/dibujo\/","title":{"rendered":"EPVA"},"content":{"rendered":"<p><img fetchpriority=\"high\" decoding=\"async\" class=\"aligncenter size-medium wp-image-2018\" src=\"http:\/\/blogsaverroes.juntadeandalucia.es\/temapinboardies\/files\/2015\/03\/dibujo-300x200.jpg\" alt=\"dibujo\" width=\"300\" height=\"200\" srcset=\"https:\/\/blogsaverroes.juntadeandalucia.es\/iessanjose\/files\/2015\/03\/dibujo-300x200.jpg 300w, https:\/\/blogsaverroes.juntadeandalucia.es\/iessanjose\/files\/2015\/03\/dibujo.jpg 640w\" sizes=\"(max-width: 300px) 100vw, 300px\" \/><\/p>\n<p>&nbsp;<\/p>\n<p><span style=\"font-weight: 400\"><strong><span style=\"font-family: sans-serif\"><span style=\"font-size: medium\">EPVA<\/span><\/span><\/strong><\/span><\/p>\n<p>A lo largo de la historia, la imagen y la palabra han sido las principales formas de expresar y transmitir ideas y sentimientos. Sin embargo, en nuestra \u00e9poca actual, la imagen ha tomado un protagonismo sin precedentes en la historia de la humanidad.<\/p>\n<p><span style=\"font-weight: 400\">Por eso, es fundamental educar en la comprensi\u00f3n de la comunicaci\u00f3n visual y audiovisual para integrarse plenamente en la sociedad actual. Adem\u00e1s, es crucial aprender a expresarse de manera creativa, lo que permite un desarrollo integral de las personas y fomenta un esp\u00edritu cr\u00edtico tanto hacia sus propias creaciones como hacia las de los dem\u00e1s.<\/span><\/p>\n<p><span style=\"font-weight: 400\">Esto les ayudar\u00e1 a comprender mejor la realidad que los rodea y, a partir de ese conocimiento, a contribuir con sus propias obras. Es esencial recurrir al patrimonio cultural, con su variedad de manifestaciones art\u00edsticas, como referencia para aplicar conocimientos, disfrutar est\u00e9ticamente y conservar valores humanos.<\/span><\/p>\n<p>&nbsp;<\/p>\n<p>&nbsp;<\/p>\n","protected":false},"excerpt":{"rendered":"<p>&nbsp; EPVA A lo largo de la historia, la imagen y la palabra han sido las principales formas de expresar y transmitir ideas y sentimientos. Sin embargo, en nuestra \u00e9poca actual, la imagen ha tomado un protagonismo sin precedentes en la historia de la humanidad. Por eso, es fundamental educar en la comprensi\u00f3n de la [&hellip;]<\/p>\n","protected":false},"author":1,"featured_media":0,"parent":0,"menu_order":0,"comment_status":"closed","ping_status":"open","template":"","meta":{"ngg_post_thumbnail":0,"footnotes":"","_mc_calendar":[]},"aioseo_notices":[],"_links":{"self":[{"href":"https:\/\/blogsaverroes.juntadeandalucia.es\/iessanjose\/wp-json\/wp\/v2\/pages\/174"}],"collection":[{"href":"https:\/\/blogsaverroes.juntadeandalucia.es\/iessanjose\/wp-json\/wp\/v2\/pages"}],"about":[{"href":"https:\/\/blogsaverroes.juntadeandalucia.es\/iessanjose\/wp-json\/wp\/v2\/types\/page"}],"author":[{"embeddable":true,"href":"https:\/\/blogsaverroes.juntadeandalucia.es\/iessanjose\/wp-json\/wp\/v2\/users\/1"}],"replies":[{"embeddable":true,"href":"https:\/\/blogsaverroes.juntadeandalucia.es\/iessanjose\/wp-json\/wp\/v2\/comments?post=174"}],"version-history":[{"count":5,"href":"https:\/\/blogsaverroes.juntadeandalucia.es\/iessanjose\/wp-json\/wp\/v2\/pages\/174\/revisions"}],"predecessor-version":[{"id":2907,"href":"https:\/\/blogsaverroes.juntadeandalucia.es\/iessanjose\/wp-json\/wp\/v2\/pages\/174\/revisions\/2907"}],"wp:attachment":[{"href":"https:\/\/blogsaverroes.juntadeandalucia.es\/iessanjose\/wp-json\/wp\/v2\/media?parent=174"}],"curies":[{"name":"wp","href":"https:\/\/api.w.org\/{rel}","templated":true}]}}

<p><img fetchpriority="high" decoding="async" class="aligncenter size-medium wp-image-2018" src="http://blogsaverroes.juntadeandalucia.es/temapinboardies/files/2015/03/dibujo-300x200.jpg" alt="dibujo" width="300" height="200" srcset="https://blogsaverroes.juntadeandalucia.es/iessanjose/files/2015/03/dibujo-300x200.jpg 300w, https://blogsaverroes.juntadeandalucia.es/iessanjose/files/2015/03/dibujo.jpg 640w" sizes="(max-width: 300px) 100vw, 300px" /></p>
<p>&nbsp;</p>
<p><span style="font-weight: 400"><strong><span style="font-family: sans-serif"><span style="font-size: medium">EPVA</span></span></strong></span></p>
<p>A lo largo de la historia, la imagen y la palabra han sido las principales formas de expresar y transmitir ideas y sentimientos. Sin embargo, en nuestra época actual, la imagen ha tomado un protagonismo sin precedentes en la historia de la humanidad.</p>
<p><span style="font-weight: 400">Por eso, es fundamental educar en la comprensión de la comunicación visual y audiovisual para integrarse plenamente en la sociedad actual. Además, es crucial aprender a expresarse de manera creativa, lo que permite un desarrollo integral de las personas y fomenta un espíritu crítico tanto hacia sus propias creaciones como hacia las de los demás.</span></p>
<p><span style="font-weight: 400">Esto les ayudará a comprender mejor la realidad que los rodea y, a partir de ese conocimiento, a contribuir con sus propias obras. Es esencial recurrir al patrimonio cultural, con su variedad de manifestaciones artísticas, como referencia para aplicar conocimientos, disfrutar estéticamente y conservar valores humanos.</span></p>
<p>&nbsp;</p>
<p>&nbsp;</p>

<p>&nbsp; EPVA A lo largo de la historia, la imagen y la palabra han sido las principales formas de expresar y transmitir ideas y sentimientos. Sin embargo, en nuestra época actual, la imagen ha tomado un protagonismo sin precedentes en la historia de la humanidad. Por eso, es fundamental educar en la comprensión de la [&hellip;]</p>
