{"id":44,"date":"2015-03-13T08:42:15","date_gmt":"2015-03-13T08:42:15","guid":{"rendered":"http:\/\/blogsaverroes.juntadeandalucia.es\/pre\/ceip\/?page_id=44"},"modified":"2024-06-28T10:23:40","modified_gmt":"2024-06-28T10:23:40","slug":"planes-y-proyectos","status":"publish","type":"page","link":"https:\/\/blogsaverroes.juntadeandalucia.es\/iessanjose\/planes-y-proyectos\/","title":{"rendered":"Planes y Programas"},"content":{"rendered":"<p><img decoding=\"async\" class=\"alignnone size-medium wp-image-1667\" src=\"http:\/\/blogsaverroes.juntadeandalucia.es\/temapinboardies\/files\/2015\/03\/planes-300x150.png\" alt=\"planes\" width=\"300\" height=\"150\" srcset=\"https:\/\/blogsaverroes.juntadeandalucia.es\/iessanjose\/files\/2015\/03\/planes-300x150.png 300w, https:\/\/blogsaverroes.juntadeandalucia.es\/iessanjose\/files\/2015\/03\/planes.png 640w\" sizes=\"(max-width: 300px) 100vw, 300px\" \/><\/p>\n<p><span style=\"font-weight: 400\">Los planes y proyectos del centro que m\u00e1s vinculados est\u00e1n con nuestra asignatura de&nbsp; Lengua Castellana y Literatura son los siguientes:&nbsp;&nbsp;<\/span><\/p>\n<ul>\n<li><b>Plan de Transformaci\u00f3n Digital Educativa.&nbsp;<\/b><\/li>\n<\/ul>\n<p><span style=\"font-weight: 400\">La progresiva digitalizaci\u00f3n de todos los \u00e1mbitos de la sociedad ha tra\u00eddo consigo&nbsp; nuevas oportunidades. En el entorno educativo, las tecnolog\u00edas digitales pueden mejorar la&nbsp; flexibilidad, la creatividad y ayudar a mejorar la eficiencia y los resultados del aprendizaje.&nbsp;<\/span><\/p>\n<p><span style=\"font-weight: 400\">Este plan busca aplicar, estimular, respaldar e incrementar el uso adecuado de&nbsp; pr\u00e1cticas de educaci\u00f3n digitales e innovadoras teniendo las siguientes prioridades: <\/span><span style=\"font-weight: 400\">&#8211; <\/span><span style=\"font-weight: 400\">Hacer un mejor uso de la tecnolog\u00eda digital para la ense\u00f1anza y el aprendizaje.&nbsp; <\/span><span style=\"font-weight: 400\">&#8211; <\/span><span style=\"font-weight: 400\">Desarrollar competencias y capacidades digitales para la transformaci\u00f3n digital.&nbsp; <\/span><span style=\"font-weight: 400\">&#8211; <\/span><span style=\"font-weight: 400\">Innovar y modernizar la educaci\u00f3n mediante la previsi\u00f3n y un mejor an\u00e1lisis de los&nbsp; datos.&nbsp;<\/span><\/p>\n<ul>\n<li><b>Plan de atenci\u00f3n a la diversidad.&nbsp;<\/b><\/li>\n<\/ul>\n<p><span style=\"font-weight: 400\">En un centro como el nuestro, una de las necesidades b\u00e1sicas (uno de sus mayores&nbsp; retos) consiste en poder ajustarse pedag\u00f3gicamente a las distintas capacidades,&nbsp; necesidades e intereses que presentan nuestros alumnos\/as. Este objetivo, lejos de ser&nbsp;<\/span><span style=\"font-weight: 400\">estrat\u00e9gico o puntual, se convierte en una responsabilidad que como profesionales de la&nbsp; educaci\u00f3n hemos de asumir ante el compromiso de educar a todos y no s\u00f3lo a unos pocos.&nbsp; Por ello, contemplamos la atenci\u00f3n a la diversidad a trav\u00e9s de la programaci\u00f3n, de la&nbsp; metodolog\u00eda y de los materiales utilizados.&nbsp;<\/span><\/p>\n<ul>\n<li><b>Plan de Igualdad de G\u00e9nero en Educaci\u00f3n.&nbsp;<\/b><\/li>\n<\/ul>\n<p><span style=\"font-weight: 400\">Este plan busca favorecer la pr\u00e1ctica coeducativa en el Instituto y, en la medida de lo&nbsp; posible, hacerla extensiva a las familias, adem\u00e1s de promover en nuestro alumnado valores&nbsp; encaminados a la igualdad de oportunidades entre ni\u00f1as y ni\u00f1os. Para ello se plantean&nbsp; actividades en torno a tres l\u00edneas de actuaci\u00f3n: talleres y charlas de entidades externas&nbsp; (con una colaboraci\u00f3n muy importante del Ayuntamiento de la localidad), efem\u00e9rides (25 de&nbsp; noviembre, 11 de febrero, 8 de marzo y 17 de mayo) y otras actuaciones, algunas en&nbsp; colaboraci\u00f3n con Departamentos Did\u00e1cticos del centro y otros con organizaciones externas.&nbsp;<\/span><\/p>\n<p><span style=\"font-weight: 400\">Dentro de nuestra materia de Lengua Castellana y Literatura pondremos especial&nbsp; atenci\u00f3n a las mujeres escritoras que, a lo largo de la historia, no han recibido el&nbsp; reconocimiento que les correspond\u00eda. Llevaremos a cabo una actividad de investigaci\u00f3n&nbsp; sobre estas mujeres y se establecer\u00e1n din\u00e1micas para promocionar el trabajo en equipo,&nbsp; favoreciendo el aprendizaje, la convivencia y las relaciones sociales entre iguales.&nbsp;<\/span><\/p>\n<ul>\n<li><b>Plan de Lectura y Bibliotecas.&nbsp;<\/b><\/li>\n<\/ul>\n<p><span style=\"font-weight: 400\">Siguiendo con la labor de a\u00f1os anteriores, nuestro centro realiza actividades&nbsp; encaminadas al fomento de la lectura y de la escritura a lo largo de todo el curso, que van&nbsp; desde la lectura semanal en clase hasta la celebraci\u00f3n de efem\u00e9rides. En el presente curso&nbsp; escolar se seguir\u00e1 en la misma l\u00ednea.&nbsp;<\/span><\/p>\n<p><span style=\"font-weight: 400\">Para desarrollar un h\u00e1bito de lectura, adem\u00e1s de contribuir con las actividades incluidas&nbsp; en el plan, el alumnado asistir\u00e1 a la biblioteca una vez a la semana para realizar all\u00ed la&nbsp; sesi\u00f3n de lectura. Adem\u00e1s de las lecturas obligatorias, el alumnado podr\u00e1 hacer uso del&nbsp; servicio de pr\u00e9stamo de la biblioteca.&nbsp;&nbsp;<\/span><\/p>\n<ul>\n<li><b>Red Andaluza Escuela: \u201cEspacio de Paz\u201d.&nbsp;<\/b><\/li>\n<\/ul>\n<p><span style=\"font-weight: 400\">Entre las se\u00f1as de identidad de los centros que integran la Red Andaluza \u00abEscuela:&nbsp; Espacio de Paz\u00bb destacan la promoci\u00f3n de los valores propios de una sociedad&nbsp; democr\u00e1tica, el respeto mutuo, la igualdad, el di\u00e1logo, la solidaridad y la resoluci\u00f3n pac\u00edfica&nbsp; de los conflictos, contando con la participaci\u00f3n de toda la comunidad educativa en la vida&nbsp; de los centros y la vinculaci\u00f3n e implicaci\u00f3n con su entorno. Todos estos aspectos est\u00e1n,&nbsp; adem\u00e1s, contemplados en los objetivos de centro por lo que marcar\u00e1n nuestra actuaci\u00f3n en&nbsp; el aula.<\/span><\/p>\n<p><span style=\"font-weight: 400\">Con relaci\u00f3n a los Proyectos y Programas del centro y la transversalidad de los&nbsp; fundamentos pedag\u00f3gicos que propone, hay que destacar la Resoluci\u00f3n de 3 de noviembre&nbsp; de 2023 que renueva y transforma algunos aspectos del reci\u00e9n bautizado <\/span><b>Programa CIMA.&nbsp; <\/b><span style=\"font-weight: 400\">No obstante, dichas novedades est\u00e1n m\u00e1s centradas en labores de coordinaci\u00f3n, en el&nbsp; desglose de nuevas l\u00edneas de actuaci\u00f3n y en el agrupamiento de estas en torno a \u00e1mbitos&nbsp; de conocimiento, aunque en nuestro centro no ha sido implantado este a\u00f1o.<\/span><\/p>\n","protected":false},"excerpt":{"rendered":"<p>Los planes y proyectos del centro que m\u00e1s vinculados est\u00e1n con nuestra asignatura de&nbsp; Lengua Castellana y Literatura son los siguientes:&nbsp;&nbsp; Plan de Transformaci\u00f3n Digital Educativa.&nbsp; La progresiva digitalizaci\u00f3n de todos los \u00e1mbitos de la sociedad ha tra\u00eddo consigo&nbsp; nuevas oportunidades. En el entorno educativo, las tecnolog\u00edas digitales pueden mejorar la&nbsp; flexibilidad, la creatividad y [&hellip;]<\/p>\n","protected":false},"author":1,"featured_media":0,"parent":0,"menu_order":0,"comment_status":"closed","ping_status":"closed","template":"","meta":{"ngg_post_thumbnail":0,"footnotes":"","_mc_calendar":[]},"aioseo_notices":[],"_links":{"self":[{"href":"https:\/\/blogsaverroes.juntadeandalucia.es\/iessanjose\/wp-json\/wp\/v2\/pages\/44"}],"collection":[{"href":"https:\/\/blogsaverroes.juntadeandalucia.es\/iessanjose\/wp-json\/wp\/v2\/pages"}],"about":[{"href":"https:\/\/blogsaverroes.juntadeandalucia.es\/iessanjose\/wp-json\/wp\/v2\/types\/page"}],"author":[{"embeddable":true,"href":"https:\/\/blogsaverroes.juntadeandalucia.es\/iessanjose\/wp-json\/wp\/v2\/users\/1"}],"replies":[{"embeddable":true,"href":"https:\/\/blogsaverroes.juntadeandalucia.es\/iessanjose\/wp-json\/wp\/v2\/comments?post=44"}],"version-history":[{"count":6,"href":"https:\/\/blogsaverroes.juntadeandalucia.es\/iessanjose\/wp-json\/wp\/v2\/pages\/44\/revisions"}],"predecessor-version":[{"id":2899,"href":"https:\/\/blogsaverroes.juntadeandalucia.es\/iessanjose\/wp-json\/wp\/v2\/pages\/44\/revisions\/2899"}],"wp:attachment":[{"href":"https:\/\/blogsaverroes.juntadeandalucia.es\/iessanjose\/wp-json\/wp\/v2\/media?parent=44"}],"curies":[{"name":"wp","href":"https:\/\/api.w.org\/{rel}","templated":true}]}}