{"id":1017,"date":"2021-09-15T18:32:32","date_gmt":"2021-09-15T17:32:32","guid":{"rendered":"https:\/\/blogsaverroes.juntadeandalucia.es\/iessantaisabeldehungria\/?page_id=1017"},"modified":"2026-04-07T12:01:21","modified_gmt":"2026-04-07T11:01:21","slug":"tutorias","status":"publish","type":"page","link":"https:\/\/blogsaverroes.juntadeandalucia.es\/iessantaisabeldehungria\/profesorado\/tutorias\/","title":{"rendered":"Funci\u00f3n tutorial"},"content":{"rendered":"[et_pb_section fb_built=\u00bb1&#8243; _builder_version=\u00bb4.16&#8243; _module_preset=\u00bbdefault\u00bb custom_margin=\u00bb30px||50px||false|false\u00bb custom_padding=\u00bb0px||0px|0px|true|false\u00bb locked=\u00bboff\u00bb global_colors_info=\u00bb{}\u00bb][et_pb_row _builder_version=\u00bb4.16&#8243; background_size=\u00bbinitial\u00bb background_position=\u00bbtop_left\u00bb background_repeat=\u00bbrepeat\u00bb custom_margin=\u00bb||30px||false|false\u00bb locked=\u00bboff\u00bb global_colors_info=\u00bb{}\u00bb][et_pb_column type=\u00bb4_4&#8243; _builder_version=\u00bb4.16&#8243; custom_padding=\u00bb|||\u00bb global_colors_info=\u00bb{}\u00bb custom_padding__hover=\u00bb|||\u00bb][et_pb_text admin_label=\u00bbTexto\u00bb _builder_version=\u00bb4.16&#8243; _module_preset=\u00bbdefault\u00bb locked=\u00bboff\u00bb global_colors_info=\u00bb{}\u00bb]\n<p style=\"text-align: left\"><span style=\"font-size: 16pt\">Profesorado<\/span><\/p>\n<p style=\"text-align: left\"><span style=\"font-size: 24pt\"><strong>Funci\u00f3n tutorial<\/strong><br \/><\/span><\/p>\n[\/et_pb_text][\/et_pb_column][\/et_pb_row][et_pb_row _builder_version=\u00bb4.16&#8243; _module_preset=\u00bbdefault\u00bb locked=\u00bboff\u00bb global_colors_info=\u00bb{}\u00bb][et_pb_column type=\u00bb4_4&#8243; _builder_version=\u00bb4.16&#8243; _module_preset=\u00bbdefault\u00bb global_colors_info=\u00bb{}\u00bb][et_pb_toggle title=\u00bbTutor\u00edas de Educaci\u00f3n Secundaria Obligatoria\u00bb _builder_version=\u00bb4.24.2&#8243; _module_preset=\u00bbdefault\u00bb custom_margin=\u00bb||15px||false|false\u00bb hover_enabled=\u00bb0&#8243; locked=\u00bboff\u00bb global_colors_info=\u00bb{}\u00bb sticky_enabled=\u00bb0&#8243;]\n<p>&nbsp;<\/p>\n<table>\n<tbody>\n<tr>\n<td><strong>Grupo<\/strong><\/td>\n<td><strong>Tutor\/a<\/strong><\/td>\n<\/tr>\n<tr>\n<td>1\u00ba ESO A<\/td>\n<td>Guerra Castellano, Nuria Consolaci\u00f3n<\/td>\n<\/tr>\n<tr>\n<td>1\u00ba ESO B<\/td>\n<td>Vital Rond\u00e1n, Ana Mar\u00eda<\/td>\n<\/tr>\n<tr>\n<td><strong>\u00a0<\/strong><\/td>\n<td><strong><\/strong><\/td>\n<\/tr>\n<tr>\n<td><strong>Grupo<\/strong><\/td>\n<td><strong>Tutor\/a<\/strong><\/td>\n<\/tr>\n<tr>\n<td>2\u00ba ESO A<\/td>\n<td>Garc\u00eda Carles, Ana<\/td>\n<\/tr>\n<tr>\n<td>2\u00ba ESO B<\/td>\n<td>Castillo Varela, Noelia Concepci\u00f3n<\/td>\n<\/tr>\n<tr>\n<td>2\u00ba ESO C<\/td>\n<td>Dom\u00ednguez Aguilar, Tatiana<\/td>\n<\/tr>\n<tr>\n<td><strong>\u00a0<\/strong><\/td>\n<td><strong><\/strong><\/td>\n<\/tr>\n<tr>\n<td><strong>Grupo<\/strong><\/td>\n<td><strong>Tutor\/a<\/strong><\/td>\n<\/tr>\n<tr>\n<td>3\u00ba ESO A<\/td>\n<td>Plaza Jurado, Cristina Mar\u00eda<\/td>\n<\/tr>\n<tr>\n<td>3\u00ba ESO B<\/td>\n<td>Gonz\u00e1lez Gonz\u00e1lez, Mar\u00eda Isabel<\/td>\n<\/tr>\n<tr>\n<td>3\u00ba ESO C<\/td>\n<td>Garc\u00eda Llorente, Roberto Pablo<\/td>\n<\/tr>\n<tr>\n<td>3\u00ba ESO D<\/td>\n<td>O\u00f1ate G\u00f3mez, Mar\u00eda Jos\u00e9<\/td>\n<\/tr>\n<tr>\n<td><strong>\u00a0<\/strong><\/td>\n<td><strong><\/strong><\/td>\n<\/tr>\n<tr>\n<td><strong>Grupo<\/strong><\/td>\n<td><strong>Tutor\/a<\/strong><\/td>\n<\/tr>\n<tr>\n<td>4\u00ba ESO A<\/td>\n<td>Navarro Izquierdo, Alba Mar\u00eda<\/td>\n<\/tr>\n<tr>\n<td>4\u00ba ESO B<\/td>\n<td>Ram\u00edrez Serrano, Juan Diego<\/td>\n<\/tr>\n<tr>\n<td>4\u00ba ESO C<\/td>\n<td>Jim\u00e9nez Dugo, Sandra<\/td>\n<\/tr>\n<\/tbody>\n<\/table>\n[\/et_pb_toggle][et_pb_toggle title=\u00bbTutor\u00edas de Bachillerato\u00bb _builder_version=\u00bb4.24.2&#8243; _module_preset=\u00bbdefault\u00bb custom_margin=\u00bb||15px||false|false\u00bb locked=\u00bboff\u00bb global_colors_info=\u00bb{}\u00bb]&nbsp;<\/p>\n<table>\n<tbody>\n<tr>\n<td><strong>Grupo<\/strong><\/td>\n<td><strong>Tutor\/a<\/strong><\/td>\n<\/tr>\n<tr>\n<td>1\u00ba BTO A<\/td>\n<td>Vacas Buenosvinos, Bel\u00e9n<\/td>\n<\/tr>\n<tr>\n<td>1\u00ba BTO B<\/td>\n<td>Ord\u00f3\u00f1ez Fern\u00e1ndez, Diana<\/td>\n<\/tr>\n<tr>\n<td><strong>\u00a0<\/strong><\/td>\n<td><strong><\/strong><\/td>\n<\/tr>\n<tr>\n<td><strong>Grupo<\/strong><\/td>\n<td><strong>Tutor\/a<\/strong><\/td>\n<\/tr>\n<tr>\n<td>2\u00ba BTO A<\/td>\n<td>Beltr\u00e1n Mart\u00edn-Arroyo, Irene<\/td>\n<\/tr>\n<tr>\n<td>2\u00ba BTO B<\/td>\n<td>Alc\u00f3n Alfaro, Mar\u00eda Luisa<\/td>\n<\/tr>\n<\/table>\n[\/et_pb_toggle][et_pb_toggle title=\u00bbTutor\u00edas de Formaci\u00f3n Profesional\u00bb _builder_version=\u00bb4.24.2&#8243; _module_preset=\u00bbdefault\u00bb custom_margin=\u00bb||15px||false|false\u00bb locked=\u00bboff\u00bb global_colors_info=\u00bb{}\u00bb]&nbsp;<\/p>\n<table>\n<tbody>\n<tr>\n<td><strong>Grupo<\/strong><\/td>\n<td><strong>Tutor\/a<\/strong><\/td>\n<\/tr>\n<tr>\n<td>1\u00ba SMR<\/td>\n<td>Padilla Guti\u00e9rrez, Manuel Jes\u00fas<\/td>\n<\/tr>\n<tr>\n<td>2\u00ba SMR<\/td>\n<td>Mu\u00f1oz Maya, Jos\u00e9 Javier<\/td>\n<\/tr>\n<tr>\n<td><strong>\u00a0<\/strong><\/td>\n<td><strong><\/strong><\/td>\n<\/tr>\n<tr>\n<td><strong>Grupo<\/strong><\/td>\n<td><strong>Tutor\/a<\/strong><\/td>\n<\/tr>\n<tr>\n<td>1\u00ba IS<\/td>\n<td>Rond\u00e1n De la Rosa, Cristina<\/td>\n<\/tr>\n<tr>\n<td>2\u00ba IS<\/td>\n<td>Gallardo Dur\u00e1n, Mar\u00eda del Carmen<\/td>\n<\/tr>\n<\/table>\n[\/et_pb_toggle][et_pb_toggle title=\u00bbTutor\u00edas funcionales\u00bb _builder_version=\u00bb4.24.2&#8243; _module_preset=\u00bbdefault\u00bb custom_margin=\u00bb||||false|false\u00bb locked=\u00bboff\u00bb global_colors_info=\u00bb{}\u00bb]\n<p>&nbsp;<\/p>\n<table>\n<tbody>\n<tr>\n<td style=\"width: 78.1875px\"><strong>Funci\u00f3n<\/strong><\/td>\n<td style=\"width: 262.438px\"><strong>Tutor\/a<\/strong><\/td>\n<\/tr>\n<tr>\n<td style=\"width: 78.1875px\">Biblioteca<\/td>\n<td style=\"width: 262.438px\">Miriam Garc\u00eda Vidal<\/td>\n<\/tr>\n<tr>\n<td style=\"width: 78.1875px\">Museo<\/td>\n<td style=\"width: 262.438px\">Nuria Consolaci\u00f3n Guerra Castellano<\/td>\n<\/tr>\n<tr>\n<td style=\"width: 78.1875px\">Pendientes<\/td>\n<td style=\"width: 262.438px\">Manuel Flores Se\u00f1o<\/td>\n<\/tr>\n<\/tbody>\n<\/table>\n[\/et_pb_toggle][\/et_pb_column][\/et_pb_row][\/et_pb_section]\n","protected":false},"excerpt":{"rendered":"<p>Profesorado Funci\u00f3n tutorial&nbsp; Grupo Tutor\/a 1\u00ba ESO A Guerra Castellano, Nuria Consolaci\u00f3n 1\u00ba ESO B Vital Rond\u00e1n, Ana Mar\u00eda \u00a0 Grupo Tutor\/a 2\u00ba ESO A Garc\u00eda Carles, Ana 2\u00ba ESO B Castillo Varela, Noelia Concepci\u00f3n 2\u00ba ESO C Dom\u00ednguez Aguilar, Tatiana \u00a0 Grupo Tutor\/a 3\u00ba ESO A Plaza Jurado, Cristina Mar\u00eda 3\u00ba ESO B Gonz\u00e1lez [&hellip;]<\/p>\n","protected":false},"author":12290,"featured_media":0,"parent":2939,"menu_order":0,"comment_status":"closed","ping_status":"closed","template":"","meta":{"_et_pb_use_builder":"on","_et_pb_old_content":"","_et_gb_content_width":"","ngg_post_thumbnail":0,"footnotes":""},"aioseo_notices":[],"_links":{"self":[{"href":"https:\/\/blogsaverroes.juntadeandalucia.es\/iessantaisabeldehungria\/wp-json\/wp\/v2\/pages\/1017"}],"collection":[{"href":"https:\/\/blogsaverroes.juntadeandalucia.es\/iessantaisabeldehungria\/wp-json\/wp\/v2\/pages"}],"about":[{"href":"https:\/\/blogsaverroes.juntadeandalucia.es\/iessantaisabeldehungria\/wp-json\/wp\/v2\/types\/page"}],"author":[{"embeddable":true,"href":"https:\/\/blogsaverroes.juntadeandalucia.es\/iessantaisabeldehungria\/wp-json\/wp\/v2\/users\/12290"}],"replies":[{"embeddable":true,"href":"https:\/\/blogsaverroes.juntadeandalucia.es\/iessantaisabeldehungria\/wp-json\/wp\/v2\/comments?post=1017"}],"version-history":[{"count":24,"href":"https:\/\/blogsaverroes.juntadeandalucia.es\/iessantaisabeldehungria\/wp-json\/wp\/v2\/pages\/1017\/revisions"}],"predecessor-version":[{"id":6149,"href":"https:\/\/blogsaverroes.juntadeandalucia.es\/iessantaisabeldehungria\/wp-json\/wp\/v2\/pages\/1017\/revisions\/6149"}],"up":[{"embeddable":true,"href":"https:\/\/blogsaverroes.juntadeandalucia.es\/iessantaisabeldehungria\/wp-json\/wp\/v2\/pages\/2939"}],"wp:attachment":[{"href":"https:\/\/blogsaverroes.juntadeandalucia.es\/iessantaisabeldehungria\/wp-json\/wp\/v2\/media?parent=1017"}],"curies":[{"name":"wp","href":"https:\/\/api.w.org\/{rel}","templated":true}]}}