{"id":853,"date":"2020-12-18T08:50:47","date_gmt":"2020-12-18T07:50:47","guid":{"rendered":"https:\/\/blogsaverroes.juntadeandalucia.es\/pre\/plantilla-pencil\/?page_id=853"},"modified":"2022-04-14T10:58:03","modified_gmt":"2022-04-14T09:58:03","slug":"historia","status":"publish","type":"page","link":"https:\/\/blogsaverroes.juntadeandalucia.es\/iessantaisabeldehungria\/el-centro\/historia\/","title":{"rendered":"Nuestra Historia"},"content":{"rendered":"[et_pb_section fb_built=\u00bb1&#8243; _builder_version=\u00bb4.14.5&#8243; _module_preset=\u00bbdefault\u00bb custom_margin=\u00bb30px||50px||false|false\u00bb custom_padding=\u00bb0px||0px||true|false\u00bb locked=\u00bboff\u00bb global_colors_info=\u00bb{}\u00bb][et_pb_row _builder_version=\u00bb4.14.5&#8243; background_size=\u00bbinitial\u00bb background_position=\u00bbtop_left\u00bb background_repeat=\u00bbrepeat\u00bb custom_margin=\u00bb||30px||false|false\u00bb locked=\u00bboff\u00bb global_colors_info=\u00bb{}\u00bb][et_pb_column type=\u00bb4_4&#8243; _builder_version=\u00bb3.0.47&#8243; custom_padding=\u00bb|||\u00bb global_colors_info=\u00bb{}\u00bb custom_padding__hover=\u00bb|||\u00bb][et_pb_text admin_label=\u00bbTexto\u00bb _builder_version=\u00bb4.14.5&#8243; _module_preset=\u00bbdefault\u00bb locked=\u00bboff\u00bb global_colors_info=\u00bb{}\u00bb]\n<p><span style=\"font-size: 21.33333396911621px\">El Centro<\/span><\/p>\n<p><strong style=\"font-size: 24pt\">Nuestra Historia<\/strong><\/p>\n[\/et_pb_text][\/et_pb_column][\/et_pb_row][et_pb_row _builder_version=\u00bb4.14.5&#8243; _module_preset=\u00bbdefault\u00bb global_colors_info=\u00bb{}\u00bb][et_pb_column type=\u00bb4_4&#8243; _builder_version=\u00bb4.14.5&#8243; _module_preset=\u00bbdefault\u00bb global_colors_info=\u00bb{}\u00bb][et_pb_text _builder_version=\u00bb4.14.5&#8243; _module_preset=\u00bbdefault\u00bb global_colors_info=\u00bb{}\u00bb]\n<p style=\"text-align: justify\"><span style=\"font-size: 14px\"><strong><span>N<\/span><\/strong><span>os han dicho que el propio Col\u00f3n pis\u00f3 este suelo despu\u00e9s de las Capitulaciones de Santa Fe. No es improbable, porque hab\u00eda alg\u00fan lazo de amistad entre los monjes de la R\u00e1bida y lo<\/span><\/span><span style=\"font-size: 14px\"><span>s jerezanos. Y adem\u00e1s el segundo viaje a Am\u00e9rica sali\u00f3 de C\u00e1diz y el tercero de Sanl\u00facar, ciudades tan pr\u00f3ximas. Lo que s\u00ed sabemos con seguridad es que aqu\u00ed, antes de partir desde los puertos cercanos hacia el Nuevo Mundo, se concentraban los religiosos de aquella antigua orden militar de Santa Eulalia, luego llamada \u00abde la Merced\u00bb por la tarea primordial que su fundador, Pedro Nolasco, se propuso: la redenci\u00f3n de cautivos.<\/span><\/span><\/p>\n<p style=\"text-align: justify\"><span><strong>J<\/strong>usto en este emplazamiento, entre dos de las antiguas salidas del Jerez amurallado, se asentaron los mercedarios ya en el siglo XIV, si bien la atractiva construcci\u00f3n que nos alberga se levant\u00f3 a partir de los primeros a\u00f1os del siglo XVII.<\/span><\/p>\n<p style=\"text-align: justify\"><span><strong>E<\/strong>l claustro y dem\u00e1s dependencias (cap\u00edtulo, refectorio, celdas, etc.), con los l\u00f3gicos cambios que el tiempo, las circunstancias y su nueva funci\u00f3n han requerido, son actualmente la sede del Instituto Santa Isabel de Hungr\u00eda. Dos puertas conectan a\u00fan lo que hoy es patio de recreo con la Bas\u00edlica de Ntra. Sra. de la Merced, patrona de Jerez de la Frontera.<\/span><\/p>\n<p style=\"text-align: justify\"><span><strong>N<\/strong>o obstante, la conversi\u00f3n del edificio conventual en centro de ense\u00f1anza se ha producido tras no pocas vicisitudes. Desde la \u00e9poca de la invasi\u00f3n francesa se vivieron altibajos de diversa \u00edndole que culminaron, con la desamortizaci\u00f3n de Mendiz\u00e1bal, en el paso del conjunto arquitect\u00f3nico a manos civiles en 1835. <\/span><\/p>\n<p style=\"text-align: justify\"><span><strong>T<\/strong>ras las pertinentes remodelaciones, en 1841 el hist\u00f3rico lugar resurgi\u00f3 como Hospital de Santa Isabel, el primero de car\u00e1cter municipal. A dicha instituci\u00f3n debemos nuestro nombre. Algunas l\u00e1pidas conmemorativas todav\u00eda nos recuerdan la visita de la reina Isabel II y los servicios aqu\u00ed prestados por D. Manuel Ruiz de la Rabia y D. Juan Font\u00e1n de Crespo, o por las Hijas de la Caridad de San Vicente de Pa\u00fal. <\/span><\/p>\n<p style=\"text-align: justify\"><span><strong>E<\/strong>n los a\u00f1os sesenta de este siglo el c\u00e9lebre Hospital de Santa Isabel dej\u00f3 de existir, reemplazado por otro m\u00e1s moderno en las afueras de la ciudad. La edificaci\u00f3n desde hac\u00eda a\u00f1os en mal estado, fue v\u00edctima del abandono y la ruina hasta que el 29 de diciembre de 1988, en una acertad\u00edsima decisi\u00f3n, se adjudicaron las obras para levantar un Instituto de Ense\u00f1anza Media. Fueron dirigidas por el arquitecto Dar\u00eda Gazapo de Aguilera. <\/span><\/p>\n<p style=\"text-align: justify\"><span><strong>U<\/strong>na parte de construcci\u00f3n totalmente moderna se entreg\u00f3 en noviembre del a\u00f1o 89. La restauraci\u00f3n del sector que podr\u00edamos denominar antiguo fue m\u00e1s pausada, habida cuenta del indescriptible deterioro del recinto. Al comienzo del curso siguiente pudimos ya disfrutar de un a\u00f1ejo pero remozado edificio. <\/span><\/p>\n<p style=\"text-align: justify\"><span><strong>A<\/strong>parte de algunas aulas y salas donde se ha querido conservar, con sus b\u00f3vedas o techos tradicionales de madera, ese sabor, ese ambiente de \u00e9pocas pasadas, los elementos m\u00e1s llamativos, sin duda, de todo el conjunto son el enorme claustro y la escalera principal. As\u00ed describe el claustro nuestra compa\u00f1era la profesora Mar\u00eda Dolores Rodr\u00edguez Doblas: \u00abSus proporciones son equilibradas. Sus galer\u00edas anchas. Arcos de gran amplitud. B\u00f3vedas g\u00f3ticas de crucer\u00eda con nervios combados. Separan las b\u00f3vedas, cinco en cada lateral, arcos formeros de medio punto. En las claves aparecen los escudos de la orden y de la ciudad. Los arcos descansan sobre pilares decorados con columnas adosadas de orden toscano y de gusto renacentista\u00bb. <\/span><\/p>\n<p style=\"text-align: justify\"><span><strong>C<\/strong>omo arriba apunt\u00e1bamos, data del siglo XVII. El sobreclaustro original, ahora con unos amplios pasillos era del siglo XVIII; as\u00ed como la colosal escalera, construida gracias a los fondos que desde Am\u00e9rica envi\u00f3 el Padre Sierra. De jaspe parecen ser su z\u00f3calo y pasamano, en cuyo arranque se representa un mitol\u00f3gico ser antropomorfo alado. <\/span><\/p>\n<p style=\"text-align: justify\"><span><strong>H<\/strong>asta aqu\u00ed un poco de Historia. Son la convivencia y el trabajo diario de los diversos sectores de nuestra comunidad educativa quienes dan nueva vida a estoos viejos muros, que han visto c\u00f3mo ha venido form\u00e1ndose una cadena continua de eslabones de eslabones ciertamente heterog\u00e9neos, pero trabados por ese fin com\u00fan del servicio a los dem\u00e1s. De hecho, el alumnado que hoy entre estas paredes se educan son en muchos casos, los hijos y nietos de aqu\u00e9llos que aqu\u00ed mismo nacieron.<br \/>\n<\/span><\/p>\n<p><span>Francisco Antonio Garc\u00eda Romero.<\/span>[\/et_pb_text][\/et_pb_column][\/et_pb_row][\/et_pb_section]\n","protected":false},"excerpt":{"rendered":"<p>El Centro Nuestra HistoriaNos han dicho que el propio Col\u00f3n pis\u00f3 este suelo despu\u00e9s de las Capitulaciones de Santa Fe. No es improbable, porque hab\u00eda alg\u00fan lazo de amistad entre los monjes de la R\u00e1bida y los jerezanos. Y adem\u00e1s el segundo viaje a Am\u00e9rica sali\u00f3 de C\u00e1diz y el tercero de Sanl\u00facar, ciudades tan [&hellip;]<\/p>\n","protected":false},"author":3248,"featured_media":0,"parent":2903,"menu_order":0,"comment_status":"closed","ping_status":"closed","template":"","meta":{"_et_pb_use_builder":"on","_et_pb_old_content":"","_et_gb_content_width":"","ngg_post_thumbnail":0,"footnotes":""},"aioseo_notices":[],"_links":{"self":[{"href":"https:\/\/blogsaverroes.juntadeandalucia.es\/iessantaisabeldehungria\/wp-json\/wp\/v2\/pages\/853"}],"collection":[{"href":"https:\/\/blogsaverroes.juntadeandalucia.es\/iessantaisabeldehungria\/wp-json\/wp\/v2\/pages"}],"about":[{"href":"https:\/\/blogsaverroes.juntadeandalucia.es\/iessantaisabeldehungria\/wp-json\/wp\/v2\/types\/page"}],"author":[{"embeddable":true,"href":"https:\/\/blogsaverroes.juntadeandalucia.es\/iessantaisabeldehungria\/wp-json\/wp\/v2\/users\/3248"}],"replies":[{"embeddable":true,"href":"https:\/\/blogsaverroes.juntadeandalucia.es\/iessantaisabeldehungria\/wp-json\/wp\/v2\/comments?post=853"}],"version-history":[{"count":15,"href":"https:\/\/blogsaverroes.juntadeandalucia.es\/iessantaisabeldehungria\/wp-json\/wp\/v2\/pages\/853\/revisions"}],"predecessor-version":[{"id":3408,"href":"https:\/\/blogsaverroes.juntadeandalucia.es\/iessantaisabeldehungria\/wp-json\/wp\/v2\/pages\/853\/revisions\/3408"}],"up":[{"embeddable":true,"href":"https:\/\/blogsaverroes.juntadeandalucia.es\/iessantaisabeldehungria\/wp-json\/wp\/v2\/pages\/2903"}],"wp:attachment":[{"href":"https:\/\/blogsaverroes.juntadeandalucia.es\/iessantaisabeldehungria\/wp-json\/wp\/v2\/media?parent=853"}],"curies":[{"name":"wp","href":"https:\/\/api.w.org\/{rel}","templated":true}]}}