{"id":613,"date":"2024-12-11T13:17:33","date_gmt":"2024-12-11T12:17:33","guid":{"rendered":"https:\/\/blogsaverroes.juntadeandalucia.es\/iessantamariadelaguila\/?page_id=613"},"modified":"2026-04-27T20:53:15","modified_gmt":"2026-04-27T18:53:15","slug":"dpto-matematicas","status":"publish","type":"page","link":"https:\/\/blogsaverroes.juntadeandalucia.es\/iessantamariadelaguila\/dpto-matematicas\/","title":{"rendered":"Dpto MATEM\u00c1TICAS"},"content":{"rendered":"<p>[et_pb_section fb_built=&#8221;1&#8243; admin_label=&#8221;About&#8221; _builder_version=&#8221;4.24.2&#8243; _module_preset=&#8221;default&#8221; hover_enabled=&#8221;0&#8243; collapsed=&#8221;on&#8221; global_colors_info=&#8221;{}&#8221; theme_builder_area=&#8221;post_content&#8221; sticky_enabled=&#8221;0&#8243; inner_shadow=&#8221;on&#8221; top_divider_style=&#8221;slant2&#8243; top_divider_color=&#8221;#0C71C3&#8243; title_text=&#8221;ChatGPT Image 27 abr 2026, 20_45_51&#8243; background_enable_image=&#8221;off&#8221; background_color=&#8221;#f2f2f2&#8243;][et_pb_row _builder_version=&#8221;4.24.2&#8243; _module_preset=&#8221;default&#8221; theme_builder_area=&#8221;post_content&#8221;][et_pb_column _builder_version=&#8221;4.24.2&#8243; _module_preset=&#8221;default&#8221; type=&#8221;4_4&#8243; theme_builder_area=&#8221;post_content&#8221;][et_pb_image src=&#8221;https:\/\/blogsaverroes.juntadeandalucia.es\/iessantamariadelaguila\/files\/2026\/04\/ChatGPT-Image-27-abr-2026-20_45_51.png&#8221; _builder_version=&#8221;4.24.2&#8243; _module_preset=&#8221;default&#8221; theme_builder_area=&#8221;post_content&#8221; title_text=&#8221;ChatGPT Image 27 abr 2026, 20_45_51&#8243; hover_enabled=&#8221;0&#8243; sticky_enabled=&#8221;0&#8243;][\/et_pb_image][\/et_pb_column][\/et_pb_row][\/et_pb_section][et_pb_section fb_built=&#8221;1&#8243; admin_label=&#8221;About&#8221; _builder_version=&#8221;4.24.3&#8243; _module_preset=&#8221;default&#8221; hover_enabled=&#8221;0&#8243; collapsed=&#8221;on&#8221; global_colors_info=&#8221;{}&#8221; theme_builder_area=&#8221;post_content&#8221; sticky_enabled=&#8221;0&#8243;][et_pb_row column_structure=&#8221;1_3,1_3,1_3&#8243; _builder_version=&#8221;4.24.3&#8243; _module_preset=&#8221;default&#8221; max_width=&#8221;none&#8221; global_colors_info=&#8221;{}&#8221; theme_builder_area=&#8221;post_content&#8221;][et_pb_column type=&#8221;1_3&#8243; _builder_version=&#8221;4.24.3&#8243; _module_preset=&#8221;default&#8221; global_colors_info=&#8221;{}&#8221; theme_builder_area=&#8221;post_content&#8221;][et_pb_button button_text=&#8221;PINCHA AQU\u00cd PARA ACCEDER A LA PROGRAMACI\u00d3N DEL DEPARTAMENTO&#8221; _builder_version=&#8221;4.24.2&#8243; _module_preset=&#8221;30253a07-c351-4045-9c2a-f37695d96609&#8243; hover_enabled=&#8221;0&#8243; global_colors_info=&#8221;{}&#8221; theme_builder_area=&#8221;post_content&#8221; sticky_enabled=&#8221;0&#8243; button_url=&#8221;https:\/\/drive.google.com\/file\/d\/1cfeAoM0QXV90ybJ0z3_-aF1H0TWGItbO\/view?usp=sharing&#8221;][\/et_pb_button][\/et_pb_column][et_pb_column type=&#8221;1_3&#8243; _builder_version=&#8221;4.24.3&#8243; _module_preset=&#8221;default&#8221; global_colors_info=&#8221;{}&#8221; theme_builder_area=&#8221;post_content&#8221;][et_pb_text _builder_version=&#8221;4.24.2&#8243; _module_preset=&#8221;default&#8221; theme_builder_area=&#8221;post_content&#8221; hover_enabled=&#8221;0&#8243; sticky_enabled=&#8221;0&#8243;]<\/p>\n<p>&nbsp;<\/p>\n<p>&nbsp;<\/p>\n<p><strong>\u00a0MIEMBROS DEL DEPARTAMENTO CURSO 25\/26<\/strong><\/p>\n<p>[\/et_pb_text][\/et_pb_column][et_pb_column _builder_version=&#8221;4.24.2&#8243; _module_preset=&#8221;default&#8221; type=&#8221;1_3&#8243; theme_builder_area=&#8221;post_content&#8221;][et_pb_text _builder_version=&#8221;4.24.2&#8243; _module_preset=&#8221;2f0eef87-84e5-417a-a012-3f2790317d25&#8243; hover_enabled=&#8221;0&#8243; global_colors_info=&#8221;{}&#8221; theme_builder_area=&#8221;post_content&#8221; sticky_enabled=&#8221;0&#8243;]<\/p>\n<ul>\n<li><strong>JEFE DE DEPARTAMENTO:<\/strong> Rafael Rodr\u00edguez Santana<\/li>\n<li><strong>PROFESORES:<\/strong>\n<ul>\n<li>M\u00aa \u00c1ngeles Garc\u00eda Buend\u00eda ( directora del centro)<\/li>\n<li>Rosal\u00eda Mart\u00edn ( tutora 4\u00baESO B)<\/li>\n<li>N\u00e9lida Quiroga (tutora 1\u00ba ESO A)<\/li>\n<li>M\u00aa Carmen Morales (tutora 4\u00ba ESO A)<\/li>\n<li>Jos\u00e9 Garc\u00eda Hita ( tutor 4\u00baESO E)<\/li>\n<li><\/li>\n<\/ul>\n<\/li>\n<\/ul>\n<p>[\/et_pb_text][\/et_pb_column][\/et_pb_row][\/et_pb_section]<\/p>\n","protected":false},"excerpt":{"rendered":"<p>&nbsp; &nbsp; \u00a0MIEMBROS DEL DEPARTAMENTO CURSO 25\/26 JEFE DE DEPARTAMENTO: Rafael Rodr\u00edguez Santana PROFESORES: M\u00aa \u00c1ngeles Garc\u00eda Buend\u00eda ( directora del centro) Rosal\u00eda Mart\u00edn ( tutora 4\u00baESO B) N\u00e9lida Quiroga (tutora 1\u00ba ESO A) M\u00aa Carmen Morales (tutora 4\u00ba ESO A) Jos\u00e9 Garc\u00eda Hita ( tutor 4\u00baESO E)<\/p>\n","protected":false},"author":20348,"featured_media":0,"parent":0,"menu_order":0,"comment_status":"closed","ping_status":"closed","template":"","meta":{"_et_pb_use_builder":"on","_et_pb_old_content":"","_et_gb_content_width":"","ngg_post_thumbnail":0,"footnotes":""},"aioseo_notices":[],"_links":{"self":[{"href":"https:\/\/blogsaverroes.juntadeandalucia.es\/iessantamariadelaguila\/wp-json\/wp\/v2\/pages\/613"}],"collection":[{"href":"https:\/\/blogsaverroes.juntadeandalucia.es\/iessantamariadelaguila\/wp-json\/wp\/v2\/pages"}],"about":[{"href":"https:\/\/blogsaverroes.juntadeandalucia.es\/iessantamariadelaguila\/wp-json\/wp\/v2\/types\/page"}],"author":[{"embeddable":true,"href":"https:\/\/blogsaverroes.juntadeandalucia.es\/iessantamariadelaguila\/wp-json\/wp\/v2\/users\/20348"}],"replies":[{"embeddable":true,"href":"https:\/\/blogsaverroes.juntadeandalucia.es\/iessantamariadelaguila\/wp-json\/wp\/v2\/comments?post=613"}],"version-history":[{"count":3,"href":"https:\/\/blogsaverroes.juntadeandalucia.es\/iessantamariadelaguila\/wp-json\/wp\/v2\/pages\/613\/revisions"}],"predecessor-version":[{"id":750,"href":"https:\/\/blogsaverroes.juntadeandalucia.es\/iessantamariadelaguila\/wp-json\/wp\/v2\/pages\/613\/revisions\/750"}],"wp:attachment":[{"href":"https:\/\/blogsaverroes.juntadeandalucia.es\/iessantamariadelaguila\/wp-json\/wp\/v2\/media?parent=613"}],"curies":[{"name":"wp","href":"https:\/\/api.w.org\/{rel}","templated":true}]}}

Dpto MATEMÁTICAS

<p>[et_pb_section fb_built=&#8221;1&#8243; admin_label=&#8221;About&#8221; _builder_version=&#8221;4.24.2&#8243; _module_preset=&#8221;default&#8221; hover_enabled=&#8221;0&#8243; collapsed=&#8221;on&#8221; global_colors_info=&#8221;{}&#8221; theme_builder_area=&#8221;post_content&#8221; sticky_enabled=&#8221;0&#8243; inner_shadow=&#8221;on&#8221; top_divider_style=&#8221;slant2&#8243; top_divider_color=&#8221;#0C71C3&#8243; title_text=&#8221;ChatGPT Image 27 abr 2026, 20_45_51&#8243; background_enable_image=&#8221;off&#8221; background_color=&#8221;#f2f2f2&#8243;][et_pb_row _builder_version=&#8221;4.24.2&#8243; _module_preset=&#8221;default&#8221; theme_builder_area=&#8221;post_content&#8221;][et_pb_column _builder_version=&#8221;4.24.2&#8243; _module_preset=&#8221;default&#8221; type=&#8221;4_4&#8243; theme_builder_area=&#8221;post_content&#8221;][et_pb_image src=&#8221;https://blogsaverroes.juntadeandalucia.es/iessantamariadelaguila/files/2026/04/ChatGPT-Image-27-abr-2026-20_45_51.png&#8221; _builder_version=&#8221;4.24.2&#8243; _module_preset=&#8221;default&#8221; theme_builder_area=&#8221;post_content&#8221; title_text=&#8221;ChatGPT Image 27 abr 2026, 20_45_51&#8243; hover_enabled=&#8221;0&#8243; sticky_enabled=&#8221;0&#8243;][/et_pb_image][/et_pb_column][/et_pb_row][/et_pb_section][et_pb_section fb_built=&#8221;1&#8243; admin_label=&#8221;About&#8221; _builder_version=&#8221;4.24.3&#8243; _module_preset=&#8221;default&#8221; hover_enabled=&#8221;0&#8243; collapsed=&#8221;on&#8221; global_colors_info=&#8221;{}&#8221; theme_builder_area=&#8221;post_content&#8221; sticky_enabled=&#8221;0&#8243;][et_pb_row column_structure=&#8221;1_3,1_3,1_3&#8243; _builder_version=&#8221;4.24.3&#8243; _module_preset=&#8221;default&#8221; max_width=&#8221;none&#8221; global_colors_info=&#8221;{}&#8221; theme_builder_area=&#8221;post_content&#8221;][et_pb_column type=&#8221;1_3&#8243; _builder_version=&#8221;4.24.3&#8243; _module_preset=&#8221;default&#8221; global_colors_info=&#8221;{}&#8221; theme_builder_area=&#8221;post_content&#8221;][et_pb_button button_text=&#8221;PINCHA AQUÍ PARA ACCEDER A LA PROGRAMACIÓN DEL DEPARTAMENTO&#8221; _builder_version=&#8221;4.24.2&#8243; _module_preset=&#8221;30253a07-c351-4045-9c2a-f37695d96609&#8243; hover_enabled=&#8221;0&#8243; global_colors_info=&#8221;{}&#8221; theme_builder_area=&#8221;post_content&#8221; sticky_enabled=&#8221;0&#8243; button_url=&#8221;https://drive.google.com/file/d/1cfeAoM0QXV90ybJ0z3_-aF1H0TWGItbO/view?usp=sharing&#8221;][/et_pb_button][/et_pb_column][et_pb_column type=&#8221;1_3&#8243; _builder_version=&#8221;4.24.3&#8243; _module_preset=&#8221;default&#8221; global_colors_info=&#8221;{}&#8221; theme_builder_area=&#8221;post_content&#8221;][et_pb_text _builder_version=&#8221;4.24.2&#8243; _module_preset=&#8221;default&#8221; theme_builder_area=&#8221;post_content&#8221; hover_enabled=&#8221;0&#8243; sticky_enabled=&#8221;0&#8243;]</p>
<p>&nbsp;</p>
<p>&nbsp;</p>
<p><strong> MIEMBROS DEL DEPARTAMENTO CURSO 25/26</strong></p>
<p>[/et_pb_text][/et_pb_column][et_pb_column _builder_version=&#8221;4.24.2&#8243; _module_preset=&#8221;default&#8221; type=&#8221;1_3&#8243; theme_builder_area=&#8221;post_content&#8221;][et_pb_text _builder_version=&#8221;4.24.2&#8243; _module_preset=&#8221;2f0eef87-84e5-417a-a012-3f2790317d25&#8243; hover_enabled=&#8221;0&#8243; global_colors_info=&#8221;{}&#8221; theme_builder_area=&#8221;post_content&#8221; sticky_enabled=&#8221;0&#8243;]</p>
<ul>
<li><strong>JEFE DE DEPARTAMENTO:</strong> Rafael Rodríguez Santana</li>
<li><strong>PROFESORES:</strong>
<ul>
<li>Mª Ángeles García Buendía ( directora del centro)</li>
<li>Rosalía Martín ( tutora 4ºESO B)</li>
<li>Nélida Quiroga (tutora 1º ESO A)</li>
<li>Mª Carmen Morales (tutora 4º ESO A)</li>
<li>José García Hita ( tutor 4ºESO E)</li>
<li></li>
</ul>
</li>
</ul>
<p>[/et_pb_text][/et_pb_column][/et_pb_row][/et_pb_section]</p>

<p>&nbsp; &nbsp;  MIEMBROS DEL DEPARTAMENTO CURSO 25/26 JEFE DE DEPARTAMENTO: Rafael Rodríguez Santana PROFESORES: Mª Ángeles García Buendía ( directora del centro) Rosalía Martín ( tutora 4ºESO B) Nélida Quiroga (tutora 1º ESO A) Mª Carmen Morales (tutora 4º ESO A) José García Hita ( tutor 4ºESO E)</p>
