{"id":227,"date":"2020-11-16T10:13:54","date_gmt":"2020-11-16T10:13:54","guid":{"rendered":"https:\/\/blogsaverroes.juntadeandalucia.es\/iessantelmo\/?page_id=227"},"modified":"2021-06-14T10:06:27","modified_gmt":"2021-06-14T10:06:27","slug":"noticias","status":"publish","type":"page","link":"https:\/\/blogsaverroes.juntadeandalucia.es\/iessantelmo\/noticias\/","title":{"rendered":"Noticias Destacadas"},"content":{"rendered":"<p style=\"text-align: center\"><em><strong>Procedimiento Reclamaci\u00f3n<\/strong><\/em><\/p>\n<p style=\"padding-left: 40px\">Consulta en el siguiente pdf el proceso de reclamaci\u00f3n.&nbsp;<\/p>\n<blockquote>\n<p style=\"text-align: center\"><a href=\"https:\/\/blogsaverroes.juntadeandalucia.es\/iessantelmo\/files\/2021\/06\/Reclamacio\u0301n-20-21.pdf\"><span style=\"color: #99cc00\"><em><span style=\"font-size: 18pt\"><strong>Reclamacio\u0301n 20-21<\/strong><\/span><\/em><\/span><\/a><\/p>\n<\/blockquote>\n<p>&nbsp;<\/p>\n<p style=\"text-align: center\"><em><strong>Grabaci\u00f3n Grupo de&nbsp; Investigaci\u00f3n <\/strong><\/em><\/p>\n<p>&nbsp;<\/p>\n<p><img loading=\"lazy\" decoding=\"async\" class=\"wp-image-597 aligncenter\" src=\"https:\/\/blogsaverroes.juntadeandalucia.es\/iessantelmo\/files\/2021\/04\/WhatsApp-Image-2021-04-14-at-18.00.07.jpeg\" alt=\"\" width=\"378\" height=\"318\" srcset=\"https:\/\/blogsaverroes.juntadeandalucia.es\/iessantelmo\/files\/2021\/04\/WhatsApp-Image-2021-04-14-at-18.00.07.jpeg 1125w, https:\/\/blogsaverroes.juntadeandalucia.es\/iessantelmo\/files\/2021\/04\/WhatsApp-Image-2021-04-14-at-18.00.07-300x253.jpeg 300w, https:\/\/blogsaverroes.juntadeandalucia.es\/iessantelmo\/files\/2021\/04\/WhatsApp-Image-2021-04-14-at-18.00.07-1024x862.jpeg 1024w, https:\/\/blogsaverroes.juntadeandalucia.es\/iessantelmo\/files\/2021\/04\/WhatsApp-Image-2021-04-14-at-18.00.07-768x646.jpeg 768w\" sizes=\"(max-width: 378px) 100vw, 378px\" \/><\/p>\n<p>&nbsp;<\/p>\n<p style=\"text-align: center\"><em><strong>Investigaci\u00f3n Interdisciplinar<\/strong><\/em><\/p>\n<p>&nbsp;<\/p>\n<p><img loading=\"lazy\" decoding=\"async\" class=\" wp-image-475 aligncenter\" src=\"https:\/\/blogsaverroes.juntadeandalucia.es\/iessantelmo\/files\/2021\/03\/IESSantelmo-noticias.jpeg\" alt=\"\" width=\"418\" height=\"437\" srcset=\"https:\/\/blogsaverroes.juntadeandalucia.es\/iessantelmo\/files\/2021\/03\/IESSantelmo-noticias.jpeg 980w, https:\/\/blogsaverroes.juntadeandalucia.es\/iessantelmo\/files\/2021\/03\/IESSantelmo-noticias-287x300.jpeg 287w, https:\/\/blogsaverroes.juntadeandalucia.es\/iessantelmo\/files\/2021\/03\/IESSantelmo-noticias-768x802.jpeg 768w\" sizes=\"(max-width: 418px) 100vw, 418px\" \/><\/p>\n<p>&nbsp;<\/p>\n<p>&nbsp;<\/p>\n<p style=\"text-align: center\"><em><strong>Proyecto #COTES<\/strong><\/em><\/p>\n<p>&nbsp;<\/p>\n<p><img loading=\"lazy\" decoding=\"async\" class=\" wp-image-453 aligncenter\" src=\"https:\/\/blogsaverroes.juntadeandalucia.es\/iessantelmo\/files\/2021\/02\/6c1aa641-3303-446c-975b-f25eaf11bc7f.jpeg\" alt=\"\" width=\"425\" height=\"518\" srcset=\"https:\/\/blogsaverroes.juntadeandalucia.es\/iessantelmo\/files\/2021\/02\/6c1aa641-3303-446c-975b-f25eaf11bc7f.jpeg 1125w, https:\/\/blogsaverroes.juntadeandalucia.es\/iessantelmo\/files\/2021\/02\/6c1aa641-3303-446c-975b-f25eaf11bc7f-246x300.jpeg 246w, https:\/\/blogsaverroes.juntadeandalucia.es\/iessantelmo\/files\/2021\/02\/6c1aa641-3303-446c-975b-f25eaf11bc7f-840x1024.jpeg 840w, https:\/\/blogsaverroes.juntadeandalucia.es\/iessantelmo\/files\/2021\/02\/6c1aa641-3303-446c-975b-f25eaf11bc7f-768x936.jpeg 768w\" sizes=\"(max-width: 425px) 100vw, 425px\" \/><\/p>\n<p>&nbsp;<\/p>\n<p>&nbsp;<\/p>\n<p style=\"text-align: center\"><em><strong>Charla Online ICMAN<\/strong><\/em><\/p>\n<p style=\"text-align: center\">Aqu\u00ed tenemos la v\u00eddeo conferencia a la que asistieron nuestros alumnos de 3\u00ba B sobre los ping\u00fcinos como claves del funcionamiento qu\u00edmico y biol\u00f3gico de la Ant\u00e1rtida. Fue muy interesante asistir en directo y ahora nos gustar\u00eda compartirla en diferido.<\/p>\n<p>&nbsp;<\/p>\n<p><iframe loading=\"lazy\" title=\"Los ping\u00fcinos: claves del funcionamiento qu\u00edmico y biol\u00f3gico de la Ant\u00e1rtida. Semana de la Ciencia y\" width=\"500\" height=\"281\" src=\"https:\/\/www.youtube.com\/embed\/RYec6T2eD6o?feature=oembed&#038;wmode=opaque\" frameborder=\"0\" allow=\"accelerometer; autoplay; clipboard-write; encrypted-media; gyroscope; picture-in-picture\" allowfullscreen><\/iframe><\/p>\n<p>&nbsp;<\/p>\n<p style=\"text-align: center\"><span style=\"color: #808080\">_______________________________________<\/span><\/p>\n<p>&nbsp;<\/p>\n<p style=\"text-align: center\"><span style=\"font-size: 14pt\"><em><strong>El flamenco en San Telmo<\/strong><\/em><\/span><\/p>\n<p style=\"text-align: center\">Nuestro compa\u00f1ero Juan nos deleita con una demostraci\u00f3n en guitarra&nbsp; de los distintos palos del flamenco. Esperamos que os guste!!!.<\/p>\n<p><a href=\"https:\/\/www.youtube.com\/watch?v=7PXpjSKdvFg\"><img loading=\"lazy\" decoding=\"async\" class=\" wp-image-204 aligncenter\" src=\"https:\/\/blogsaverroes.juntadeandalucia.es\/iessantelmo\/files\/2020\/11\/Flamenco-en-San-Telmo-300x173.jpg\" alt=\"\" width=\"433\" height=\"249\"><\/a><\/p>\n","protected":false},"excerpt":{"rendered":"<p>Procedimiento Reclamaci\u00f3n Consulta en el siguiente pdf el proceso de reclamaci\u00f3n.&nbsp; Reclamacio\u0301n 20-21 &nbsp; Grabaci\u00f3n Grupo de&nbsp; Investigaci\u00f3n &nbsp; &nbsp; Investigaci\u00f3n Interdisciplinar &nbsp; &nbsp; &nbsp; Proyecto #COTES &nbsp; &nbsp; &nbsp; Charla Online ICMAN Aqu\u00ed tenemos&#46;&#46;&#46;<\/p>\n","protected":false},"author":11269,"featured_media":0,"parent":0,"menu_order":0,"comment_status":"closed","ping_status":"closed","template":"","meta":{"ngg_post_thumbnail":0,"footnotes":""},"aioseo_notices":[],"_links":{"self":[{"href":"https:\/\/blogsaverroes.juntadeandalucia.es\/iessantelmo\/wp-json\/wp\/v2\/pages\/227"}],"collection":[{"href":"https:\/\/blogsaverroes.juntadeandalucia.es\/iessantelmo\/wp-json\/wp\/v2\/pages"}],"about":[{"href":"https:\/\/blogsaverroes.juntadeandalucia.es\/iessantelmo\/wp-json\/wp\/v2\/types\/page"}],"author":[{"embeddable":true,"href":"https:\/\/blogsaverroes.juntadeandalucia.es\/iessantelmo\/wp-json\/wp\/v2\/users\/11269"}],"replies":[{"embeddable":true,"href":"https:\/\/blogsaverroes.juntadeandalucia.es\/iessantelmo\/wp-json\/wp\/v2\/comments?post=227"}],"version-history":[{"count":8,"href":"https:\/\/blogsaverroes.juntadeandalucia.es\/iessantelmo\/wp-json\/wp\/v2\/pages\/227\/revisions"}],"predecessor-version":[{"id":992,"href":"https:\/\/blogsaverroes.juntadeandalucia.es\/iessantelmo\/wp-json\/wp\/v2\/pages\/227\/revisions\/992"}],"wp:attachment":[{"href":"https:\/\/blogsaverroes.juntadeandalucia.es\/iessantelmo\/wp-json\/wp\/v2\/media?parent=227"}],"curies":[{"name":"wp","href":"https:\/\/api.w.org\/{rel}","templated":true}]}}