{"id":819,"date":"2021-04-22T17:25:33","date_gmt":"2021-04-22T17:25:33","guid":{"rendered":"https:\/\/blogsaverroes.juntadeandalucia.es\/iessantelmo\/?page_id=819"},"modified":"2021-04-22T17:30:47","modified_gmt":"2021-04-22T17:30:47","slug":"2oz-inicio","status":"publish","type":"page","link":"https:\/\/blogsaverroes.juntadeandalucia.es\/iessantelmo\/2oz-inicio\/","title":{"rendered":"2\u00baZ Inicio"},"content":{"rendered":"<p align=\"RIGHT\">&nbsp;<\/p>\n<p align=\"JUSTIFY\"><span style=\"font-size: xx-large\"> Luke Holland era un chico t\u00edmido y callado. Siempre iba a las gradas de su instituto a fumar. Era un chico de cabello rubio y ojos azules. Desde los diez a\u00f1os estaba enamorado de una chica llamada Hasley Weigrel, pero ella nunca le hab\u00eda hecho caso. Ella era una chica a la cual le encantaba conocer a gente nueva. Era simp\u00e1tica y social. Siempre iba con la camiseta manchada de pasta de dientes.<\/span><\/p>\n<p align=\"JUSTIFY\"><span style=\"font-size: xx-large\"> Un d\u00eda ella hab\u00eda llegado tarde a clase, as\u00ed que el profesor de Literatura le ech\u00f3 de clase. <\/span><\/p>\n<p><span style=\"font-size: xx-large\">Decide:<\/span><\/p>\n<p><span style=\"font-size: xx-large\"> 1. <a href=\"https:\/\/blogsaverroes.juntadeandalucia.es\/iessantelmo\/2oz-hasley-va-al-bano\/\"><span style=\"color: #800000\"><span lang=\"zxx\"><u>Hasley va al ba\u00f1o<\/u><\/span><\/span><\/a><\/span><\/p>\n<p><span style=\"font-size: xx-large\"> 2. <a href=\"https:\/\/blogsaverroes.juntadeandalucia.es\/iessantelmo\/2oz-hasley-va-a-jefatura-de-estudios\/\"><span style=\"color: #800000\"><span lang=\"zxx\"><u>Hasley va a Jefatura de Estudios<\/u><\/span><\/span><\/a><\/span><\/p>\n","protected":false},"excerpt":{"rendered":"<p>&nbsp; Luke Holland era un chico t\u00edmido y callado. Siempre iba a las gradas de su instituto a fumar. Era un chico de cabello rubio y ojos azules. Desde los diez a\u00f1os estaba enamorado de&#46;&#46;&#46;<\/p>\n","protected":false},"author":11269,"featured_media":0,"parent":0,"menu_order":0,"comment_status":"closed","ping_status":"closed","template":"","meta":{"ngg_post_thumbnail":0,"footnotes":""},"aioseo_notices":[],"_links":{"self":[{"href":"https:\/\/blogsaverroes.juntadeandalucia.es\/iessantelmo\/wp-json\/wp\/v2\/pages\/819"}],"collection":[{"href":"https:\/\/blogsaverroes.juntadeandalucia.es\/iessantelmo\/wp-json\/wp\/v2\/pages"}],"about":[{"href":"https:\/\/blogsaverroes.juntadeandalucia.es\/iessantelmo\/wp-json\/wp\/v2\/types\/page"}],"author":[{"embeddable":true,"href":"https:\/\/blogsaverroes.juntadeandalucia.es\/iessantelmo\/wp-json\/wp\/v2\/users\/11269"}],"replies":[{"embeddable":true,"href":"https:\/\/blogsaverroes.juntadeandalucia.es\/iessantelmo\/wp-json\/wp\/v2\/comments?post=819"}],"version-history":[{"count":2,"href":"https:\/\/blogsaverroes.juntadeandalucia.es\/iessantelmo\/wp-json\/wp\/v2\/pages\/819\/revisions"}],"predecessor-version":[{"id":832,"href":"https:\/\/blogsaverroes.juntadeandalucia.es\/iessantelmo\/wp-json\/wp\/v2\/pages\/819\/revisions\/832"}],"wp:attachment":[{"href":"https:\/\/blogsaverroes.juntadeandalucia.es\/iessantelmo\/wp-json\/wp\/v2\/media?parent=819"}],"curies":[{"name":"wp","href":"https:\/\/api.w.org\/{rel}","templated":true}]}}