{"id":153,"date":"2015-03-17T07:48:56","date_gmt":"2015-03-17T07:48:56","guid":{"rendered":"http:\/\/blogsaverroes.juntadeandalucia.es\/pre\/ceip\/?page_id=153"},"modified":"2025-05-16T08:18:30","modified_gmt":"2025-05-16T08:18:30","slug":"geografia-e-historia","status":"publish","type":"page","link":"https:\/\/blogsaverroes.juntadeandalucia.es\/iessebastianfernandez\/geografia-e-historia\/","title":{"rendered":"Geograf\u00eda e Historia"},"content":{"rendered":"<p><img loading=\"lazy\" decoding=\"async\" class=\"aligncenter size-medium wp-image-2109\" src=\"http:\/\/blogsaverroes.juntadeandalucia.es\/temapinboardies\/files\/2015\/03\/geografia_historia-300x225.png\" alt=\"geografia_historia\" width=\"300\" height=\"225\" srcset=\"https:\/\/blogsaverroes.juntadeandalucia.es\/iessebastianfernandez\/files\/2015\/03\/geografia_historia-300x225.png 300w, https:\/\/blogsaverroes.juntadeandalucia.es\/iessebastianfernandez\/files\/2015\/03\/geografia_historia.png 640w\" sizes=\"(max-width: 300px) 85vw, 300px\" \/><\/p>\n<p><strong><span style=\"font-family: sans-serif\"><span style=\"font-size: medium\">Geograf\u00eda e Historia <\/span><\/span><\/strong><\/p>\n<p><span style=\"font-family: sans-serif\"><span style=\"font-size: medium\">El conocimiento de la sociedad, su organizaci\u00f3n y funcionamiento a lo largo del tiempo es esencial para poder entender el mundo actual. Conocer el espacio donde se desarrollan las sociedades, los recursos naturales y el uso que se ha dado a \u00e9stos, nos aporta datos sobre el pasado y nos permiten vislumbrar algunos de los problemas del futuro. <\/span><\/span><\/p>\n<p><span style=\"font-family: sans-serif\"><span style=\"font-size: medium\">Las disciplinas de la Geograf\u00eda y la Historia son dos importantes ejes vertebradores para el conocimiento de la sociedad, ya que contemplan la realidad humana y social desde una perspectiva global e integradora y ofrecen una mayor capacidad para la estructuraci\u00f3n de los hechos sociales; no obstante la sociedad actual, cada vez m\u00e1s compleja, requiere de la intervenci\u00f3n de otras disciplinas como la Econom\u00eda, Sociolog\u00eda, Ecolog\u00eda o Historia del Arte, que aportan an\u00e1lisis diferentes y complementarios, para la mejor comprensi\u00f3n de la realidad social.<\/span><\/span><\/p>\n<p>Nuestro equipo educativo se compone:<\/p>\n<ul>\n<li>Mari Luz Mart\u00edn (Jefa de departamento)<\/li>\n<li>Javier Guix<\/li>\n<li>Gloria Rivera<\/li>\n<li>Beatriz Ruiz&nbsp;<\/li>\n<\/ul>\n<p>&nbsp;<\/p>\n<p><a href=\"https:\/\/blogsaverroes.juntadeandalucia.es\/iessebastianfernandez\/files\/2025\/05\/4oESO-ECONOMIA-Y-EMPRENDIMIENTO-revisada.pdf\">4\u00baESO ECONOM\u00cdA Y EMPRENDIMIENTO <\/a><\/p>\n<p><a href=\"https:\/\/blogsaverroes.juntadeandalucia.es\/iessebastianfernandez\/files\/2025\/05\/4oESO-AMBITO-LINGUISTICO-Y-SOCIAL-revisada.pdf\">4\u00baESO \u00c1MBITO LING\u00dc\u00cdSTICO Y SOCIAL <\/a><\/p>\n<p><a href=\"https:\/\/blogsaverroes.juntadeandalucia.es\/iessebastianfernandez\/files\/2025\/05\/4oESO-GEOGRAFIA-E-HISTORIA-revisada.pdf\">4\u00baESO GEOGRAF\u00cdA E HISTORIA <\/a><\/p>\n<p><a href=\"https:\/\/blogsaverroes.juntadeandalucia.es\/iessebastianfernandez\/files\/2025\/05\/3oESO-GEOGRAFIA-E-HISTORIA-revisada.pdf\">3\u00baESO GEOGRAF\u00cdA E HISTORIA<\/a><\/p>\n<p><a href=\"https:\/\/blogsaverroes.juntadeandalucia.es\/iessebastianfernandez\/files\/2025\/05\/2oESO-GEOGRAFIA-E-HISTORIA-revisada.pdf\">2\u00baESO GEOGRAF\u00cdA E HISTORIA <\/a><\/p>\n<p><a href=\"https:\/\/blogsaverroes.juntadeandalucia.es\/iessebastianfernandez\/files\/2025\/05\/1o-ESO-GEOGRAFIA-E-HISTORIA-revisada.pdf\">1\u00ba ESO GEOGRAF\u00cdA E HISTORIA<\/a><\/p>\n","protected":false},"excerpt":{"rendered":"<p>Geograf\u00eda e Historia El conocimiento de la sociedad, su organizaci\u00f3n y funcionamiento a lo largo del tiempo es esencial para poder entender el mundo actual. Conocer el espacio donde se desarrollan las sociedades, los recursos naturales y el uso que se ha dado a \u00e9stos, nos aporta datos sobre el pasado y nos permiten vislumbrar &hellip; <a href=\"https:\/\/blogsaverroes.juntadeandalucia.es\/iessebastianfernandez\/geografia-e-historia\/\" class=\"more-link\">Continuar leyendo<span class=\"screen-reader-text\"> \u00abGeograf\u00eda e Historia\u00bb<\/span><\/a><\/p>\n","protected":false},"author":1,"featured_media":0,"parent":0,"menu_order":0,"comment_status":"closed","ping_status":"open","template":"","meta":{"ngg_post_thumbnail":0,"footnotes":"","_mc_calendar":[]},"aioseo_notices":[],"_links":{"self":[{"href":"https:\/\/blogsaverroes.juntadeandalucia.es\/iessebastianfernandez\/wp-json\/wp\/v2\/pages\/153"}],"collection":[{"href":"https:\/\/blogsaverroes.juntadeandalucia.es\/iessebastianfernandez\/wp-json\/wp\/v2\/pages"}],"about":[{"href":"https:\/\/blogsaverroes.juntadeandalucia.es\/iessebastianfernandez\/wp-json\/wp\/v2\/types\/page"}],"author":[{"embeddable":true,"href":"https:\/\/blogsaverroes.juntadeandalucia.es\/iessebastianfernandez\/wp-json\/wp\/v2\/users\/1"}],"replies":[{"embeddable":true,"href":"https:\/\/blogsaverroes.juntadeandalucia.es\/iessebastianfernandez\/wp-json\/wp\/v2\/comments?post=153"}],"version-history":[{"count":6,"href":"https:\/\/blogsaverroes.juntadeandalucia.es\/iessebastianfernandez\/wp-json\/wp\/v2\/pages\/153\/revisions"}],"predecessor-version":[{"id":3613,"href":"https:\/\/blogsaverroes.juntadeandalucia.es\/iessebastianfernandez\/wp-json\/wp\/v2\/pages\/153\/revisions\/3613"}],"wp:attachment":[{"href":"https:\/\/blogsaverroes.juntadeandalucia.es\/iessebastianfernandez\/wp-json\/wp\/v2\/media?parent=153"}],"curies":[{"name":"wp","href":"https:\/\/api.w.org\/{rel}","templated":true}]}}

Geografía e Historia

<p><img loading="lazy" decoding="async" class="aligncenter size-medium wp-image-2109" src="http://blogsaverroes.juntadeandalucia.es/temapinboardies/files/2015/03/geografia_historia-300x225.png" alt="geografia_historia" width="300" height="225" srcset="https://blogsaverroes.juntadeandalucia.es/iessebastianfernandez/files/2015/03/geografia_historia-300x225.png 300w, https://blogsaverroes.juntadeandalucia.es/iessebastianfernandez/files/2015/03/geografia_historia.png 640w" sizes="(max-width: 300px) 85vw, 300px" /></p>
<p><strong><span style="font-family: sans-serif"><span style="font-size: medium">Geografía e Historia </span></span></strong></p>
<p><span style="font-family: sans-serif"><span style="font-size: medium">El conocimiento de la sociedad, su organización y funcionamiento a lo largo del tiempo es esencial para poder entender el mundo actual. Conocer el espacio donde se desarrollan las sociedades, los recursos naturales y el uso que se ha dado a éstos, nos aporta datos sobre el pasado y nos permiten vislumbrar algunos de los problemas del futuro. </span></span></p>
<p><span style="font-family: sans-serif"><span style="font-size: medium">Las disciplinas de la Geografía y la Historia son dos importantes ejes vertebradores para el conocimiento de la sociedad, ya que contemplan la realidad humana y social desde una perspectiva global e integradora y ofrecen una mayor capacidad para la estructuración de los hechos sociales; no obstante la sociedad actual, cada vez más compleja, requiere de la intervención de otras disciplinas como la Economía, Sociología, Ecología o Historia del Arte, que aportan análisis diferentes y complementarios, para la mejor comprensión de la realidad social.</span></span></p>
<p>Nuestro equipo educativo se compone:</p>
<ul>
<li>Mari Luz Martín (Jefa de departamento)</li>
<li>Javier Guix</li>
<li>Gloria Rivera</li>
<li>Beatriz Ruiz&nbsp;</li>
</ul>
<p>&nbsp;</p>
<p><a href="https://blogsaverroes.juntadeandalucia.es/iessebastianfernandez/files/2025/05/4oESO-ECONOMIA-Y-EMPRENDIMIENTO-revisada.pdf">4ºESO ECONOMÍA Y EMPRENDIMIENTO </a></p>
<p><a href="https://blogsaverroes.juntadeandalucia.es/iessebastianfernandez/files/2025/05/4oESO-AMBITO-LINGUISTICO-Y-SOCIAL-revisada.pdf">4ºESO ÁMBITO LINGÜÍSTICO Y SOCIAL </a></p>
<p><a href="https://blogsaverroes.juntadeandalucia.es/iessebastianfernandez/files/2025/05/4oESO-GEOGRAFIA-E-HISTORIA-revisada.pdf">4ºESO GEOGRAFÍA E HISTORIA </a></p>
<p><a href="https://blogsaverroes.juntadeandalucia.es/iessebastianfernandez/files/2025/05/3oESO-GEOGRAFIA-E-HISTORIA-revisada.pdf">3ºESO GEOGRAFÍA E HISTORIA</a></p>
<p><a href="https://blogsaverroes.juntadeandalucia.es/iessebastianfernandez/files/2025/05/2oESO-GEOGRAFIA-E-HISTORIA-revisada.pdf">2ºESO GEOGRAFÍA E HISTORIA </a></p>
<p><a href="https://blogsaverroes.juntadeandalucia.es/iessebastianfernandez/files/2025/05/1o-ESO-GEOGRAFIA-E-HISTORIA-revisada.pdf">1º ESO GEOGRAFÍA E HISTORIA</a></p>

<p>Geografía e Historia El conocimiento de la sociedad, su organización y funcionamiento a lo largo del tiempo es esencial para poder entender el mundo actual. Conocer el espacio donde se desarrollan las sociedades, los recursos naturales y el uso que se ha dado a éstos, nos aporta datos sobre el pasado y nos permiten vislumbrar &hellip; <a href="https://blogsaverroes.juntadeandalucia.es/iessebastianfernandez/geografia-e-historia/" class="more-link">Continuar leyendo<span class="screen-reader-text"> «Geografía e Historia»</span></a></p>
