{"id":155,"date":"2015-03-17T07:49:21","date_gmt":"2015-03-17T07:49:21","guid":{"rendered":"http:\/\/blogsaverroes.juntadeandalucia.es\/pre\/ceip\/?page_id=155"},"modified":"2025-05-16T08:20:48","modified_gmt":"2025-05-16T08:20:48","slug":"lengua","status":"publish","type":"page","link":"https:\/\/blogsaverroes.juntadeandalucia.es\/iessebastianfernandez\/lengua\/","title":{"rendered":"Lengua Castellana y Literatura"},"content":{"rendered":"<p><span style=\"font-family: sans-serif\"><span style=\"font-size: medium\"><a href=\"https:\/\/blogsaverroes.juntadeandalucia.es\/iessebastianfernandez\/files\/2015\/03\/arbol-de-letras.jpg\"><img loading=\"lazy\" decoding=\"async\" class=\"size-medium wp-image-2600 aligncenter\" src=\"https:\/\/blogsaverroes.juntadeandalucia.es\/iessebastianfernandez\/files\/2015\/03\/arbol-de-letras-300x168.jpg\" alt=\"\" width=\"300\" height=\"168\" srcset=\"https:\/\/blogsaverroes.juntadeandalucia.es\/iessebastianfernandez\/files\/2015\/03\/arbol-de-letras-300x168.jpg 300w, https:\/\/blogsaverroes.juntadeandalucia.es\/iessebastianfernandez\/files\/2015\/03\/arbol-de-letras-24x13.jpg 24w, https:\/\/blogsaverroes.juntadeandalucia.es\/iessebastianfernandez\/files\/2015\/03\/arbol-de-letras-36x20.jpg 36w, https:\/\/blogsaverroes.juntadeandalucia.es\/iessebastianfernandez\/files\/2015\/03\/arbol-de-letras-48x27.jpg 48w, https:\/\/blogsaverroes.juntadeandalucia.es\/iessebastianfernandez\/files\/2015\/03\/arbol-de-letras.jpg 620w\" sizes=\"(max-width: 300px) 85vw, 300px\" \/><\/a><\/span><\/span><\/p>\n<p style=\"text-align: right\">Gracias a la vida que me ha dado tanto&nbsp;<br \/>\nme ha dado el sonido y el abecedario,&nbsp;<br \/>\ncon \u00e9l las palabras que pienso y declaro&nbsp;<br \/>\nmadre, amigo, hermano y luz alumbrando<br \/>\nla ruta del alma del que estoy amando<\/p>\n<p style=\"text-align: right\"><strong><em>Violeta Parra Sandoval<\/em><\/strong><\/p>\n<p dir=\"ltr\" style=\"text-align: justify\">El Departamento de Lengua Castellana y Literatura se encuentra formado por los siguientes miembros:<\/p>\n<ul style=\"text-align: justify\">\n<li>\n<p dir=\"ltr\">Profesores que componen el departamento:<\/p>\n<ul style=\"text-align: justify\">\n<li>Carmen Calvar P\u00e9rez (Jefa de Departamento)<\/li>\n<li>Mar\u00eda Pino Peleteiro<\/li>\n<li>\n<div>Esperanza Mar\u00eda Rodr\u00edguez V\u00e1zquez<\/div>\n<\/li>\n<li>\n<div>Mar\u00eda Pic\u00f3n<\/div>\n<\/li>\n<li>Ester D\u00edaz<\/li>\n<\/ul>\n<\/li>\n<\/ul>\n<p>Documentos:<\/p>\n<p><a href=\"https:\/\/blogsaverroes.juntadeandalucia.es\/iessebastianfernandez\/files\/2025\/05\/ANEXO-LENGUA.pdf\">ANEXO LENGUA<\/a><\/p>\n<p><a href=\"https:\/\/blogsaverroes.juntadeandalucia.es\/iessebastianfernandez\/files\/2025\/05\/ANEXO-LATIN.pdf\">ANEXO LAT\u00cdN<\/a><\/p>\n<p><a href=\"https:\/\/blogsaverroes.juntadeandalucia.es\/iessebastianfernandez\/files\/2025\/05\/ANEXO-1.-CRITERIOS-DE-EVALUACION-Documentos-de-Google.pdf\">ANEXO 1. CRITERIOS DE EVALUACI\u00d3N &#8211; Documentos de Google<\/a><\/p>\n<p><a href=\"https:\/\/blogsaverroes.juntadeandalucia.es\/iessebastianfernandez\/files\/2025\/05\/CULTURA-CLASICA.pdf\">CULTURA CL\u00c1SICA<\/a><\/p>\n<p><a href=\"https:\/\/blogsaverroes.juntadeandalucia.es\/iessebastianfernandez\/files\/2025\/05\/LENGUA-Y-LITERATURA.pdf\">LENGUA Y LITERATURA<\/a><\/p>\n<p><a href=\"https:\/\/blogsaverroes.juntadeandalucia.es\/iessebastianfernandez\/files\/2025\/05\/LATIN.pdf\">LAT\u00cdN<\/a><\/p>\n","protected":false},"excerpt":{"rendered":"<p>Gracias a la vida que me ha dado tanto&nbsp; me ha dado el sonido y el abecedario,&nbsp; con \u00e9l las palabras que pienso y declaro&nbsp; madre, amigo, hermano y luz alumbrando la ruta del alma del que estoy amando Violeta Parra Sandoval El Departamento de Lengua Castellana y Literatura se encuentra formado por los siguientes &hellip; <a href=\"https:\/\/blogsaverroes.juntadeandalucia.es\/iessebastianfernandez\/lengua\/\" class=\"more-link\">Continuar leyendo<span class=\"screen-reader-text\"> \u00abLengua Castellana y Literatura\u00bb<\/span><\/a><\/p>\n","protected":false},"author":1,"featured_media":0,"parent":0,"menu_order":0,"comment_status":"closed","ping_status":"open","template":"","meta":{"ngg_post_thumbnail":0,"footnotes":"","_mc_calendar":[]},"aioseo_notices":[],"_links":{"self":[{"href":"https:\/\/blogsaverroes.juntadeandalucia.es\/iessebastianfernandez\/wp-json\/wp\/v2\/pages\/155"}],"collection":[{"href":"https:\/\/blogsaverroes.juntadeandalucia.es\/iessebastianfernandez\/wp-json\/wp\/v2\/pages"}],"about":[{"href":"https:\/\/blogsaverroes.juntadeandalucia.es\/iessebastianfernandez\/wp-json\/wp\/v2\/types\/page"}],"author":[{"embeddable":true,"href":"https:\/\/blogsaverroes.juntadeandalucia.es\/iessebastianfernandez\/wp-json\/wp\/v2\/users\/1"}],"replies":[{"embeddable":true,"href":"https:\/\/blogsaverroes.juntadeandalucia.es\/iessebastianfernandez\/wp-json\/wp\/v2\/comments?post=155"}],"version-history":[{"count":12,"href":"https:\/\/blogsaverroes.juntadeandalucia.es\/iessebastianfernandez\/wp-json\/wp\/v2\/pages\/155\/revisions"}],"predecessor-version":[{"id":3615,"href":"https:\/\/blogsaverroes.juntadeandalucia.es\/iessebastianfernandez\/wp-json\/wp\/v2\/pages\/155\/revisions\/3615"}],"wp:attachment":[{"href":"https:\/\/blogsaverroes.juntadeandalucia.es\/iessebastianfernandez\/wp-json\/wp\/v2\/media?parent=155"}],"curies":[{"name":"wp","href":"https:\/\/api.w.org\/{rel}","templated":true}]}}