{"id":2517,"date":"2019-04-06T11:56:06","date_gmt":"2019-04-06T11:56:06","guid":{"rendered":"https:\/\/blogsaverroes.juntadeandalucia.es\/iessebastianfernandez\/?page_id=2517"},"modified":"2023-02-13T16:32:16","modified_gmt":"2023-02-13T16:32:16","slug":"plan-de-igualdad","status":"publish","type":"page","link":"https:\/\/blogsaverroes.juntadeandalucia.es\/iessebastianfernandez\/plan-de-igualdad\/","title":{"rendered":"Plan de Igualdad"},"content":{"rendered":"<p style=\"text-align: justify\">A trav\u00e9s del Plan de Igualdad se pretende continuar impulsando la igualdad de g\u00e9nero en el sistema educativo, tanto en aspectos estructurales y culturales de la Administraci\u00f3n, como en los relacionados con la vida y las actuaciones de los centros docentes, contemplando, asimismo, la diversidad de identidades de g\u00e9nero, de orientaciones sexuales, de modelos de familia y de formas de convivencia, evitando cualquier tipo de discriminaci\u00f3n por causa de las mismas. Se organizan actividades variadas para d\u00edas como el 25N o el 8 de marzo adem\u00e1s de concienciar sobre la coeducaci\u00f3n en el centro.<\/p>\n<p style=\"text-align: justify\"><a href=\"https:\/\/sites.google.com\/iessebfer.net\/coeducacion-ies-mapi-valle\/igualdad-ies-mapi-valle\">Blog Coeducaci\u00f3n<\/a><a href=\"https:\/\/blogsaverroes.juntadeandalucia.es\/iessebastianfernandez\/files\/2019\/04\/coeducaci\u00f3n.jpg\"><img loading=\"lazy\" decoding=\"async\" class=\"size-medium wp-image-2518 aligncenter\" src=\"https:\/\/blogsaverroes.juntadeandalucia.es\/iessebastianfernandez\/files\/2019\/04\/coeducaci\u00f3n-300x169.jpg\" alt=\"\" width=\"300\" height=\"169\" srcset=\"https:\/\/blogsaverroes.juntadeandalucia.es\/iessebastianfernandez\/files\/2019\/04\/coeducaci\u00f3n-300x169.jpg 300w, https:\/\/blogsaverroes.juntadeandalucia.es\/iessebastianfernandez\/files\/2019\/04\/coeducaci\u00f3n-768x432.jpg 768w, https:\/\/blogsaverroes.juntadeandalucia.es\/iessebastianfernandez\/files\/2019\/04\/coeducaci\u00f3n-1024x576.jpg 1024w, https:\/\/blogsaverroes.juntadeandalucia.es\/iessebastianfernandez\/files\/2019\/04\/coeducaci\u00f3n-700x393.jpg 700w, https:\/\/blogsaverroes.juntadeandalucia.es\/iessebastianfernandez\/files\/2019\/04\/coeducaci\u00f3n-24x14.jpg 24w, https:\/\/blogsaverroes.juntadeandalucia.es\/iessebastianfernandez\/files\/2019\/04\/coeducaci\u00f3n-36x20.jpg 36w, https:\/\/blogsaverroes.juntadeandalucia.es\/iessebastianfernandez\/files\/2019\/04\/coeducaci\u00f3n-48x27.jpg 48w, https:\/\/blogsaverroes.juntadeandalucia.es\/iessebastianfernandez\/files\/2019\/04\/coeducaci\u00f3n.jpg 1600w\" sizes=\"(max-width: 300px) 85vw, 300px\" \/><\/a><\/p>\n<p><a href=\"https:\/\/blogsaverroes.juntadeandalucia.es\/iessebastianfernandez\/files\/2020\/01\/plan-igualdad-2019-2020_5.pdf\">Plan de igualdad 2019-2020<\/a><\/p>\n<p><a href=\"https:\/\/blogsaverroes.juntadeandalucia.es\/iessebastianfernandez\/files\/2020\/01\/logopactoestadocolor-1.png\"><img loading=\"lazy\" decoding=\"async\" class=\"alignnone wp-image-2822\" src=\"https:\/\/blogsaverroes.juntadeandalucia.es\/iessebastianfernandez\/files\/2020\/01\/logopactoestadocolor-1-300x230.png\" alt=\"\" width=\"110\" height=\"85\" srcset=\"https:\/\/blogsaverroes.juntadeandalucia.es\/iessebastianfernandez\/files\/2020\/01\/logopactoestadocolor-1-300x230.png 300w, https:\/\/blogsaverroes.juntadeandalucia.es\/iessebastianfernandez\/files\/2020\/01\/logopactoestadocolor-1-768x589.png 768w, https:\/\/blogsaverroes.juntadeandalucia.es\/iessebastianfernandez\/files\/2020\/01\/logopactoestadocolor-1-700x537.png 700w, https:\/\/blogsaverroes.juntadeandalucia.es\/iessebastianfernandez\/files\/2020\/01\/logopactoestadocolor-1-24x18.png 24w, https:\/\/blogsaverroes.juntadeandalucia.es\/iessebastianfernandez\/files\/2020\/01\/logopactoestadocolor-1-36x28.png 36w, https:\/\/blogsaverroes.juntadeandalucia.es\/iessebastianfernandez\/files\/2020\/01\/logopactoestadocolor-1-48x37.png 48w, https:\/\/blogsaverroes.juntadeandalucia.es\/iessebastianfernandez\/files\/2020\/01\/logopactoestadocolor-1.png 882w\" sizes=\"(max-width: 110px) 85vw, 110px\" \/><\/a> <a href=\"https:\/\/blogsaverroes.juntadeandalucia.es\/iessebastianfernandez\/files\/2020\/01\/MPRCIGob-1.jpg\"><img loading=\"lazy\" decoding=\"async\" class=\"alignnone size-medium wp-image-2821\" src=\"https:\/\/blogsaverroes.juntadeandalucia.es\/iessebastianfernandez\/files\/2020\/01\/MPRCIGob-1-300x61.jpg\" alt=\"\" width=\"300\" height=\"61\" srcset=\"https:\/\/blogsaverroes.juntadeandalucia.es\/iessebastianfernandez\/files\/2020\/01\/MPRCIGob-1-300x61.jpg 300w, https:\/\/blogsaverroes.juntadeandalucia.es\/iessebastianfernandez\/files\/2020\/01\/MPRCIGob-1-768x155.jpg 768w, https:\/\/blogsaverroes.juntadeandalucia.es\/iessebastianfernandez\/files\/2020\/01\/MPRCIGob-1-1024x207.jpg 1024w, https:\/\/blogsaverroes.juntadeandalucia.es\/iessebastianfernandez\/files\/2020\/01\/MPRCIGob-1-700x141.jpg 700w, https:\/\/blogsaverroes.juntadeandalucia.es\/iessebastianfernandez\/files\/2020\/01\/MPRCIGob-1-24x5.jpg 24w, https:\/\/blogsaverroes.juntadeandalucia.es\/iessebastianfernandez\/files\/2020\/01\/MPRCIGob-1-36x7.jpg 36w, https:\/\/blogsaverroes.juntadeandalucia.es\/iessebastianfernandez\/files\/2020\/01\/MPRCIGob-1-48x10.jpg 48w, https:\/\/blogsaverroes.juntadeandalucia.es\/iessebastianfernandez\/files\/2020\/01\/MPRCIGob-1.jpg 1600w\" sizes=\"(max-width: 300px) 85vw, 300px\" \/><\/a><\/p>\n","protected":false},"excerpt":{"rendered":"<p>A trav\u00e9s del Plan de Igualdad se pretende continuar impulsando la igualdad de g\u00e9nero en el sistema educativo, tanto en aspectos estructurales y culturales de la Administraci\u00f3n, como en los relacionados con la vida y las actuaciones de los centros docentes, contemplando, asimismo, la diversidad de identidades de g\u00e9nero, de orientaciones sexuales, de modelos de &hellip; <a href=\"https:\/\/blogsaverroes.juntadeandalucia.es\/iessebastianfernandez\/plan-de-igualdad\/\" class=\"more-link\">Continuar leyendo<span class=\"screen-reader-text\"> \u00abPlan de Igualdad\u00bb<\/span><\/a><\/p>\n","protected":false},"author":6758,"featured_media":0,"parent":0,"menu_order":0,"comment_status":"closed","ping_status":"closed","template":"","meta":{"ngg_post_thumbnail":0,"footnotes":"","_mc_calendar":[]},"aioseo_notices":[],"_links":{"self":[{"href":"https:\/\/blogsaverroes.juntadeandalucia.es\/iessebastianfernandez\/wp-json\/wp\/v2\/pages\/2517"}],"collection":[{"href":"https:\/\/blogsaverroes.juntadeandalucia.es\/iessebastianfernandez\/wp-json\/wp\/v2\/pages"}],"about":[{"href":"https:\/\/blogsaverroes.juntadeandalucia.es\/iessebastianfernandez\/wp-json\/wp\/v2\/types\/page"}],"author":[{"embeddable":true,"href":"https:\/\/blogsaverroes.juntadeandalucia.es\/iessebastianfernandez\/wp-json\/wp\/v2\/users\/6758"}],"replies":[{"embeddable":true,"href":"https:\/\/blogsaverroes.juntadeandalucia.es\/iessebastianfernandez\/wp-json\/wp\/v2\/comments?post=2517"}],"version-history":[{"count":6,"href":"https:\/\/blogsaverroes.juntadeandalucia.es\/iessebastianfernandez\/wp-json\/wp\/v2\/pages\/2517\/revisions"}],"predecessor-version":[{"id":3524,"href":"https:\/\/blogsaverroes.juntadeandalucia.es\/iessebastianfernandez\/wp-json\/wp\/v2\/pages\/2517\/revisions\/3524"}],"wp:attachment":[{"href":"https:\/\/blogsaverroes.juntadeandalucia.es\/iessebastianfernandez\/wp-json\/wp\/v2\/media?parent=2517"}],"curies":[{"name":"wp","href":"https:\/\/api.w.org\/{rel}","templated":true}]}}

<p style="text-align: justify">A través del Plan de Igualdad se pretende continuar impulsando la igualdad de género en el sistema educativo, tanto en aspectos estructurales y culturales de la Administración, como en los relacionados con la vida y las actuaciones de los centros docentes, contemplando, asimismo, la diversidad de identidades de género, de orientaciones sexuales, de modelos de familia y de formas de convivencia, evitando cualquier tipo de discriminación por causa de las mismas. Se organizan actividades variadas para días como el 25N o el 8 de marzo además de concienciar sobre la coeducación en el centro.</p>
<p style="text-align: justify"><a href="https://sites.google.com/iessebfer.net/coeducacion-ies-mapi-valle/igualdad-ies-mapi-valle">Blog Coeducación</a><a href="https://blogsaverroes.juntadeandalucia.es/iessebastianfernandez/files/2019/04/coeducación.jpg"><img loading="lazy" decoding="async" class="size-medium wp-image-2518 aligncenter" src="https://blogsaverroes.juntadeandalucia.es/iessebastianfernandez/files/2019/04/coeducación-300x169.jpg" alt="" width="300" height="169" srcset="https://blogsaverroes.juntadeandalucia.es/iessebastianfernandez/files/2019/04/coeducación-300x169.jpg 300w, https://blogsaverroes.juntadeandalucia.es/iessebastianfernandez/files/2019/04/coeducación-768x432.jpg 768w, https://blogsaverroes.juntadeandalucia.es/iessebastianfernandez/files/2019/04/coeducación-1024x576.jpg 1024w, https://blogsaverroes.juntadeandalucia.es/iessebastianfernandez/files/2019/04/coeducación-700x393.jpg 700w, https://blogsaverroes.juntadeandalucia.es/iessebastianfernandez/files/2019/04/coeducación-24x14.jpg 24w, https://blogsaverroes.juntadeandalucia.es/iessebastianfernandez/files/2019/04/coeducación-36x20.jpg 36w, https://blogsaverroes.juntadeandalucia.es/iessebastianfernandez/files/2019/04/coeducación-48x27.jpg 48w, https://blogsaverroes.juntadeandalucia.es/iessebastianfernandez/files/2019/04/coeducación.jpg 1600w" sizes="(max-width: 300px) 85vw, 300px" /></a></p>
<p><a href="https://blogsaverroes.juntadeandalucia.es/iessebastianfernandez/files/2020/01/plan-igualdad-2019-2020_5.pdf">Plan de igualdad 2019-2020</a></p>
<p><a href="https://blogsaverroes.juntadeandalucia.es/iessebastianfernandez/files/2020/01/logopactoestadocolor-1.png"><img loading="lazy" decoding="async" class="alignnone wp-image-2822" src="https://blogsaverroes.juntadeandalucia.es/iessebastianfernandez/files/2020/01/logopactoestadocolor-1-300x230.png" alt="" width="110" height="85" srcset="https://blogsaverroes.juntadeandalucia.es/iessebastianfernandez/files/2020/01/logopactoestadocolor-1-300x230.png 300w, https://blogsaverroes.juntadeandalucia.es/iessebastianfernandez/files/2020/01/logopactoestadocolor-1-768x589.png 768w, https://blogsaverroes.juntadeandalucia.es/iessebastianfernandez/files/2020/01/logopactoestadocolor-1-700x537.png 700w, https://blogsaverroes.juntadeandalucia.es/iessebastianfernandez/files/2020/01/logopactoestadocolor-1-24x18.png 24w, https://blogsaverroes.juntadeandalucia.es/iessebastianfernandez/files/2020/01/logopactoestadocolor-1-36x28.png 36w, https://blogsaverroes.juntadeandalucia.es/iessebastianfernandez/files/2020/01/logopactoestadocolor-1-48x37.png 48w, https://blogsaverroes.juntadeandalucia.es/iessebastianfernandez/files/2020/01/logopactoestadocolor-1.png 882w" sizes="(max-width: 110px) 85vw, 110px" /></a> <a href="https://blogsaverroes.juntadeandalucia.es/iessebastianfernandez/files/2020/01/MPRCIGob-1.jpg"><img loading="lazy" decoding="async" class="alignnone size-medium wp-image-2821" src="https://blogsaverroes.juntadeandalucia.es/iessebastianfernandez/files/2020/01/MPRCIGob-1-300x61.jpg" alt="" width="300" height="61" srcset="https://blogsaverroes.juntadeandalucia.es/iessebastianfernandez/files/2020/01/MPRCIGob-1-300x61.jpg 300w, https://blogsaverroes.juntadeandalucia.es/iessebastianfernandez/files/2020/01/MPRCIGob-1-768x155.jpg 768w, https://blogsaverroes.juntadeandalucia.es/iessebastianfernandez/files/2020/01/MPRCIGob-1-1024x207.jpg 1024w, https://blogsaverroes.juntadeandalucia.es/iessebastianfernandez/files/2020/01/MPRCIGob-1-700x141.jpg 700w, https://blogsaverroes.juntadeandalucia.es/iessebastianfernandez/files/2020/01/MPRCIGob-1-24x5.jpg 24w, https://blogsaverroes.juntadeandalucia.es/iessebastianfernandez/files/2020/01/MPRCIGob-1-36x7.jpg 36w, https://blogsaverroes.juntadeandalucia.es/iessebastianfernandez/files/2020/01/MPRCIGob-1-48x10.jpg 48w, https://blogsaverroes.juntadeandalucia.es/iessebastianfernandez/files/2020/01/MPRCIGob-1.jpg 1600w" sizes="(max-width: 300px) 85vw, 300px" /></a></p>

<p>A través del Plan de Igualdad se pretende continuar impulsando la igualdad de género en el sistema educativo, tanto en aspectos estructurales y culturales de la Administración, como en los relacionados con la vida y las actuaciones de los centros docentes, contemplando, asimismo, la diversidad de identidades de género, de orientaciones sexuales, de modelos de &hellip; <a href="https://blogsaverroes.juntadeandalucia.es/iessebastianfernandez/plan-de-igualdad/" class="more-link">Continuar leyendo<span class="screen-reader-text"> «Plan de Igualdad»</span></a></p>
