{"id":2588,"date":"2019-05-03T08:16:32","date_gmt":"2019-05-03T08:16:32","guid":{"rendered":"https:\/\/blogsaverroes.juntadeandalucia.es\/iessebastianfernandez\/?page_id=2588"},"modified":"2019-05-03T08:16:32","modified_gmt":"2019-05-03T08:16:32","slug":"programa-aldea","status":"publish","type":"page","link":"https:\/\/blogsaverroes.juntadeandalucia.es\/iessebastianfernandez\/programa-aldea\/","title":{"rendered":"Programa ALDEA"},"content":{"rendered":"<p style=\"text-align: justify\">La Consejer\u00eda de Educaci\u00f3n, en colaboraci\u00f3n con la Consejer\u00eda de Medio Ambiente y Ordenaci\u00f3n del Territorio, desarrolla el Programa Aldea de Educaci\u00f3n Ambiental para la Comunidad Educativa con el objetivo de promover el desarrollo integrado de iniciativas de educaci\u00f3n para la conservaci\u00f3n de los recursos naturales y la promoci\u00f3n del desarrollo sostenible en el \u00e1mbito de la comunidad educativa andaluza.<\/p>\n<p>Dentro del programa Aldea, existen varias l\u00edneas de trabajo. Para nuestro centro hemos elegido:<\/p>\n<ul>\n<li><strong><em><u>Proyecto Recapacicla<\/u><\/em><\/strong>. Desde aqu\u00ed pretendemos informar e implicar a la comunidad educativa en la disminuci\u00f3n de la generaci\u00f3n de todo tipo de residuos, as\u00ed como su adecuada separaci\u00f3n en origen.<\/li>\n<\/ul>\n<p style=\"text-align: justify\"><a href=\"https:\/\/blogsaverroes.juntadeandalucia.es\/iessebastianfernandez\/files\/2019\/05\/1.jpg\"><img loading=\"lazy\" decoding=\"async\" class=\"size-medium wp-image-2589 aligncenter\" src=\"https:\/\/blogsaverroes.juntadeandalucia.es\/iessebastianfernandez\/files\/2019\/05\/1-300x284.jpg\" alt=\"\" width=\"300\" height=\"284\" srcset=\"https:\/\/blogsaverroes.juntadeandalucia.es\/iessebastianfernandez\/files\/2019\/05\/1-300x284.jpg 300w, https:\/\/blogsaverroes.juntadeandalucia.es\/iessebastianfernandez\/files\/2019\/05\/1-768x726.jpg 768w, https:\/\/blogsaverroes.juntadeandalucia.es\/iessebastianfernandez\/files\/2019\/05\/1-700x662.jpg 700w, https:\/\/blogsaverroes.juntadeandalucia.es\/iessebastianfernandez\/files\/2019\/05\/1-24x24.jpg 24w, https:\/\/blogsaverroes.juntadeandalucia.es\/iessebastianfernandez\/files\/2019\/05\/1-36x34.jpg 36w, https:\/\/blogsaverroes.juntadeandalucia.es\/iessebastianfernandez\/files\/2019\/05\/1-48x45.jpg 48w, https:\/\/blogsaverroes.juntadeandalucia.es\/iessebastianfernandez\/files\/2019\/05\/1.jpg 883w\" sizes=\"(max-width: 300px) 85vw, 300px\" \/><\/a><\/p>\n<p style=\"text-align: justify\">Llevamos a cabo la recogida de papel, tapones de pl\u00e1stico y pilas. Aunque es un peque\u00f1o paso, \u00e9ste es de gran importancia para empezar.<\/p>\n<ul style=\"text-align: justify\">\n<li><strong><em><u>Proyecto Semilla<\/u><\/em><\/strong> (Ser\u00e1 llevado a cabo por el aula de Educaci\u00f3n Especial). Tenemos como objetivo la creaci\u00f3n y mantenimiento de un vivero escolar.<\/li>\n<\/ul>\n<p style=\"text-align: justify\">&nbsp;<\/p>\n<p style=\"text-align: justify\"><a href=\"https:\/\/blogsaverroes.juntadeandalucia.es\/iessebastianfernandez\/files\/2019\/05\/2.jpg\"><img loading=\"lazy\" decoding=\"async\" class=\"alignnone size-medium wp-image-2590\" src=\"https:\/\/blogsaverroes.juntadeandalucia.es\/iessebastianfernandez\/files\/2019\/05\/2-300x225.jpg\" alt=\"\" width=\"300\" height=\"225\" srcset=\"https:\/\/blogsaverroes.juntadeandalucia.es\/iessebastianfernandez\/files\/2019\/05\/2-300x225.jpg 300w, https:\/\/blogsaverroes.juntadeandalucia.es\/iessebastianfernandez\/files\/2019\/05\/2-768x576.jpg 768w, https:\/\/blogsaverroes.juntadeandalucia.es\/iessebastianfernandez\/files\/2019\/05\/2-700x525.jpg 700w, https:\/\/blogsaverroes.juntadeandalucia.es\/iessebastianfernandez\/files\/2019\/05\/2-24x18.jpg 24w, https:\/\/blogsaverroes.juntadeandalucia.es\/iessebastianfernandez\/files\/2019\/05\/2-36x27.jpg 36w, https:\/\/blogsaverroes.juntadeandalucia.es\/iessebastianfernandez\/files\/2019\/05\/2-48x36.jpg 48w, https:\/\/blogsaverroes.juntadeandalucia.es\/iessebastianfernandez\/files\/2019\/05\/2.jpg 1016w\" sizes=\"(max-width: 300px) 85vw, 300px\" \/><\/a> <a href=\"https:\/\/blogsaverroes.juntadeandalucia.es\/iessebastianfernandez\/files\/2019\/05\/3.jpg\"><img loading=\"lazy\" decoding=\"async\" class=\"alignnone size-medium wp-image-2591\" src=\"https:\/\/blogsaverroes.juntadeandalucia.es\/iessebastianfernandez\/files\/2019\/05\/3-300x225.jpg\" alt=\"\" width=\"300\" height=\"225\" srcset=\"https:\/\/blogsaverroes.juntadeandalucia.es\/iessebastianfernandez\/files\/2019\/05\/3-300x225.jpg 300w, https:\/\/blogsaverroes.juntadeandalucia.es\/iessebastianfernandez\/files\/2019\/05\/3-768x576.jpg 768w, https:\/\/blogsaverroes.juntadeandalucia.es\/iessebastianfernandez\/files\/2019\/05\/3-700x525.jpg 700w, https:\/\/blogsaverroes.juntadeandalucia.es\/iessebastianfernandez\/files\/2019\/05\/3-24x18.jpg 24w, https:\/\/blogsaverroes.juntadeandalucia.es\/iessebastianfernandez\/files\/2019\/05\/3-36x27.jpg 36w, https:\/\/blogsaverroes.juntadeandalucia.es\/iessebastianfernandez\/files\/2019\/05\/3-48x36.jpg 48w, https:\/\/blogsaverroes.juntadeandalucia.es\/iessebastianfernandez\/files\/2019\/05\/3.jpg 988w\" sizes=\"(max-width: 300px) 85vw, 300px\" \/><\/a><\/p>\n<p style=\"text-align: justify\">&nbsp;<\/p>\n<p>Despu\u00e9s de poner las semillas, nuestras plantas van creciendo: el perejil, cilantro, hierbabuena.<\/p>\n<p style=\"text-align: justify\"><a href=\"https:\/\/blogsaverroes.juntadeandalucia.es\/iessebastianfernandez\/files\/2019\/05\/4.jpg\"><img loading=\"lazy\" decoding=\"async\" class=\"alignnone size-medium wp-image-2592\" src=\"https:\/\/blogsaverroes.juntadeandalucia.es\/iessebastianfernandez\/files\/2019\/05\/4-300x225.jpg\" alt=\"\" width=\"300\" height=\"225\" srcset=\"https:\/\/blogsaverroes.juntadeandalucia.es\/iessebastianfernandez\/files\/2019\/05\/4-300x225.jpg 300w, https:\/\/blogsaverroes.juntadeandalucia.es\/iessebastianfernandez\/files\/2019\/05\/4-768x576.jpg 768w, https:\/\/blogsaverroes.juntadeandalucia.es\/iessebastianfernandez\/files\/2019\/05\/4-1024x768.jpg 1024w, https:\/\/blogsaverroes.juntadeandalucia.es\/iessebastianfernandez\/files\/2019\/05\/4-700x525.jpg 700w, https:\/\/blogsaverroes.juntadeandalucia.es\/iessebastianfernandez\/files\/2019\/05\/4-24x18.jpg 24w, https:\/\/blogsaverroes.juntadeandalucia.es\/iessebastianfernandez\/files\/2019\/05\/4-36x27.jpg 36w, https:\/\/blogsaverroes.juntadeandalucia.es\/iessebastianfernandez\/files\/2019\/05\/4-48x36.jpg 48w, https:\/\/blogsaverroes.juntadeandalucia.es\/iessebastianfernandez\/files\/2019\/05\/4.jpg 1205w\" sizes=\"(max-width: 300px) 85vw, 300px\" \/><\/a> <a href=\"https:\/\/blogsaverroes.juntadeandalucia.es\/iessebastianfernandez\/files\/2019\/05\/5.jpg\"><img loading=\"lazy\" decoding=\"async\" class=\"alignnone size-medium wp-image-2593\" src=\"https:\/\/blogsaverroes.juntadeandalucia.es\/iessebastianfernandez\/files\/2019\/05\/5-225x300.jpg\" alt=\"\" width=\"225\" height=\"300\" srcset=\"https:\/\/blogsaverroes.juntadeandalucia.es\/iessebastianfernandez\/files\/2019\/05\/5-225x300.jpg 225w, https:\/\/blogsaverroes.juntadeandalucia.es\/iessebastianfernandez\/files\/2019\/05\/5-18x24.jpg 18w, https:\/\/blogsaverroes.juntadeandalucia.es\/iessebastianfernandez\/files\/2019\/05\/5-27x36.jpg 27w, https:\/\/blogsaverroes.juntadeandalucia.es\/iessebastianfernandez\/files\/2019\/05\/5-36x48.jpg 36w, https:\/\/blogsaverroes.juntadeandalucia.es\/iessebastianfernandez\/files\/2019\/05\/5.jpg 627w\" sizes=\"(max-width: 225px) 85vw, 225px\" \/><\/a> <a href=\"https:\/\/blogsaverroes.juntadeandalucia.es\/iessebastianfernandez\/files\/2019\/05\/6.jpg\"><img loading=\"lazy\" decoding=\"async\" class=\"alignnone size-medium wp-image-2594\" src=\"https:\/\/blogsaverroes.juntadeandalucia.es\/iessebastianfernandez\/files\/2019\/05\/6-300x225.jpg\" alt=\"\" width=\"300\" height=\"225\" srcset=\"https:\/\/blogsaverroes.juntadeandalucia.es\/iessebastianfernandez\/files\/2019\/05\/6-300x225.jpg 300w, https:\/\/blogsaverroes.juntadeandalucia.es\/iessebastianfernandez\/files\/2019\/05\/6-768x576.jpg 768w, https:\/\/blogsaverroes.juntadeandalucia.es\/iessebastianfernandez\/files\/2019\/05\/6-700x525.jpg 700w, https:\/\/blogsaverroes.juntadeandalucia.es\/iessebastianfernandez\/files\/2019\/05\/6-24x18.jpg 24w, https:\/\/blogsaverroes.juntadeandalucia.es\/iessebastianfernandez\/files\/2019\/05\/6-36x27.jpg 36w, https:\/\/blogsaverroes.juntadeandalucia.es\/iessebastianfernandez\/files\/2019\/05\/6-48x36.jpg 48w, https:\/\/blogsaverroes.juntadeandalucia.es\/iessebastianfernandez\/files\/2019\/05\/6.jpg 851w\" sizes=\"(max-width: 300px) 85vw, 300px\" \/><\/a><\/p>\n<p style=\"text-align: justify\">Los tomates han echado flores y ya tienen \u201cTOMATITOS\u201d.<br \/>\n<a href=\"https:\/\/blogsaverroes.juntadeandalucia.es\/iessebastianfernandez\/files\/2019\/05\/7.jpg\"><img loading=\"lazy\" decoding=\"async\" class=\"size-medium wp-image-2595 aligncenter\" src=\"https:\/\/blogsaverroes.juntadeandalucia.es\/iessebastianfernandez\/files\/2019\/05\/7-300x225.jpg\" alt=\"\" width=\"300\" height=\"225\" srcset=\"https:\/\/blogsaverroes.juntadeandalucia.es\/iessebastianfernandez\/files\/2019\/05\/7-300x225.jpg 300w, https:\/\/blogsaverroes.juntadeandalucia.es\/iessebastianfernandez\/files\/2019\/05\/7-768x576.jpg 768w, https:\/\/blogsaverroes.juntadeandalucia.es\/iessebastianfernandez\/files\/2019\/05\/7-700x525.jpg 700w, https:\/\/blogsaverroes.juntadeandalucia.es\/iessebastianfernandez\/files\/2019\/05\/7-24x18.jpg 24w, https:\/\/blogsaverroes.juntadeandalucia.es\/iessebastianfernandez\/files\/2019\/05\/7-36x27.jpg 36w, https:\/\/blogsaverroes.juntadeandalucia.es\/iessebastianfernandez\/files\/2019\/05\/7-48x36.jpg 48w, https:\/\/blogsaverroes.juntadeandalucia.es\/iessebastianfernandez\/files\/2019\/05\/7.jpg 807w\" sizes=\"(max-width: 300px) 85vw, 300px\" \/><\/a><\/p>\n<p style=\"text-align: justify\">En el huerto tambi\u00e9n hemos reciclado, ya que todo lo usado como macetero&nbsp; o contenedor para la tierra y siembra ha sido material reutilizado.<\/p>\n<p style=\"text-align: justify\">Ahora a seguir abonando, regando, reciclando \u2026..y recolectando!!!!!<\/p>\n","protected":false},"excerpt":{"rendered":"<p>La Consejer\u00eda de Educaci\u00f3n, en colaboraci\u00f3n con la Consejer\u00eda de Medio Ambiente y Ordenaci\u00f3n del Territorio, desarrolla el Programa Aldea de Educaci\u00f3n Ambiental para la Comunidad Educativa con el objetivo de promover el desarrollo integrado de iniciativas de educaci\u00f3n para la conservaci\u00f3n de los recursos naturales y la promoci\u00f3n del desarrollo sostenible en el \u00e1mbito &hellip; <a href=\"https:\/\/blogsaverroes.juntadeandalucia.es\/iessebastianfernandez\/programa-aldea\/\" class=\"more-link\">Continuar leyendo<span class=\"screen-reader-text\"> \u00abPrograma ALDEA\u00bb<\/span><\/a><\/p>\n","protected":false},"author":6758,"featured_media":0,"parent":0,"menu_order":0,"comment_status":"closed","ping_status":"closed","template":"","meta":{"ngg_post_thumbnail":0,"footnotes":"","_mc_calendar":[]},"aioseo_notices":[],"_links":{"self":[{"href":"https:\/\/blogsaverroes.juntadeandalucia.es\/iessebastianfernandez\/wp-json\/wp\/v2\/pages\/2588"}],"collection":[{"href":"https:\/\/blogsaverroes.juntadeandalucia.es\/iessebastianfernandez\/wp-json\/wp\/v2\/pages"}],"about":[{"href":"https:\/\/blogsaverroes.juntadeandalucia.es\/iessebastianfernandez\/wp-json\/wp\/v2\/types\/page"}],"author":[{"embeddable":true,"href":"https:\/\/blogsaverroes.juntadeandalucia.es\/iessebastianfernandez\/wp-json\/wp\/v2\/users\/6758"}],"replies":[{"embeddable":true,"href":"https:\/\/blogsaverroes.juntadeandalucia.es\/iessebastianfernandez\/wp-json\/wp\/v2\/comments?post=2588"}],"version-history":[{"count":1,"href":"https:\/\/blogsaverroes.juntadeandalucia.es\/iessebastianfernandez\/wp-json\/wp\/v2\/pages\/2588\/revisions"}],"predecessor-version":[{"id":2596,"href":"https:\/\/blogsaverroes.juntadeandalucia.es\/iessebastianfernandez\/wp-json\/wp\/v2\/pages\/2588\/revisions\/2596"}],"wp:attachment":[{"href":"https:\/\/blogsaverroes.juntadeandalucia.es\/iessebastianfernandez\/wp-json\/wp\/v2\/media?parent=2588"}],"curies":[{"name":"wp","href":"https:\/\/api.w.org\/{rel}","templated":true}]}}

<p style="text-align: justify">La Consejería de Educación, en colaboración con la Consejería de Medio Ambiente y Ordenación del Territorio, desarrolla el Programa Aldea de Educación Ambiental para la Comunidad Educativa con el objetivo de promover el desarrollo integrado de iniciativas de educación para la conservación de los recursos naturales y la promoción del desarrollo sostenible en el ámbito de la comunidad educativa andaluza.</p>
<p>Dentro del programa Aldea, existen varias líneas de trabajo. Para nuestro centro hemos elegido:</p>
<ul>
<li><strong><em><u>Proyecto Recapacicla</u></em></strong>. Desde aquí pretendemos informar e implicar a la comunidad educativa en la disminución de la generación de todo tipo de residuos, así como su adecuada separación en origen.</li>
</ul>
<p style="text-align: justify"><a href="https://blogsaverroes.juntadeandalucia.es/iessebastianfernandez/files/2019/05/1.jpg"><img loading="lazy" decoding="async" class="size-medium wp-image-2589 aligncenter" src="https://blogsaverroes.juntadeandalucia.es/iessebastianfernandez/files/2019/05/1-300x284.jpg" alt="" width="300" height="284" srcset="https://blogsaverroes.juntadeandalucia.es/iessebastianfernandez/files/2019/05/1-300x284.jpg 300w, https://blogsaverroes.juntadeandalucia.es/iessebastianfernandez/files/2019/05/1-768x726.jpg 768w, https://blogsaverroes.juntadeandalucia.es/iessebastianfernandez/files/2019/05/1-700x662.jpg 700w, https://blogsaverroes.juntadeandalucia.es/iessebastianfernandez/files/2019/05/1-24x24.jpg 24w, https://blogsaverroes.juntadeandalucia.es/iessebastianfernandez/files/2019/05/1-36x34.jpg 36w, https://blogsaverroes.juntadeandalucia.es/iessebastianfernandez/files/2019/05/1-48x45.jpg 48w, https://blogsaverroes.juntadeandalucia.es/iessebastianfernandez/files/2019/05/1.jpg 883w" sizes="(max-width: 300px) 85vw, 300px" /></a></p>
<p style="text-align: justify">Llevamos a cabo la recogida de papel, tapones de plástico y pilas. Aunque es un pequeño paso, éste es de gran importancia para empezar.</p>
<ul style="text-align: justify">
<li><strong><em><u>Proyecto Semilla</u></em></strong> (Será llevado a cabo por el aula de Educación Especial). Tenemos como objetivo la creación y mantenimiento de un vivero escolar.</li>
</ul>
<p style="text-align: justify">&nbsp;</p>
<p style="text-align: justify"><a href="https://blogsaverroes.juntadeandalucia.es/iessebastianfernandez/files/2019/05/2.jpg"><img loading="lazy" decoding="async" class="alignnone size-medium wp-image-2590" src="https://blogsaverroes.juntadeandalucia.es/iessebastianfernandez/files/2019/05/2-300x225.jpg" alt="" width="300" height="225" srcset="https://blogsaverroes.juntadeandalucia.es/iessebastianfernandez/files/2019/05/2-300x225.jpg 300w, https://blogsaverroes.juntadeandalucia.es/iessebastianfernandez/files/2019/05/2-768x576.jpg 768w, https://blogsaverroes.juntadeandalucia.es/iessebastianfernandez/files/2019/05/2-700x525.jpg 700w, https://blogsaverroes.juntadeandalucia.es/iessebastianfernandez/files/2019/05/2-24x18.jpg 24w, https://blogsaverroes.juntadeandalucia.es/iessebastianfernandez/files/2019/05/2-36x27.jpg 36w, https://blogsaverroes.juntadeandalucia.es/iessebastianfernandez/files/2019/05/2-48x36.jpg 48w, https://blogsaverroes.juntadeandalucia.es/iessebastianfernandez/files/2019/05/2.jpg 1016w" sizes="(max-width: 300px) 85vw, 300px" /></a> <a href="https://blogsaverroes.juntadeandalucia.es/iessebastianfernandez/files/2019/05/3.jpg"><img loading="lazy" decoding="async" class="alignnone size-medium wp-image-2591" src="https://blogsaverroes.juntadeandalucia.es/iessebastianfernandez/files/2019/05/3-300x225.jpg" alt="" width="300" height="225" srcset="https://blogsaverroes.juntadeandalucia.es/iessebastianfernandez/files/2019/05/3-300x225.jpg 300w, https://blogsaverroes.juntadeandalucia.es/iessebastianfernandez/files/2019/05/3-768x576.jpg 768w, https://blogsaverroes.juntadeandalucia.es/iessebastianfernandez/files/2019/05/3-700x525.jpg 700w, https://blogsaverroes.juntadeandalucia.es/iessebastianfernandez/files/2019/05/3-24x18.jpg 24w, https://blogsaverroes.juntadeandalucia.es/iessebastianfernandez/files/2019/05/3-36x27.jpg 36w, https://blogsaverroes.juntadeandalucia.es/iessebastianfernandez/files/2019/05/3-48x36.jpg 48w, https://blogsaverroes.juntadeandalucia.es/iessebastianfernandez/files/2019/05/3.jpg 988w" sizes="(max-width: 300px) 85vw, 300px" /></a></p>
<p style="text-align: justify">&nbsp;</p>
<p>Después de poner las semillas, nuestras plantas van creciendo: el perejil, cilantro, hierbabuena.</p>
<p style="text-align: justify"><a href="https://blogsaverroes.juntadeandalucia.es/iessebastianfernandez/files/2019/05/4.jpg"><img loading="lazy" decoding="async" class="alignnone size-medium wp-image-2592" src="https://blogsaverroes.juntadeandalucia.es/iessebastianfernandez/files/2019/05/4-300x225.jpg" alt="" width="300" height="225" srcset="https://blogsaverroes.juntadeandalucia.es/iessebastianfernandez/files/2019/05/4-300x225.jpg 300w, https://blogsaverroes.juntadeandalucia.es/iessebastianfernandez/files/2019/05/4-768x576.jpg 768w, https://blogsaverroes.juntadeandalucia.es/iessebastianfernandez/files/2019/05/4-1024x768.jpg 1024w, https://blogsaverroes.juntadeandalucia.es/iessebastianfernandez/files/2019/05/4-700x525.jpg 700w, https://blogsaverroes.juntadeandalucia.es/iessebastianfernandez/files/2019/05/4-24x18.jpg 24w, https://blogsaverroes.juntadeandalucia.es/iessebastianfernandez/files/2019/05/4-36x27.jpg 36w, https://blogsaverroes.juntadeandalucia.es/iessebastianfernandez/files/2019/05/4-48x36.jpg 48w, https://blogsaverroes.juntadeandalucia.es/iessebastianfernandez/files/2019/05/4.jpg 1205w" sizes="(max-width: 300px) 85vw, 300px" /></a> <a href="https://blogsaverroes.juntadeandalucia.es/iessebastianfernandez/files/2019/05/5.jpg"><img loading="lazy" decoding="async" class="alignnone size-medium wp-image-2593" src="https://blogsaverroes.juntadeandalucia.es/iessebastianfernandez/files/2019/05/5-225x300.jpg" alt="" width="225" height="300" srcset="https://blogsaverroes.juntadeandalucia.es/iessebastianfernandez/files/2019/05/5-225x300.jpg 225w, https://blogsaverroes.juntadeandalucia.es/iessebastianfernandez/files/2019/05/5-18x24.jpg 18w, https://blogsaverroes.juntadeandalucia.es/iessebastianfernandez/files/2019/05/5-27x36.jpg 27w, https://blogsaverroes.juntadeandalucia.es/iessebastianfernandez/files/2019/05/5-36x48.jpg 36w, https://blogsaverroes.juntadeandalucia.es/iessebastianfernandez/files/2019/05/5.jpg 627w" sizes="(max-width: 225px) 85vw, 225px" /></a> <a href="https://blogsaverroes.juntadeandalucia.es/iessebastianfernandez/files/2019/05/6.jpg"><img loading="lazy" decoding="async" class="alignnone size-medium wp-image-2594" src="https://blogsaverroes.juntadeandalucia.es/iessebastianfernandez/files/2019/05/6-300x225.jpg" alt="" width="300" height="225" srcset="https://blogsaverroes.juntadeandalucia.es/iessebastianfernandez/files/2019/05/6-300x225.jpg 300w, https://blogsaverroes.juntadeandalucia.es/iessebastianfernandez/files/2019/05/6-768x576.jpg 768w, https://blogsaverroes.juntadeandalucia.es/iessebastianfernandez/files/2019/05/6-700x525.jpg 700w, https://blogsaverroes.juntadeandalucia.es/iessebastianfernandez/files/2019/05/6-24x18.jpg 24w, https://blogsaverroes.juntadeandalucia.es/iessebastianfernandez/files/2019/05/6-36x27.jpg 36w, https://blogsaverroes.juntadeandalucia.es/iessebastianfernandez/files/2019/05/6-48x36.jpg 48w, https://blogsaverroes.juntadeandalucia.es/iessebastianfernandez/files/2019/05/6.jpg 851w" sizes="(max-width: 300px) 85vw, 300px" /></a></p>
<p style="text-align: justify">Los tomates han echado flores y ya tienen “TOMATITOS”.<br />
<a href="https://blogsaverroes.juntadeandalucia.es/iessebastianfernandez/files/2019/05/7.jpg"><img loading="lazy" decoding="async" class="size-medium wp-image-2595 aligncenter" src="https://blogsaverroes.juntadeandalucia.es/iessebastianfernandez/files/2019/05/7-300x225.jpg" alt="" width="300" height="225" srcset="https://blogsaverroes.juntadeandalucia.es/iessebastianfernandez/files/2019/05/7-300x225.jpg 300w, https://blogsaverroes.juntadeandalucia.es/iessebastianfernandez/files/2019/05/7-768x576.jpg 768w, https://blogsaverroes.juntadeandalucia.es/iessebastianfernandez/files/2019/05/7-700x525.jpg 700w, https://blogsaverroes.juntadeandalucia.es/iessebastianfernandez/files/2019/05/7-24x18.jpg 24w, https://blogsaverroes.juntadeandalucia.es/iessebastianfernandez/files/2019/05/7-36x27.jpg 36w, https://blogsaverroes.juntadeandalucia.es/iessebastianfernandez/files/2019/05/7-48x36.jpg 48w, https://blogsaverroes.juntadeandalucia.es/iessebastianfernandez/files/2019/05/7.jpg 807w" sizes="(max-width: 300px) 85vw, 300px" /></a></p>
<p style="text-align: justify">En el huerto también hemos reciclado, ya que todo lo usado como macetero&nbsp; o contenedor para la tierra y siembra ha sido material reutilizado.</p>
<p style="text-align: justify">Ahora a seguir abonando, regando, reciclando …..y recolectando!!!!!</p>

<p>La Consejería de Educación, en colaboración con la Consejería de Medio Ambiente y Ordenación del Territorio, desarrolla el Programa Aldea de Educación Ambiental para la Comunidad Educativa con el objetivo de promover el desarrollo integrado de iniciativas de educación para la conservación de los recursos naturales y la promoción del desarrollo sostenible en el ámbito &hellip; <a href="https://blogsaverroes.juntadeandalucia.es/iessebastianfernandez/programa-aldea/" class="more-link">Continuar leyendo<span class="screen-reader-text"> «Programa ALDEA»</span></a></p>
