{"id":2680,"date":"2019-06-04T16:42:13","date_gmt":"2019-06-04T16:42:13","guid":{"rendered":"https:\/\/blogsaverroes.juntadeandalucia.es\/iessebastianfernandez\/?page_id=2680"},"modified":"2019-06-06T18:07:11","modified_gmt":"2019-06-06T18:07:11","slug":"agenda","status":"publish","type":"page","link":"https:\/\/blogsaverroes.juntadeandalucia.es\/iessebastianfernandez\/agenda\/","title":{"rendered":"Agenda"},"content":{"rendered":"<p style=\"text-align: center\"><a href=\"https:\/\/blogsaverroes.juntadeandalucia.es\/iessebastianfernandez\/files\/2019\/06\/Portada-agenda1920.jpg\"><img loading=\"lazy\" decoding=\"async\" class=\"alignnone size-medium wp-image-2711\" src=\"https:\/\/blogsaverroes.juntadeandalucia.es\/iessebastianfernandez\/files\/2019\/06\/Portada-agenda1920-214x300.jpg\" alt=\"\" width=\"214\" height=\"300\" srcset=\"https:\/\/blogsaverroes.juntadeandalucia.es\/iessebastianfernandez\/files\/2019\/06\/Portada-agenda1920-214x300.jpg 214w, https:\/\/blogsaverroes.juntadeandalucia.es\/iessebastianfernandez\/files\/2019\/06\/Portada-agenda1920-768x1076.jpg 768w, https:\/\/blogsaverroes.juntadeandalucia.es\/iessebastianfernandez\/files\/2019\/06\/Portada-agenda1920-731x1024.jpg 731w, https:\/\/blogsaverroes.juntadeandalucia.es\/iessebastianfernandez\/files\/2019\/06\/Portada-agenda1920-700x981.jpg 700w, https:\/\/blogsaverroes.juntadeandalucia.es\/iessebastianfernandez\/files\/2019\/06\/Portada-agenda1920-17x24.jpg 17w, https:\/\/blogsaverroes.juntadeandalucia.es\/iessebastianfernandez\/files\/2019\/06\/Portada-agenda1920-26x36.jpg 26w, https:\/\/blogsaverroes.juntadeandalucia.es\/iessebastianfernandez\/files\/2019\/06\/Portada-agenda1920-34x48.jpg 34w, https:\/\/blogsaverroes.juntadeandalucia.es\/iessebastianfernandez\/files\/2019\/06\/Portada-agenda1920.jpg 1142w\" sizes=\"(max-width: 214px) 85vw, 214px\" \/><\/a><\/p>\n<p>La agenda escolar es un instrumento que tiene todo el alumnado de nuestro centro para:<\/p>\n<ul>\n<li>Planificar y controlar las tareas, las actividades del Centro y tener toda la informaci\u00f3n importante al d\u00eda para llevar bien el curso escolar.<\/li>\n<li>Comunicarse profesorado-familia-profesorado a trav\u00e9s de las siguientes p\u00e1ginas<a href=\"https:\/\/blogsaverroes.juntadeandalucia.es\/iessebastianfernandez\/files\/2019\/06\/Comunicacion-familia_profesorado.jpg\"><img loading=\"lazy\" decoding=\"async\" class=\"alignnone size-medium wp-image-2716\" src=\"https:\/\/blogsaverroes.juntadeandalucia.es\/iessebastianfernandez\/files\/2019\/06\/Comunicacion-familia_profesorado-300x197.jpg\" alt=\"\" width=\"300\" height=\"197\" srcset=\"https:\/\/blogsaverroes.juntadeandalucia.es\/iessebastianfernandez\/files\/2019\/06\/Comunicacion-familia_profesorado-300x197.jpg 300w, https:\/\/blogsaverroes.juntadeandalucia.es\/iessebastianfernandez\/files\/2019\/06\/Comunicacion-familia_profesorado-768x504.jpg 768w, https:\/\/blogsaverroes.juntadeandalucia.es\/iessebastianfernandez\/files\/2019\/06\/Comunicacion-familia_profesorado-1024x672.jpg 1024w, https:\/\/blogsaverroes.juntadeandalucia.es\/iessebastianfernandez\/files\/2019\/06\/Comunicacion-familia_profesorado-700x459.jpg 700w, https:\/\/blogsaverroes.juntadeandalucia.es\/iessebastianfernandez\/files\/2019\/06\/Comunicacion-familia_profesorado-24x16.jpg 24w, https:\/\/blogsaverroes.juntadeandalucia.es\/iessebastianfernandez\/files\/2019\/06\/Comunicacion-familia_profesorado-36x24.jpg 36w, https:\/\/blogsaverroes.juntadeandalucia.es\/iessebastianfernandez\/files\/2019\/06\/Comunicacion-familia_profesorado-48x32.jpg 48w, https:\/\/blogsaverroes.juntadeandalucia.es\/iessebastianfernandez\/files\/2019\/06\/Comunicacion-familia_profesorado.jpg 1600w\" sizes=\"(max-width: 300px) 85vw, 300px\" \/><\/a><a href=\"https:\/\/blogsaverroes.juntadeandalucia.es\/iessebastianfernandez\/files\/2019\/06\/Comunicacion-profesorado_familia.jpg\"><img loading=\"lazy\" decoding=\"async\" class=\"alignnone size-medium wp-image-2717\" src=\"https:\/\/blogsaverroes.juntadeandalucia.es\/iessebastianfernandez\/files\/2019\/06\/Comunicacion-profesorado_familia-300x189.jpg\" alt=\"\" width=\"300\" height=\"189\" srcset=\"https:\/\/blogsaverroes.juntadeandalucia.es\/iessebastianfernandez\/files\/2019\/06\/Comunicacion-profesorado_familia-300x189.jpg 300w, https:\/\/blogsaverroes.juntadeandalucia.es\/iessebastianfernandez\/files\/2019\/06\/Comunicacion-profesorado_familia-768x483.jpg 768w, https:\/\/blogsaverroes.juntadeandalucia.es\/iessebastianfernandez\/files\/2019\/06\/Comunicacion-profesorado_familia-1024x644.jpg 1024w, https:\/\/blogsaverroes.juntadeandalucia.es\/iessebastianfernandez\/files\/2019\/06\/Comunicacion-profesorado_familia-700x440.jpg 700w, https:\/\/blogsaverroes.juntadeandalucia.es\/iessebastianfernandez\/files\/2019\/06\/Comunicacion-profesorado_familia-24x15.jpg 24w, https:\/\/blogsaverroes.juntadeandalucia.es\/iessebastianfernandez\/files\/2019\/06\/Comunicacion-profesorado_familia-36x23.jpg 36w, https:\/\/blogsaverroes.juntadeandalucia.es\/iessebastianfernandez\/files\/2019\/06\/Comunicacion-profesorado_familia-48x30.jpg 48w, https:\/\/blogsaverroes.juntadeandalucia.es\/iessebastianfernandez\/files\/2019\/06\/Comunicacion-profesorado_familia.jpg 1600w\" sizes=\"(max-width: 300px) 85vw, 300px\" \/><\/a><\/li>\n<li>Comunicar las ausencias\/retrasos\/salidas de la alumna\/o<a href=\"https:\/\/blogsaverroes.juntadeandalucia.es\/iessebastianfernandez\/files\/2019\/06\/Justicantes-ausencias-salidas-retrasos.jpg\"><img loading=\"lazy\" decoding=\"async\" class=\"size-medium wp-image-2721 aligncenter\" src=\"https:\/\/blogsaverroes.juntadeandalucia.es\/iessebastianfernandez\/files\/2019\/06\/Justicantes-ausencias-salidas-retrasos-300x192.jpg\" alt=\"\" width=\"300\" height=\"192\" srcset=\"https:\/\/blogsaverroes.juntadeandalucia.es\/iessebastianfernandez\/files\/2019\/06\/Justicantes-ausencias-salidas-retrasos-300x192.jpg 300w, https:\/\/blogsaverroes.juntadeandalucia.es\/iessebastianfernandez\/files\/2019\/06\/Justicantes-ausencias-salidas-retrasos-768x491.jpg 768w, https:\/\/blogsaverroes.juntadeandalucia.es\/iessebastianfernandez\/files\/2019\/06\/Justicantes-ausencias-salidas-retrasos-1024x654.jpg 1024w, https:\/\/blogsaverroes.juntadeandalucia.es\/iessebastianfernandez\/files\/2019\/06\/Justicantes-ausencias-salidas-retrasos-700x447.jpg 700w, https:\/\/blogsaverroes.juntadeandalucia.es\/iessebastianfernandez\/files\/2019\/06\/Justicantes-ausencias-salidas-retrasos-24x15.jpg 24w, https:\/\/blogsaverroes.juntadeandalucia.es\/iessebastianfernandez\/files\/2019\/06\/Justicantes-ausencias-salidas-retrasos-36x23.jpg 36w, https:\/\/blogsaverroes.juntadeandalucia.es\/iessebastianfernandez\/files\/2019\/06\/Justicantes-ausencias-salidas-retrasos-48x31.jpg 48w, https:\/\/blogsaverroes.juntadeandalucia.es\/iessebastianfernandez\/files\/2019\/06\/Justicantes-ausencias-salidas-retrasos.jpg 1600w\" sizes=\"(max-width: 300px) 85vw, 300px\" \/><\/a><\/li>\n<li>Presentar las autorizaciones al inicio de curso<a href=\"https:\/\/blogsaverroes.juntadeandalucia.es\/iessebastianfernandez\/files\/2019\/06\/autorizacion1.jpg\"><img loading=\"lazy\" decoding=\"async\" class=\"size-medium wp-image-2720 aligncenter\" src=\"https:\/\/blogsaverroes.juntadeandalucia.es\/iessebastianfernandez\/files\/2019\/06\/autorizacion1-198x300.jpg\" alt=\"\" width=\"198\" height=\"300\" srcset=\"https:\/\/blogsaverroes.juntadeandalucia.es\/iessebastianfernandez\/files\/2019\/06\/autorizacion1-198x300.jpg 198w, https:\/\/blogsaverroes.juntadeandalucia.es\/iessebastianfernandez\/files\/2019\/06\/autorizacion1-768x1165.jpg 768w, https:\/\/blogsaverroes.juntadeandalucia.es\/iessebastianfernandez\/files\/2019\/06\/autorizacion1-675x1024.jpg 675w, https:\/\/blogsaverroes.juntadeandalucia.es\/iessebastianfernandez\/files\/2019\/06\/autorizacion1-700x1062.jpg 700w, https:\/\/blogsaverroes.juntadeandalucia.es\/iessebastianfernandez\/files\/2019\/06\/autorizacion1-16x24.jpg 16w, https:\/\/blogsaverroes.juntadeandalucia.es\/iessebastianfernandez\/files\/2019\/06\/autorizacion1-24x36.jpg 24w, https:\/\/blogsaverroes.juntadeandalucia.es\/iessebastianfernandez\/files\/2019\/06\/autorizacion1-32x48.jpg 32w, https:\/\/blogsaverroes.juntadeandalucia.es\/iessebastianfernandez\/files\/2019\/06\/autorizacion1.jpg 1054w\" sizes=\"(max-width: 198px) 85vw, 198px\" \/><\/a><\/li>\n<li>Aceptar las Normas del Programa de Gratuidad de Libros de Texto&nbsp;<a href=\"https:\/\/blogsaverroes.juntadeandalucia.es\/iessebastianfernandez\/files\/2019\/06\/programa-gratuidad-libros.jpg\"><img loading=\"lazy\" decoding=\"async\" class=\"size-medium wp-image-2722 aligncenter\" src=\"https:\/\/blogsaverroes.juntadeandalucia.es\/iessebastianfernandez\/files\/2019\/06\/programa-gratuidad-libros-202x300.jpg\" alt=\"\" width=\"202\" height=\"300\" srcset=\"https:\/\/blogsaverroes.juntadeandalucia.es\/iessebastianfernandez\/files\/2019\/06\/programa-gratuidad-libros-202x300.jpg 202w, https:\/\/blogsaverroes.juntadeandalucia.es\/iessebastianfernandez\/files\/2019\/06\/programa-gratuidad-libros-768x1138.jpg 768w, https:\/\/blogsaverroes.juntadeandalucia.es\/iessebastianfernandez\/files\/2019\/06\/programa-gratuidad-libros-691x1024.jpg 691w, https:\/\/blogsaverroes.juntadeandalucia.es\/iessebastianfernandez\/files\/2019\/06\/programa-gratuidad-libros-700x1037.jpg 700w, https:\/\/blogsaverroes.juntadeandalucia.es\/iessebastianfernandez\/files\/2019\/06\/programa-gratuidad-libros-16x24.jpg 16w, https:\/\/blogsaverroes.juntadeandalucia.es\/iessebastianfernandez\/files\/2019\/06\/programa-gratuidad-libros-24x36.jpg 24w, https:\/\/blogsaverroes.juntadeandalucia.es\/iessebastianfernandez\/files\/2019\/06\/programa-gratuidad-libros-32x48.jpg 32w, https:\/\/blogsaverroes.juntadeandalucia.es\/iessebastianfernandez\/files\/2019\/06\/programa-gratuidad-libros.jpg 1080w\" sizes=\"(max-width: 202px) 85vw, 202px\" \/><\/a><\/li>\n<li>Conocer las&nbsp;<a href=\"https:\/\/blogsaverroes.juntadeandalucia.es\/iessebastianfernandez\/files\/2019\/06\/Normas-convivencia.pdf\" target=\"_blank\" rel=\"noopener\">Normas convivencia<\/a><\/li>\n<\/ul>\n<p>Por eso es deben:<\/p>\n<ul>\n<li>Traerla todos los d\u00edas<\/li>\n<li>Conservarla limpia<\/li>\n<li>Tenerla a disposici\u00f3n de sus padres y profesores<\/li>\n<\/ul>\n<p>Como medio de comunicaci\u00f3n con las familias es importante, especialmente en los primeros cursos, que en casa <strong>revisen diariamente<\/strong>:<\/p>\n<ul>\n<li>La hoja de la agenda del d\u00eda para ver las tareas.<\/li>\n<li>El planning trimestral para ver las pruebas, entrega de trabajos, etc<\/li>\n<li>Comunicaciones Profesorado\/Familia<\/li>\n<\/ul>\n<p>&nbsp;<\/p>\n","protected":false},"excerpt":{"rendered":"<p>La agenda escolar es un instrumento que tiene todo el alumnado de nuestro centro para: Planificar y controlar las tareas, las actividades del Centro y tener toda la informaci\u00f3n importante al d\u00eda para llevar bien el curso escolar. Comunicarse profesorado-familia-profesorado a trav\u00e9s de las siguientes p\u00e1ginas Comunicar las ausencias\/retrasos\/salidas de la alumna\/o Presentar las autorizaciones &hellip; <a href=\"https:\/\/blogsaverroes.juntadeandalucia.es\/iessebastianfernandez\/agenda\/\" class=\"more-link\">Continuar leyendo<span class=\"screen-reader-text\"> \u00abAgenda\u00bb<\/span><\/a><\/p>\n","protected":false},"author":6758,"featured_media":0,"parent":0,"menu_order":0,"comment_status":"closed","ping_status":"closed","template":"","meta":{"ngg_post_thumbnail":0,"footnotes":"","_mc_calendar":[]},"aioseo_notices":[],"_links":{"self":[{"href":"https:\/\/blogsaverroes.juntadeandalucia.es\/iessebastianfernandez\/wp-json\/wp\/v2\/pages\/2680"}],"collection":[{"href":"https:\/\/blogsaverroes.juntadeandalucia.es\/iessebastianfernandez\/wp-json\/wp\/v2\/pages"}],"about":[{"href":"https:\/\/blogsaverroes.juntadeandalucia.es\/iessebastianfernandez\/wp-json\/wp\/v2\/types\/page"}],"author":[{"embeddable":true,"href":"https:\/\/blogsaverroes.juntadeandalucia.es\/iessebastianfernandez\/wp-json\/wp\/v2\/users\/6758"}],"replies":[{"embeddable":true,"href":"https:\/\/blogsaverroes.juntadeandalucia.es\/iessebastianfernandez\/wp-json\/wp\/v2\/comments?post=2680"}],"version-history":[{"count":8,"href":"https:\/\/blogsaverroes.juntadeandalucia.es\/iessebastianfernandez\/wp-json\/wp\/v2\/pages\/2680\/revisions"}],"predecessor-version":[{"id":2712,"href":"https:\/\/blogsaverroes.juntadeandalucia.es\/iessebastianfernandez\/wp-json\/wp\/v2\/pages\/2680\/revisions\/2712"}],"wp:attachment":[{"href":"https:\/\/blogsaverroes.juntadeandalucia.es\/iessebastianfernandez\/wp-json\/wp\/v2\/media?parent=2680"}],"curies":[{"name":"wp","href":"https:\/\/api.w.org\/{rel}","templated":true}]}}

<p style="text-align: center"><a href="https://blogsaverroes.juntadeandalucia.es/iessebastianfernandez/files/2019/06/Portada-agenda1920.jpg"><img loading="lazy" decoding="async" class="alignnone size-medium wp-image-2711" src="https://blogsaverroes.juntadeandalucia.es/iessebastianfernandez/files/2019/06/Portada-agenda1920-214x300.jpg" alt="" width="214" height="300" srcset="https://blogsaverroes.juntadeandalucia.es/iessebastianfernandez/files/2019/06/Portada-agenda1920-214x300.jpg 214w, https://blogsaverroes.juntadeandalucia.es/iessebastianfernandez/files/2019/06/Portada-agenda1920-768x1076.jpg 768w, https://blogsaverroes.juntadeandalucia.es/iessebastianfernandez/files/2019/06/Portada-agenda1920-731x1024.jpg 731w, https://blogsaverroes.juntadeandalucia.es/iessebastianfernandez/files/2019/06/Portada-agenda1920-700x981.jpg 700w, https://blogsaverroes.juntadeandalucia.es/iessebastianfernandez/files/2019/06/Portada-agenda1920-17x24.jpg 17w, https://blogsaverroes.juntadeandalucia.es/iessebastianfernandez/files/2019/06/Portada-agenda1920-26x36.jpg 26w, https://blogsaverroes.juntadeandalucia.es/iessebastianfernandez/files/2019/06/Portada-agenda1920-34x48.jpg 34w, https://blogsaverroes.juntadeandalucia.es/iessebastianfernandez/files/2019/06/Portada-agenda1920.jpg 1142w" sizes="(max-width: 214px) 85vw, 214px" /></a></p>
<p>La agenda escolar es un instrumento que tiene todo el alumnado de nuestro centro para:</p>
<ul>
<li>Planificar y controlar las tareas, las actividades del Centro y tener toda la información importante al día para llevar bien el curso escolar.</li>
<li>Comunicarse profesorado-familia-profesorado a través de las siguientes páginas<a href="https://blogsaverroes.juntadeandalucia.es/iessebastianfernandez/files/2019/06/Comunicacion-familia_profesorado.jpg"><img loading="lazy" decoding="async" class="alignnone size-medium wp-image-2716" src="https://blogsaverroes.juntadeandalucia.es/iessebastianfernandez/files/2019/06/Comunicacion-familia_profesorado-300x197.jpg" alt="" width="300" height="197" srcset="https://blogsaverroes.juntadeandalucia.es/iessebastianfernandez/files/2019/06/Comunicacion-familia_profesorado-300x197.jpg 300w, https://blogsaverroes.juntadeandalucia.es/iessebastianfernandez/files/2019/06/Comunicacion-familia_profesorado-768x504.jpg 768w, https://blogsaverroes.juntadeandalucia.es/iessebastianfernandez/files/2019/06/Comunicacion-familia_profesorado-1024x672.jpg 1024w, https://blogsaverroes.juntadeandalucia.es/iessebastianfernandez/files/2019/06/Comunicacion-familia_profesorado-700x459.jpg 700w, https://blogsaverroes.juntadeandalucia.es/iessebastianfernandez/files/2019/06/Comunicacion-familia_profesorado-24x16.jpg 24w, https://blogsaverroes.juntadeandalucia.es/iessebastianfernandez/files/2019/06/Comunicacion-familia_profesorado-36x24.jpg 36w, https://blogsaverroes.juntadeandalucia.es/iessebastianfernandez/files/2019/06/Comunicacion-familia_profesorado-48x32.jpg 48w, https://blogsaverroes.juntadeandalucia.es/iessebastianfernandez/files/2019/06/Comunicacion-familia_profesorado.jpg 1600w" sizes="(max-width: 300px) 85vw, 300px" /></a><a href="https://blogsaverroes.juntadeandalucia.es/iessebastianfernandez/files/2019/06/Comunicacion-profesorado_familia.jpg"><img loading="lazy" decoding="async" class="alignnone size-medium wp-image-2717" src="https://blogsaverroes.juntadeandalucia.es/iessebastianfernandez/files/2019/06/Comunicacion-profesorado_familia-300x189.jpg" alt="" width="300" height="189" srcset="https://blogsaverroes.juntadeandalucia.es/iessebastianfernandez/files/2019/06/Comunicacion-profesorado_familia-300x189.jpg 300w, https://blogsaverroes.juntadeandalucia.es/iessebastianfernandez/files/2019/06/Comunicacion-profesorado_familia-768x483.jpg 768w, https://blogsaverroes.juntadeandalucia.es/iessebastianfernandez/files/2019/06/Comunicacion-profesorado_familia-1024x644.jpg 1024w, https://blogsaverroes.juntadeandalucia.es/iessebastianfernandez/files/2019/06/Comunicacion-profesorado_familia-700x440.jpg 700w, https://blogsaverroes.juntadeandalucia.es/iessebastianfernandez/files/2019/06/Comunicacion-profesorado_familia-24x15.jpg 24w, https://blogsaverroes.juntadeandalucia.es/iessebastianfernandez/files/2019/06/Comunicacion-profesorado_familia-36x23.jpg 36w, https://blogsaverroes.juntadeandalucia.es/iessebastianfernandez/files/2019/06/Comunicacion-profesorado_familia-48x30.jpg 48w, https://blogsaverroes.juntadeandalucia.es/iessebastianfernandez/files/2019/06/Comunicacion-profesorado_familia.jpg 1600w" sizes="(max-width: 300px) 85vw, 300px" /></a></li>
<li>Comunicar las ausencias/retrasos/salidas de la alumna/o<a href="https://blogsaverroes.juntadeandalucia.es/iessebastianfernandez/files/2019/06/Justicantes-ausencias-salidas-retrasos.jpg"><img loading="lazy" decoding="async" class="size-medium wp-image-2721 aligncenter" src="https://blogsaverroes.juntadeandalucia.es/iessebastianfernandez/files/2019/06/Justicantes-ausencias-salidas-retrasos-300x192.jpg" alt="" width="300" height="192" srcset="https://blogsaverroes.juntadeandalucia.es/iessebastianfernandez/files/2019/06/Justicantes-ausencias-salidas-retrasos-300x192.jpg 300w, https://blogsaverroes.juntadeandalucia.es/iessebastianfernandez/files/2019/06/Justicantes-ausencias-salidas-retrasos-768x491.jpg 768w, https://blogsaverroes.juntadeandalucia.es/iessebastianfernandez/files/2019/06/Justicantes-ausencias-salidas-retrasos-1024x654.jpg 1024w, https://blogsaverroes.juntadeandalucia.es/iessebastianfernandez/files/2019/06/Justicantes-ausencias-salidas-retrasos-700x447.jpg 700w, https://blogsaverroes.juntadeandalucia.es/iessebastianfernandez/files/2019/06/Justicantes-ausencias-salidas-retrasos-24x15.jpg 24w, https://blogsaverroes.juntadeandalucia.es/iessebastianfernandez/files/2019/06/Justicantes-ausencias-salidas-retrasos-36x23.jpg 36w, https://blogsaverroes.juntadeandalucia.es/iessebastianfernandez/files/2019/06/Justicantes-ausencias-salidas-retrasos-48x31.jpg 48w, https://blogsaverroes.juntadeandalucia.es/iessebastianfernandez/files/2019/06/Justicantes-ausencias-salidas-retrasos.jpg 1600w" sizes="(max-width: 300px) 85vw, 300px" /></a></li>
<li>Presentar las autorizaciones al inicio de curso<a href="https://blogsaverroes.juntadeandalucia.es/iessebastianfernandez/files/2019/06/autorizacion1.jpg"><img loading="lazy" decoding="async" class="size-medium wp-image-2720 aligncenter" src="https://blogsaverroes.juntadeandalucia.es/iessebastianfernandez/files/2019/06/autorizacion1-198x300.jpg" alt="" width="198" height="300" srcset="https://blogsaverroes.juntadeandalucia.es/iessebastianfernandez/files/2019/06/autorizacion1-198x300.jpg 198w, https://blogsaverroes.juntadeandalucia.es/iessebastianfernandez/files/2019/06/autorizacion1-768x1165.jpg 768w, https://blogsaverroes.juntadeandalucia.es/iessebastianfernandez/files/2019/06/autorizacion1-675x1024.jpg 675w, https://blogsaverroes.juntadeandalucia.es/iessebastianfernandez/files/2019/06/autorizacion1-700x1062.jpg 700w, https://blogsaverroes.juntadeandalucia.es/iessebastianfernandez/files/2019/06/autorizacion1-16x24.jpg 16w, https://blogsaverroes.juntadeandalucia.es/iessebastianfernandez/files/2019/06/autorizacion1-24x36.jpg 24w, https://blogsaverroes.juntadeandalucia.es/iessebastianfernandez/files/2019/06/autorizacion1-32x48.jpg 32w, https://blogsaverroes.juntadeandalucia.es/iessebastianfernandez/files/2019/06/autorizacion1.jpg 1054w" sizes="(max-width: 198px) 85vw, 198px" /></a></li>
<li>Aceptar las Normas del Programa de Gratuidad de Libros de Texto&nbsp;<a href="https://blogsaverroes.juntadeandalucia.es/iessebastianfernandez/files/2019/06/programa-gratuidad-libros.jpg"><img loading="lazy" decoding="async" class="size-medium wp-image-2722 aligncenter" src="https://blogsaverroes.juntadeandalucia.es/iessebastianfernandez/files/2019/06/programa-gratuidad-libros-202x300.jpg" alt="" width="202" height="300" srcset="https://blogsaverroes.juntadeandalucia.es/iessebastianfernandez/files/2019/06/programa-gratuidad-libros-202x300.jpg 202w, https://blogsaverroes.juntadeandalucia.es/iessebastianfernandez/files/2019/06/programa-gratuidad-libros-768x1138.jpg 768w, https://blogsaverroes.juntadeandalucia.es/iessebastianfernandez/files/2019/06/programa-gratuidad-libros-691x1024.jpg 691w, https://blogsaverroes.juntadeandalucia.es/iessebastianfernandez/files/2019/06/programa-gratuidad-libros-700x1037.jpg 700w, https://blogsaverroes.juntadeandalucia.es/iessebastianfernandez/files/2019/06/programa-gratuidad-libros-16x24.jpg 16w, https://blogsaverroes.juntadeandalucia.es/iessebastianfernandez/files/2019/06/programa-gratuidad-libros-24x36.jpg 24w, https://blogsaverroes.juntadeandalucia.es/iessebastianfernandez/files/2019/06/programa-gratuidad-libros-32x48.jpg 32w, https://blogsaverroes.juntadeandalucia.es/iessebastianfernandez/files/2019/06/programa-gratuidad-libros.jpg 1080w" sizes="(max-width: 202px) 85vw, 202px" /></a></li>
<li>Conocer las&nbsp;<a href="https://blogsaverroes.juntadeandalucia.es/iessebastianfernandez/files/2019/06/Normas-convivencia.pdf" target="_blank" rel="noopener">Normas convivencia</a></li>
</ul>
<p>Por eso es deben:</p>
<ul>
<li>Traerla todos los días</li>
<li>Conservarla limpia</li>
<li>Tenerla a disposición de sus padres y profesores</li>
</ul>
<p>Como medio de comunicación con las familias es importante, especialmente en los primeros cursos, que en casa <strong>revisen diariamente</strong>:</p>
<ul>
<li>La hoja de la agenda del día para ver las tareas.</li>
<li>El planning trimestral para ver las pruebas, entrega de trabajos, etc</li>
<li>Comunicaciones Profesorado/Familia</li>
</ul>
<p>&nbsp;</p>

<p>La agenda escolar es un instrumento que tiene todo el alumnado de nuestro centro para: Planificar y controlar las tareas, las actividades del Centro y tener toda la información importante al día para llevar bien el curso escolar. Comunicarse profesorado-familia-profesorado a través de las siguientes páginas Comunicar las ausencias/retrasos/salidas de la alumna/o Presentar las autorizaciones &hellip; <a href="https://blogsaverroes.juntadeandalucia.es/iessebastianfernandez/agenda/" class="more-link">Continuar leyendo<span class="screen-reader-text"> «Agenda»</span></a></p>
