{"id":3451,"date":"2021-11-27T18:10:09","date_gmt":"2021-11-27T18:10:09","guid":{"rendered":"https:\/\/blogsaverroes.juntadeandalucia.es\/iessebastianfernandez\/?page_id=3451"},"modified":"2025-05-16T08:25:21","modified_gmt":"2025-05-16T08:25:21","slug":"aula-de-cine","status":"publish","type":"page","link":"https:\/\/blogsaverroes.juntadeandalucia.es\/iessebastianfernandez\/aula-de-cine\/","title":{"rendered":"Aula de Cine"},"content":{"rendered":"<div style=\"text-align: justify\">En el IES Mapi Valle&nbsp;somos conscientes de la importancia del mundo audiovisual hoy en d\u00eda. Es por ello que un a\u00f1o m\u00e1s participamos en el programa Aula de cine, cuyo objetivo es ampliar la cultura audiovisual de nuestros estudiantes a trav\u00e9s de tres ejes:&nbsp;<\/div>\n<div style=\"text-align: justify\">\n<ul>\n<li>Ver cine<\/li>\n<li>Hacer cine<\/li>\n<li>Alfabetizaci\u00f3n audiovisual<\/li>\n<\/ul>\n<p>Puedes seguir nuestro trabajo en Instagram (@cinesebfer) o a trav\u00e9s de nuestro <a href=\"https:\/\/www.youtube.com\/channel\/UCsAECk-kI1JARaa9YbyiSBw\">canal de YouTube.<\/a><\/p>\n<p><a href=\"https:\/\/blogsaverroes.juntadeandalucia.es\/iessebastianfernandez\/files\/2025\/05\/PD-cine-REVISADA.pdf\">PD cine <\/a><a href=\"https:\/\/blogsaverroes.juntadeandalucia.es\/iessebastianfernandez\/files\/2022\/02\/image0.jpeg\"><img loading=\"lazy\" decoding=\"async\" class=\"size-medium wp-image-3493 aligncenter\" src=\"https:\/\/blogsaverroes.juntadeandalucia.es\/iessebastianfernandez\/files\/2022\/02\/image0-300x300.jpeg\" alt=\"\" width=\"300\" height=\"300\" srcset=\"https:\/\/blogsaverroes.juntadeandalucia.es\/iessebastianfernandez\/files\/2022\/02\/image0-300x300.jpeg 300w, https:\/\/blogsaverroes.juntadeandalucia.es\/iessebastianfernandez\/files\/2022\/02\/image0-150x150.jpeg 150w, https:\/\/blogsaverroes.juntadeandalucia.es\/iessebastianfernandez\/files\/2022\/02\/image0-268x268.jpeg 268w, https:\/\/blogsaverroes.juntadeandalucia.es\/iessebastianfernandez\/files\/2022\/02\/image0-50x50.jpeg 50w, https:\/\/blogsaverroes.juntadeandalucia.es\/iessebastianfernandez\/files\/2022\/02\/image0.jpeg 320w\" sizes=\"(max-width: 300px) 85vw, 300px\" \/><\/a><\/p>\n<p><a href=\"https:\/\/blogsaverroes.juntadeandalucia.es\/iessebastianfernandez\/files\/2022\/02\/unnamed.jpg\">&nbsp; &nbsp; &nbsp; &nbsp; &nbsp; &nbsp; &nbsp; &nbsp; <img loading=\"lazy\" decoding=\"async\" class=\"alignnone size-medium wp-image-3475\" src=\"https:\/\/blogsaverroes.juntadeandalucia.es\/iessebastianfernandez\/files\/2022\/02\/unnamed-169x300.jpg\" alt=\"\" width=\"169\" height=\"300\" srcset=\"https:\/\/blogsaverroes.juntadeandalucia.es\/iessebastianfernandez\/files\/2022\/02\/unnamed-169x300.jpg 169w, https:\/\/blogsaverroes.juntadeandalucia.es\/iessebastianfernandez\/files\/2022\/02\/unnamed.jpg 360w\" sizes=\"(max-width: 169px) 85vw, 169px\" \/><\/a> <a href=\"https:\/\/blogsaverroes.juntadeandalucia.es\/iessebastianfernandez\/files\/2022\/02\/unnamed.png\"><img loading=\"lazy\" decoding=\"async\" class=\"alignnone size-medium wp-image-3476\" src=\"https:\/\/blogsaverroes.juntadeandalucia.es\/iessebastianfernandez\/files\/2022\/02\/unnamed-169x300.png\" alt=\"\" width=\"169\" height=\"300\" srcset=\"https:\/\/blogsaverroes.juntadeandalucia.es\/iessebastianfernandez\/files\/2022\/02\/unnamed-169x300.png 169w, https:\/\/blogsaverroes.juntadeandalucia.es\/iessebastianfernandez\/files\/2022\/02\/unnamed.png 360w\" sizes=\"(max-width: 169px) 85vw, 169px\" \/><\/a><a href=\"https:\/\/blogsaverroes.juntadeandalucia.es\/iessebastianfernandez\/files\/2022\/02\/01E48D67-B374-43DC-96E7-2876367068C6.png\"><img loading=\"lazy\" decoding=\"async\" class=\"alignnone size-medium wp-image-3474\" src=\"https:\/\/blogsaverroes.juntadeandalucia.es\/iessebastianfernandez\/files\/2022\/02\/01E48D67-B374-43DC-96E7-2876367068C6-169x300.png\" alt=\"\" width=\"169\" height=\"300\" srcset=\"https:\/\/blogsaverroes.juntadeandalucia.es\/iessebastianfernandez\/files\/2022\/02\/01E48D67-B374-43DC-96E7-2876367068C6-169x300.png 169w, https:\/\/blogsaverroes.juntadeandalucia.es\/iessebastianfernandez\/files\/2022\/02\/01E48D67-B374-43DC-96E7-2876367068C6.png 360w\" sizes=\"(max-width: 169px) 85vw, 169px\" \/><\/a><\/p>\n<\/div>\n","protected":false},"excerpt":{"rendered":"<p>En el IES Mapi Valle&nbsp;somos conscientes de la importancia del mundo audiovisual hoy en d\u00eda. Es por ello que un a\u00f1o m\u00e1s participamos en el programa Aula de cine, cuyo objetivo es ampliar la cultura audiovisual de nuestros estudiantes a trav\u00e9s de tres ejes:&nbsp; Ver cine Hacer cine Alfabetizaci\u00f3n audiovisual Puedes seguir nuestro trabajo en &hellip; <a href=\"https:\/\/blogsaverroes.juntadeandalucia.es\/iessebastianfernandez\/aula-de-cine\/\" class=\"more-link\">Continuar leyendo<span class=\"screen-reader-text\"> \u00abAula de Cine\u00bb<\/span><\/a><\/p>\n","protected":false},"author":6758,"featured_media":0,"parent":0,"menu_order":0,"comment_status":"closed","ping_status":"closed","template":"","meta":{"ngg_post_thumbnail":0,"footnotes":"","_mc_calendar":[]},"aioseo_notices":[],"_links":{"self":[{"href":"https:\/\/blogsaverroes.juntadeandalucia.es\/iessebastianfernandez\/wp-json\/wp\/v2\/pages\/3451"}],"collection":[{"href":"https:\/\/blogsaverroes.juntadeandalucia.es\/iessebastianfernandez\/wp-json\/wp\/v2\/pages"}],"about":[{"href":"https:\/\/blogsaverroes.juntadeandalucia.es\/iessebastianfernandez\/wp-json\/wp\/v2\/types\/page"}],"author":[{"embeddable":true,"href":"https:\/\/blogsaverroes.juntadeandalucia.es\/iessebastianfernandez\/wp-json\/wp\/v2\/users\/6758"}],"replies":[{"embeddable":true,"href":"https:\/\/blogsaverroes.juntadeandalucia.es\/iessebastianfernandez\/wp-json\/wp\/v2\/comments?post=3451"}],"version-history":[{"count":8,"href":"https:\/\/blogsaverroes.juntadeandalucia.es\/iessebastianfernandez\/wp-json\/wp\/v2\/pages\/3451\/revisions"}],"predecessor-version":[{"id":3618,"href":"https:\/\/blogsaverroes.juntadeandalucia.es\/iessebastianfernandez\/wp-json\/wp\/v2\/pages\/3451\/revisions\/3618"}],"wp:attachment":[{"href":"https:\/\/blogsaverroes.juntadeandalucia.es\/iessebastianfernandez\/wp-json\/wp\/v2\/media?parent=3451"}],"curies":[{"name":"wp","href":"https:\/\/api.w.org\/{rel}","templated":true}]}}