{"id":77,"date":"2015-03-16T06:54:56","date_gmt":"2015-03-16T06:54:56","guid":{"rendered":"http:\/\/blogsaverroes.juntadeandalucia.es\/pre\/ceip\/?page_id=77"},"modified":"2020-10-10T11:01:21","modified_gmt":"2020-10-10T11:01:21","slug":"secretaria","status":"publish","type":"page","link":"https:\/\/blogsaverroes.juntadeandalucia.es\/iessebastianfernandez\/secretaria\/","title":{"rendered":"Secretar\u00eda"},"content":{"rendered":"<ul>\n<li><span style=\"color: #3366ff\"><a href=\"https:\/\/blogsaverroes.juntadeandalucia.es\/iessebastianfernandez\/files\/2019\/06\/Instancia.pdf\" target=\"_blank\" rel=\"noopener noreferrer\"><strong>Instancia (rellenable<\/strong>)<\/a><\/span><\/li>\n<li><strong><a href=\"https:\/\/blogsaverroes.juntadeandalucia.es\/iessebastianfernandez\/files\/2015\/03\/Modelorellenable_reclamaci\u00f3n_notas.pdf\">Modelo reclamaci\u00f3n notas (rellenable)<\/a> <\/strong><\/li>\n<li><strong><a href=\"https:\/\/blogsaverroes.juntadeandalucia.es\/iessebastianfernandez\/files\/2015\/03\/Modelorellenable_reclamaci\u00f3n_promociontitulacion.pdf\">Modelo reclamaci\u00f3n promoci\u00f3n titulaci\u00f3n&nbsp;<\/a><a href=\"https:\/\/blogsaverroes.juntadeandalucia.es\/iessebastianfernandez\/files\/2015\/03\/Modelorellenable_reclamaci\u00f3n_notas.pdf\">(rellenable)<\/a><\/strong><\/li>\n<li><strong><a href=\"https:\/\/blogsaverroes.juntadeandalucia.es\/iessebastianfernandez\/files\/2020\/03\/Comunicaci\u00f3n-de-la-adscripci\u00f3n-autorizada-a-un-\u00fanico-centro-docente.pdf\">Comunicaci\u00f3n de la adscripci\u00f3n autorizada a un \u00fanico centro docente<\/a><\/strong><\/li>\n<\/ul>\n<p>Para la solicitud de certificados es necesario enviar un email a <a href=\"mailto:administracion@iessebfer.net\" target=\"_blank\" rel=\"noopener noreferrer\">administracion@iessebfer.net<\/a> indicando el nombre de la persona interesada y el certificado que solicita.<\/p>\n","protected":false},"excerpt":{"rendered":"<p>Instancia (rellenable) Modelo reclamaci\u00f3n notas (rellenable) Modelo reclamaci\u00f3n promoci\u00f3n titulaci\u00f3n&nbsp;(rellenable) Comunicaci\u00f3n de la adscripci\u00f3n autorizada a un \u00fanico centro docente Para la solicitud de certificados es necesario enviar un email a administracion@iessebfer.net indicando el nombre de la persona interesada y el certificado que solicita.<\/p>\n","protected":false},"author":1,"featured_media":0,"parent":0,"menu_order":0,"comment_status":"closed","ping_status":"open","template":"template-full-width.php","meta":{"ngg_post_thumbnail":0,"footnotes":"","_mc_calendar":[]},"aioseo_notices":[],"_links":{"self":[{"href":"https:\/\/blogsaverroes.juntadeandalucia.es\/iessebastianfernandez\/wp-json\/wp\/v2\/pages\/77"}],"collection":[{"href":"https:\/\/blogsaverroes.juntadeandalucia.es\/iessebastianfernandez\/wp-json\/wp\/v2\/pages"}],"about":[{"href":"https:\/\/blogsaverroes.juntadeandalucia.es\/iessebastianfernandez\/wp-json\/wp\/v2\/types\/page"}],"author":[{"embeddable":true,"href":"https:\/\/blogsaverroes.juntadeandalucia.es\/iessebastianfernandez\/wp-json\/wp\/v2\/users\/1"}],"replies":[{"embeddable":true,"href":"https:\/\/blogsaverroes.juntadeandalucia.es\/iessebastianfernandez\/wp-json\/wp\/v2\/comments?post=77"}],"version-history":[{"count":16,"href":"https:\/\/blogsaverroes.juntadeandalucia.es\/iessebastianfernandez\/wp-json\/wp\/v2\/pages\/77\/revisions"}],"predecessor-version":[{"id":3270,"href":"https:\/\/blogsaverroes.juntadeandalucia.es\/iessebastianfernandez\/wp-json\/wp\/v2\/pages\/77\/revisions\/3270"}],"wp:attachment":[{"href":"https:\/\/blogsaverroes.juntadeandalucia.es\/iessebastianfernandez\/wp-json\/wp\/v2\/media?parent=77"}],"curies":[{"name":"wp","href":"https:\/\/api.w.org\/{rel}","templated":true}]}}