{"id":150,"date":"2015-03-17T07:48:04","date_gmt":"2015-03-17T07:48:04","guid":{"rendered":"http:\/\/blogsaverroes.juntadeandalucia.es\/pre\/ceip\/?page_id=150"},"modified":"2025-10-05T18:02:13","modified_gmt":"2025-10-05T18:02:13","slug":"frances","status":"publish","type":"page","link":"https:\/\/blogsaverroes.juntadeandalucia.es\/iesseneca\/frances\/","title":{"rendered":"Franc\u00e9s"},"content":{"rendered":"<p><a href=\"https:\/\/blogsaverroes.juntadeandalucia.es\/iesseneca\/files\/2021\/01\/franc\u00e9s-color-escalado.png\"><img loading=\"lazy\" decoding=\"async\" class=\"wp-image-3197 alignleft\" src=\"https:\/\/blogsaverroes.juntadeandalucia.es\/iesseneca\/files\/2021\/01\/franc\u00e9s-color-escalado.png\" alt=\"\" width=\"450\" height=\"100\" srcset=\"https:\/\/blogsaverroes.juntadeandalucia.es\/iesseneca\/files\/2021\/01\/franc\u00e9s-color-escalado.png 1000w, https:\/\/blogsaverroes.juntadeandalucia.es\/iesseneca\/files\/2021\/01\/franc\u00e9s-color-escalado-300x67.png 300w, https:\/\/blogsaverroes.juntadeandalucia.es\/iesseneca\/files\/2021\/01\/franc\u00e9s-color-escalado-768x170.png 768w, https:\/\/blogsaverroes.juntadeandalucia.es\/iesseneca\/files\/2021\/01\/franc\u00e9s-color-escalado-24x5.png 24w, https:\/\/blogsaverroes.juntadeandalucia.es\/iesseneca\/files\/2021\/01\/franc\u00e9s-color-escalado-36x8.png 36w, https:\/\/blogsaverroes.juntadeandalucia.es\/iesseneca\/files\/2021\/01\/franc\u00e9s-color-escalado-48x11.png 48w\" sizes=\"(max-width: 450px) 100vw, 450px\" \/><\/a><\/p>\n<p>&nbsp;<\/p>\n<p>&nbsp;<\/p>\n<p>&nbsp;<\/p>\n<p>&nbsp;<\/p>\n<p style=\"text-align: justify\">El aprendizaje de varias lenguas extranjeras es la llave que nos va a permitir la inclusi\u00f3n de nuestro alumnado en un mundo cada vez m\u00e1s interconectado y global, donde el mercado laboral tampoco conoce fronteras. Y para que esa movilidad profesional sea posible con \u00e9xito, conocer otras realidades y diferentes lenguas y culturas es imprescindible.<\/p>\n<p style=\"text-align: justify\">El objetivo fundamental del Departamento de Franc\u00e9s es la internacionalizaci\u00f3n y la movilidad de su alumnado usando como veh\u00edculo la lengua francesa. Al t\u00e9rmino de su escolaridad, nuestro alumnado no considera el franc\u00e9s o Francia como algo ajeno a su entorno personal y a sus intereses, sino todo lo contrario, se desenvuelven con naturalidad en esa lengua, y conocen y se han imbricado en la cultura francesa como para hacerlas propias tambi\u00e9n.&nbsp; Todo lo anterior es posible gracias a una metodolog\u00eda y a unas actividades de inmersi\u00f3n ling\u00fc\u00edstica (intercambios), que son ratificadas por los resultados obtenidos en pruebas externas al centro, como son los ex\u00e1menes para la obtenci\u00f3n de certificados oficiales en lengua francesa (<strong>DELF B1 y B2<\/strong>), as\u00ed como las pruebas de la <strong>PEVAU<\/strong>.<\/p>\n<p class=\"p1\" style=\"text-align: justify\">&nbsp;<\/p>\n<p class=\"p1\" style=\"text-align: justify\"><strong><span class=\"s1\">Pruebas DELF y DALF<\/span><\/strong><\/p>\n<ul class=\"ul1\" style=\"text-align: justify\">\n<li>\n<p style=\"text-align: justify\">Desde el curso 2011-2012, preparamos y presentamos a los ex\u00e1menes DELF B1 y B2 a nuestro alumnado, con unos resultados excelentes: en los \u00faltimos a\u00f1os, casi el 100% del alumnado de primer idioma obtiene el certificado DELF B2. Y un porcentaje amplio del alumnado de segundo idioma obtiene el DELF B1.<\/p>\n<\/li>\n<li>\n<p style=\"text-align: justify\">El IES S\u00e9neca es centro examinador DELF B1 y B2 desde el a\u00f1o 2013. Es decir que nuestro alumnado se examina en nuestro centro. Asimismo, acogemos a alumnado de otros centros de C\u00f3rdoba.<\/p>\n<\/li>\n<\/ul>\n<p class=\"p1\" style=\"text-align: justify\"><strong><span class=\"s1\">Intercambios<\/span><\/strong><\/p>\n<ul class=\"ul1\" style=\"text-align: justify\">\n<li>\n<p style=\"text-align: justify\">Desde el curso 2010-2011, realizamos un intercambio bilateral cada a\u00f1o con el <strong>Lyc\u00e9e Chevrollier<\/strong>, de Angers (Francia), para alumnado de 3\u00ba y 4\u00ba de ESO primer idioma, y 4\u00ba ESO segundo idioma.<\/p>\n<\/li>\n<li>\n<p style=\"text-align: justify\">El <strong>Proyecto de movilidad<\/strong>, por el que alumnado de nuestro instituto es acogido durante 3 semanas para asistir a clase en el <strong>Lyc\u00e9e Chevrollier<\/strong>, se desarrolla cada a\u00f1o en el mes de septiembre, desde 2013. Esta actividad va dirigida a alumnado de primero de bachillerato de primer idioma.<\/p>\n<\/li>\n<li>\n<p style=\"text-align: justify\">Durante los cursos 2013, 2014 y 2015, nuestro alumnado de primer idioma de 2\u00ba ESO particip\u00f3 en intercambios con el <strong>Lyc\u00e9e Fran\u00e7ais Charles de Gaulle<\/strong>, de Londres. Vivieron e intercambiaron experiencias con familias francesas residentes en Londres.<\/p>\n<\/li>\n<li>\n<p style=\"text-align: justify\">El intercambio con el <strong>Coll\u00e8ge D\u2019Artagnan<\/strong>, de Nogaro (Francia), se ha venido realizando durante los cursos 2017, 2018 y 2019 con alumnado de 1\u00ba y 2\u00ba de ESO primer idioma.<\/p>\n<\/li>\n<\/ul>\n<p class=\"p1\" style=\"text-align: justify\"><strong><span class=\"s1\">Otras actividades<\/span><\/strong><\/p>\n<ul class=\"ul1\" style=\"text-align: justify\">\n<li class=\"li1\"><strong>Visita guiada en franc\u00e9s al Museo Pompidou ,de M\u00e1laga<\/strong><\/li>\n<li class=\"li1\"><strong>Visita guiada en franc\u00e9s al Museo Picasso, de M\u00e1laga<\/strong><\/li>\n<li class=\"li1\"><strong>Asistencia a una obra de teatro en franc\u00e9s en el Teatro Avantis, de C\u00f3rdoba<\/strong><\/li>\n<li class=\"li1\"><strong>Celebracion de \u201cLa Chandeleur\u201d, con elaboraci\u00f3n de carteles y cr\u00eapes en el instituto<\/strong><\/li>\n<li class=\"li1\"><strong>Asistencia al cine en Franc\u00e9s durante el mes de mayo (El Tablero).<\/strong><\/li>\n<\/ul>\n<p class=\"p1\" style=\"text-align: justify\"><strong><span class=\"s1\">PROFESORADO DEL DEPARTAMENTO DE FRANC\u00c9S<\/span><\/strong><\/p>\n<ul class=\"ul1\">\n<li class=\"li1\" style=\"text-align: justify\"><strong>Karim Dupuyau<\/strong><\/li>\n<li class=\"li1\" style=\"text-align: justify\"><strong>Beatriz Murcia Bielsa<\/strong><\/li>\n<li class=\"li1\" style=\"text-align: justify\"><strong>Elena Valera Mart\u00ednez<\/strong><\/li>\n<\/ul>\n<p>&nbsp;<\/p>\n<table width=\"566\" cellspacing=\"0\" cellpadding=\"7\">\n<tbody>\n<tr>\n<td valign=\"top\" bgcolor=\"#a8d08d\">\n<h4 style=\"text-align: center\"><a href=\"https:\/\/departamentofrances-iesseneca.blogspot.com\/https:\/\/departamentofrances-iesseneca.blogspot.com\/\" target=\"_blank\" rel=\"noopener noreferrer\"><strong>ENLACE AL BLOG DEL DEPARTAMENTO DE FRANC\u00c9S<\/strong><\/a><\/h4>\n<\/td>\n<\/tr>\n<\/tbody>\n<\/table>\n<p>&nbsp;<\/p>\n<div class=\"pt-cv-wrapper\"><div class=\"pt-cv-view pt-cv-grid pt-cv-colsys\" id=\"pt-cv-view-d6584a2uar\"><div data-id=\"pt-cv-page-1\" class=\"pt-cv-page\" data-cvc=\"2\"><div class=\"col-md-6 col-sm-6 col-xs-12 pt-cv-content-item pt-cv-1-col\" ><div class='pt-cv-ifield'><a href=\"https:\/\/blogsaverroes.juntadeandalucia.es\/iesseneca\/informacion-delf-scolaire\/\" class=\"_self pt-cv-href-thumbnail pt-cv-thumb-default\" target=\"_self\" ><img loading=\"lazy\" decoding=\"async\" width=\"300\" height=\"194\" src=\"https:\/\/blogsaverroes.juntadeandalucia.es\/iesseneca\/files\/2021\/11\/Captura-de-pantalla-2021-11-09-a-las-16.28.19-300x194.png\" class=\"pt-cv-thumbnail\" alt=\"\" srcset=\"https:\/\/blogsaverroes.juntadeandalucia.es\/iesseneca\/files\/2021\/11\/Captura-de-pantalla-2021-11-09-a-las-16.28.19-300x194.png 300w, https:\/\/blogsaverroes.juntadeandalucia.es\/iesseneca\/files\/2021\/11\/Captura-de-pantalla-2021-11-09-a-las-16.28.19.png 597w\" sizes=\"(max-width: 300px) 100vw, 300px\" \/><\/a>\n<h4 class=\"pt-cv-title\"><a href=\"https:\/\/blogsaverroes.juntadeandalucia.es\/iesseneca\/informacion-delf-scolaire\/\" class=\"_self\" target=\"_self\" >Informaci\u00f3n Delf Scolaire<\/a><\/h4>\n<div class=\"pt-cv-content\">Informaci\u00f3n sobre el alumnado que puede presentarse a la convocatoria 2023 del Delf Scolaire y el lugar de realizaci\u00f3n de ...<br \/><div class=\"pt-cv-rmwrap\"><a href=\"https:\/\/blogsaverroes.juntadeandalucia.es\/iesseneca\/informacion-delf-scolaire\/\" class=\"_self pt-cv-readmore btn btn-success\" target=\"_self\">Leer M\u00e1s<\/a><\/div><\/div><\/div><\/div>\n<div class=\"col-md-6 col-sm-6 col-xs-12 pt-cv-content-item pt-cv-1-col\" ><div class='pt-cv-ifield'><a href=\"https:\/\/blogsaverroes.juntadeandalucia.es\/iesseneca\/intercambio-con-francia\/\" class=\"_self pt-cv-href-thumbnail pt-cv-thumb-default\" target=\"_self\" ><img loading=\"lazy\" decoding=\"async\" width=\"300\" height=\"138\" src=\"https:\/\/blogsaverroes.juntadeandalucia.es\/iesseneca\/files\/2021\/09\/WhatsApp-Image-2021-09-04-at-12.00.48-300x138.jpeg\" class=\"pt-cv-thumbnail\" alt=\"\" srcset=\"https:\/\/blogsaverroes.juntadeandalucia.es\/iesseneca\/files\/2021\/09\/WhatsApp-Image-2021-09-04-at-12.00.48-300x138.jpeg 300w, https:\/\/blogsaverroes.juntadeandalucia.es\/iesseneca\/files\/2021\/09\/WhatsApp-Image-2021-09-04-at-12.00.48-1024x472.jpeg 1024w, https:\/\/blogsaverroes.juntadeandalucia.es\/iesseneca\/files\/2021\/09\/WhatsApp-Image-2021-09-04-at-12.00.48-768x354.jpeg 768w, https:\/\/blogsaverroes.juntadeandalucia.es\/iesseneca\/files\/2021\/09\/WhatsApp-Image-2021-09-04-at-12.00.48-1536x708.jpeg 1536w, https:\/\/blogsaverroes.juntadeandalucia.es\/iesseneca\/files\/2021\/09\/WhatsApp-Image-2021-09-04-at-12.00.48-980x450.jpeg 980w, https:\/\/blogsaverroes.juntadeandalucia.es\/iesseneca\/files\/2021\/09\/WhatsApp-Image-2021-09-04-at-12.00.48.jpeg 1600w\" sizes=\"(max-width: 300px) 100vw, 300px\" \/><\/a>\n<h4 class=\"pt-cv-title\"><a href=\"https:\/\/blogsaverroes.juntadeandalucia.es\/iesseneca\/intercambio-con-francia\/\" class=\"_self\" target=\"_self\" >Intercambio con Francia<\/a><\/h4>\n<div class=\"pt-cv-content\">Alumnado de 1\u00ba y 2\u00ba de bachillerato, de Franc\u00e9s primer idioma, participa en un Proyecto de movilidad con el Lyc\u00e9e ...<br \/><div class=\"pt-cv-rmwrap\"><a href=\"https:\/\/blogsaverroes.juntadeandalucia.es\/iesseneca\/intercambio-con-francia\/\" class=\"_self pt-cv-readmore btn btn-success\" target=\"_self\">Leer M\u00e1s<\/a><\/div><\/div><\/div><\/div><\/div><\/div><\/div>\n","protected":false},"excerpt":{"rendered":"<p>&nbsp; &nbsp; &nbsp; &nbsp; El aprendizaje de varias lenguas extranjeras es la llave que nos va a permitir la inclusi\u00f3n de nuestro alumnado en un mundo cada vez m\u00e1s interconectado y global, donde el&#46;&#46;&#46;<\/p>\n","protected":false},"author":1,"featured_media":0,"parent":0,"menu_order":0,"comment_status":"open","ping_status":"open","template":"page-templates\/child-menu.php","meta":{"ngg_post_thumbnail":0,"footnotes":"","_mc_calendar":[]},"aioseo_notices":[],"_links":{"self":[{"href":"https:\/\/blogsaverroes.juntadeandalucia.es\/iesseneca\/wp-json\/wp\/v2\/pages\/150"}],"collection":[{"href":"https:\/\/blogsaverroes.juntadeandalucia.es\/iesseneca\/wp-json\/wp\/v2\/pages"}],"about":[{"href":"https:\/\/blogsaverroes.juntadeandalucia.es\/iesseneca\/wp-json\/wp\/v2\/types\/page"}],"author":[{"embeddable":true,"href":"https:\/\/blogsaverroes.juntadeandalucia.es\/iesseneca\/wp-json\/wp\/v2\/users\/1"}],"replies":[{"embeddable":true,"href":"https:\/\/blogsaverroes.juntadeandalucia.es\/iesseneca\/wp-json\/wp\/v2\/comments?post=150"}],"version-history":[{"count":13,"href":"https:\/\/blogsaverroes.juntadeandalucia.es\/iesseneca\/wp-json\/wp\/v2\/pages\/150\/revisions"}],"predecessor-version":[{"id":6604,"href":"https:\/\/blogsaverroes.juntadeandalucia.es\/iesseneca\/wp-json\/wp\/v2\/pages\/150\/revisions\/6604"}],"wp:attachment":[{"href":"https:\/\/blogsaverroes.juntadeandalucia.es\/iesseneca\/wp-json\/wp\/v2\/media?parent=150"}],"curies":[{"name":"wp","href":"https:\/\/api.w.org\/{rel}","templated":true}]}}