{"id":198,"date":"2015-03-17T09:55:36","date_gmt":"2015-03-17T09:55:36","guid":{"rendered":"http:\/\/blogsaverroes.juntadeandalucia.es\/pre\/ceip\/?page_id=198"},"modified":"2021-02-10T11:15:57","modified_gmt":"2021-02-10T11:15:57","slug":"que-es-el-ampa","status":"publish","type":"page","link":"https:\/\/blogsaverroes.juntadeandalucia.es\/iesseneca\/que-es-el-ampa\/","title":{"rendered":"\u00bfQu\u00e9 es el AMPA?"},"content":{"rendered":"<p><span style=\"color: #000000\">Desde el <b>AMPA <\/b>queremos daros la bienvenida a este nuevo&nbsp; curso, esperando que sea positivo para toda la comunidad educativa y en&nbsp; especial para nuestros hijos e hijas, en un a\u00f1o tan complicado como el que nos&nbsp; ha tocado vivir.&nbsp;<\/span><\/p>\n<p><span style=\"color: #000000\">Nuestra asociaci\u00f3n brinda la oportunidad de intercambiar opiniones y&nbsp; experiencias, elaborar propuestas, organizar actividades y en definitiva,&nbsp; poder canalizar la iniciativa y participaci\u00f3n de las familias en el entorno&nbsp; educativo de nuestros hijos (este a\u00f1o con todas las medidas sanitarias&nbsp; necesarias).&nbsp;<\/span><\/p>\n<p><span style=\"color: #000000\"><b>Este curso tenemos muy complicado poder realizar las actividades de&nbsp; cursos anteriores, pero s\u00ed queremos que teng\u00e1is en cuenta que siempre&nbsp; estaremos a vuestra disposici\u00f3n en el correo de nuestra asociaci\u00f3n:&nbsp;<\/b><\/span><\/p>\n<p style=\"text-align: center\"><span style=\"color: #000000\"><b>&nbsp;<\/b><a href=\"mailto:ampasenecacordoba@gmail.com\"><b>ampasenecacordoba@gmail.com<\/b><\/a><b>&nbsp;<\/b><\/span><\/p>\n<p><span style=\"color: #000000\">Si desea pertenecer a nuestra asociaci\u00f3n debe:&nbsp;<\/span><\/p>\n<p><span style=\"color: #000000\">&nbsp;1.- Cumplimentar la ficha de la parte inferior.&nbsp;<\/span><\/p>\n<p><span style=\"color: #000000\">&nbsp;2.- Efectuar un ingreso de <b>15\u20ac por familia<\/b>, no por alumno, en cualquier&nbsp; oficina de BBK- Cajasur:&nbsp;<\/span><\/p>\n<p><span style=\"color: #000000\"><b>Asociaci\u00f3n de padres y madres de alumnos del I.E.S. S\u00e9neca N\u00ba de cuenta: ES40 0237 0163 1091 5446 4651&nbsp;<\/b><\/span><\/p>\n<p><span style=\"color: #000000\"><b>&nbsp;<\/b>3.-La ficha debidamente rellena y copia del ingreso o transferencia&nbsp; realizada se mandar\u00e1 por correo electr\u00f3nico.&nbsp;<\/span><\/p>\n<p style=\"text-align: center\"><a href=\"https:\/\/blogsaverroes.juntadeandalucia.es\/iesseneca\/files\/2021\/02\/AMPA-Carta-de-presentaci\u00f3n.pdf\"><strong>Ficha de inscripci\u00f3n<\/strong><\/a><\/p>\n","protected":false},"excerpt":{"rendered":"<p>Desde el AMPA queremos daros la bienvenida a este nuevo&nbsp; curso, esperando que sea positivo para toda la comunidad educativa y en&nbsp; especial para nuestros hijos e hijas, en un a\u00f1o tan complicado como&#46;&#46;&#46;<\/p>\n","protected":false},"author":1,"featured_media":0,"parent":0,"menu_order":0,"comment_status":"open","ping_status":"open","template":"","meta":{"ngg_post_thumbnail":0,"footnotes":"","_mc_calendar":[]},"aioseo_notices":[],"_links":{"self":[{"href":"https:\/\/blogsaverroes.juntadeandalucia.es\/iesseneca\/wp-json\/wp\/v2\/pages\/198"}],"collection":[{"href":"https:\/\/blogsaverroes.juntadeandalucia.es\/iesseneca\/wp-json\/wp\/v2\/pages"}],"about":[{"href":"https:\/\/blogsaverroes.juntadeandalucia.es\/iesseneca\/wp-json\/wp\/v2\/types\/page"}],"author":[{"embeddable":true,"href":"https:\/\/blogsaverroes.juntadeandalucia.es\/iesseneca\/wp-json\/wp\/v2\/users\/1"}],"replies":[{"embeddable":true,"href":"https:\/\/blogsaverroes.juntadeandalucia.es\/iesseneca\/wp-json\/wp\/v2\/comments?post=198"}],"version-history":[{"count":7,"href":"https:\/\/blogsaverroes.juntadeandalucia.es\/iesseneca\/wp-json\/wp\/v2\/pages\/198\/revisions"}],"predecessor-version":[{"id":3595,"href":"https:\/\/blogsaverroes.juntadeandalucia.es\/iesseneca\/wp-json\/wp\/v2\/pages\/198\/revisions\/3595"}],"wp:attachment":[{"href":"https:\/\/blogsaverroes.juntadeandalucia.es\/iesseneca\/wp-json\/wp\/v2\/media?parent=198"}],"curies":[{"name":"wp","href":"https:\/\/api.w.org\/{rel}","templated":true}]}}

¿Qué es el AMPA?

<p><span style="color: #000000">Desde el <b>AMPA </b>queremos daros la bienvenida a este nuevo&nbsp; curso, esperando que sea positivo para toda la comunidad educativa y en&nbsp; especial para nuestros hijos e hijas, en un año tan complicado como el que nos&nbsp; ha tocado vivir.&nbsp;</span></p>
<p><span style="color: #000000">Nuestra asociación brinda la oportunidad de intercambiar opiniones y&nbsp; experiencias, elaborar propuestas, organizar actividades y en definitiva,&nbsp; poder canalizar la iniciativa y participación de las familias en el entorno&nbsp; educativo de nuestros hijos (este año con todas las medidas sanitarias&nbsp; necesarias).&nbsp;</span></p>
<p><span style="color: #000000"><b>Este curso tenemos muy complicado poder realizar las actividades de&nbsp; cursos anteriores, pero sí queremos que tengáis en cuenta que siempre&nbsp; estaremos a vuestra disposición en el correo de nuestra asociación:&nbsp;</b></span></p>
<p style="text-align: center"><span style="color: #000000"><b>&nbsp;</b><a href="mailto:ampasenecacordoba@gmail.com"><b>ampasenecacordoba@gmail.com</b></a><b>&nbsp;</b></span></p>
<p><span style="color: #000000">Si desea pertenecer a nuestra asociación debe:&nbsp;</span></p>
<p><span style="color: #000000">&nbsp;1.- Cumplimentar la ficha de la parte inferior.&nbsp;</span></p>
<p><span style="color: #000000">&nbsp;2.- Efectuar un ingreso de <b>15€ por familia</b>, no por alumno, en cualquier&nbsp; oficina de BBK- Cajasur:&nbsp;</span></p>
<p><span style="color: #000000"><b>Asociación de padres y madres de alumnos del I.E.S. Séneca Nº de cuenta: ES40 0237 0163 1091 5446 4651&nbsp;</b></span></p>
<p><span style="color: #000000"><b>&nbsp;</b>3.-La ficha debidamente rellena y copia del ingreso o transferencia&nbsp; realizada se mandará por correo electrónico.&nbsp;</span></p>
<p style="text-align: center"><a href="https://blogsaverroes.juntadeandalucia.es/iesseneca/files/2021/02/AMPA-Carta-de-presentación.pdf"><strong>Ficha de inscripción</strong></a></p>

<p>Desde el AMPA queremos daros la bienvenida a este nuevo&nbsp; curso, esperando que sea positivo para toda la comunidad educativa y en&nbsp; especial para nuestros hijos e hijas, en un año tan complicado como&#46;&#46;&#46;</p>
