{"id":2552,"date":"2020-11-22T10:29:55","date_gmt":"2020-11-22T10:29:55","guid":{"rendered":"https:\/\/blogsaverroes.juntadeandalucia.es\/iesseneca\/?page_id=2552"},"modified":"2022-09-30T14:38:08","modified_gmt":"2022-09-30T14:38:08","slug":"aleman","status":"publish","type":"page","link":"https:\/\/blogsaverroes.juntadeandalucia.es\/iesseneca\/aleman\/","title":{"rendered":"Alem\u00e1n"},"content":{"rendered":"<p align=\"justify\"><span style=\"color: #000000\"><a href=\"https:\/\/blogsaverroes.juntadeandalucia.es\/iesseneca\/files\/2021\/01\/alem\u00e1n-color-escalado.png\"><img loading=\"lazy\" decoding=\"async\" class=\"wp-image-3153 alignleft\" src=\"https:\/\/blogsaverroes.juntadeandalucia.es\/iesseneca\/files\/2021\/01\/alem\u00e1n-color-escalado.png\" alt=\"\" width=\"450\" height=\"100\" srcset=\"https:\/\/blogsaverroes.juntadeandalucia.es\/iesseneca\/files\/2021\/01\/alem\u00e1n-color-escalado.png 1000w, https:\/\/blogsaverroes.juntadeandalucia.es\/iesseneca\/files\/2021\/01\/alem\u00e1n-color-escalado-300x67.png 300w, https:\/\/blogsaverroes.juntadeandalucia.es\/iesseneca\/files\/2021\/01\/alem\u00e1n-color-escalado-768x170.png 768w, https:\/\/blogsaverroes.juntadeandalucia.es\/iesseneca\/files\/2021\/01\/alem\u00e1n-color-escalado-24x5.png 24w, https:\/\/blogsaverroes.juntadeandalucia.es\/iesseneca\/files\/2021\/01\/alem\u00e1n-color-escalado-36x8.png 36w, https:\/\/blogsaverroes.juntadeandalucia.es\/iesseneca\/files\/2021\/01\/alem\u00e1n-color-escalado-48x11.png 48w\" sizes=\"(max-width: 450px) 100vw, 450px\" \/><\/a><\/span><\/p>\n<p align=\"justify\">&nbsp;<\/p>\n<p align=\"justify\">&nbsp;<\/p>\n<p align=\"justify\">&nbsp;<\/p>\n<p align=\"justify\">&nbsp;<\/p>\n<p align=\"justify\"><span style=\"color: #000000\">El estudio de una lengua extranjera es una de las materias claves en la educaci\u00f3n, ya que la capacidad para expresarse en otro idioma se ha convertido en una necesidad y en uno de los retos de la sociedad actual, que no s\u00f3lo abrir\u00e1 a los alumnos las puertas de un mercado laboral cuando empiecen su vida profesional (muchas empresas alemanas tienen sede en Espa\u00f1a: Siemens, Nivea, BMW, Volkswagen, Bosch\u2026), sino que contribuir\u00e1 a hacerles crecer como personas, fomentando los valores de tolerancia y de entendimiento hacia culturas diferentes a la suya propia, posibilit\u00e1ndoles una visi\u00f3n m\u00e1s amplia y rica de la realidad, pues el hecho de vivir en una sociedad multicultural y pluriling\u00fce requiere del conocimiento de m\u00e1s de una lengua extranjera.<\/span><\/p>\n<p align=\"justify\"><span style=\"color: #000000\">El alem\u00e1n es el segundo idioma m\u00e1s usado en el mundo cient\u00edfico y tecnol\u00f3gico, siendo tambi\u00e9n la segunda lengua m\u00e1s extendida por la red y en el mundo cient\u00edfico. La producci\u00f3n art\u00edstica y cultural alemana es muy amplia: m\u00fasica, cine, literatura, filosof\u00eda\u2026 (es la lengua de Goethe, Kafka, Mozart, Bach y Beethoven entre otros muchos). Un 20% de los libros se publican en alem\u00e1n.<\/span><\/p>\n<p align=\"justify\"><span style=\"color: #000000\">Es el idioma m\u00e1s hablado en Europa teniendo en cuenta el n\u00famero de hablantes nativos. Se habla en Austria, Liechtenstein y Luxemburgo, as\u00ed como en partes de B\u00e9lgica, Italia y Suiza. Tambi\u00e9n es el idioma nativo de muchos pa\u00edses de Europa del Este. M\u00e1s de 100 millones de personas lo hablan como lengua materna, y m\u00e1s de 80 millones de personas lo hacen como segunda lengua.<\/span><\/p>\n<p align=\"justify\"><span style=\"color: #000000\">En el IES S\u00e9neca se puede cursar una ense\u00f1anza biling\u00fce en un idioma cuya oferta es escasa entre los centros p\u00fablicos de nuestra comunidad, y en la que se cuenta con la ayuda de un lector\/a, que apoya especialmente el desarrollo de la expresi\u00f3n oral de nuestro alumnado, as\u00ed como fomenta el conocimiento de otros aspectos culturales de los pa\u00edses de habla alemana. Nuestros alumnos pueden participar en un intercambio, que les permitir\u00e1 poner en pr\u00e1ctica su competencia ling\u00fc\u00edstica y perfeccionar el conocimiento de la lengua e igualmente podr\u00e1n conocer de cerca la realidad cultural de Alemania y Austria lejos de estereotipos y prejuicios de cualquier tipo, al ser visitados ambos pa\u00edses. Por \u00faltimo, una compa\u00f1\u00eda alemana nos visita todos los a\u00f1os con una obra de teatro en alem\u00e1n, represent\u00e1ndose en el mismo instituto.<\/span><\/p>\n<p align=\"justify\"><a href=\"https:\/\/www.youtube.com\/watch?v=WK-cAXlFpbo&amp;feature=emb_logo\"><strong>EXPERIENCIAS DE ANTIGUOS ALUMNOS<\/strong><\/a><\/p>\n<p align=\"justify\">&nbsp;<\/p>\n<div class=\"pt-cv-wrapper\"><div class=\"pt-cv-view pt-cv-grid pt-cv-colsys\" id=\"pt-cv-view-802246bmjw\"><div data-id=\"pt-cv-page-1\" class=\"pt-cv-page cv-npf\" data-cvc=\"2\"><div class=\"col-md-6 col-sm-6 col-xs-12 pt-cv-content-item pt-cv-1-col\" ><div class='pt-cv-ifield'><div class=\"pt-cv-no-post\">No se han encontrado entradas.<\/div><\/div><\/div><\/div><\/div><\/div>\n","protected":false},"excerpt":{"rendered":"<p>&nbsp; &nbsp; &nbsp; &nbsp; El estudio de una lengua extranjera es una de las materias claves en la educaci\u00f3n, ya que la capacidad para expresarse en otro idioma se ha convertido en una necesidad&#46;&#46;&#46;<\/p>\n","protected":false},"author":11434,"featured_media":0,"parent":0,"menu_order":0,"comment_status":"closed","ping_status":"closed","template":"page-templates\/child-menu.php","meta":{"ngg_post_thumbnail":0,"footnotes":"","_mc_calendar":[]},"aioseo_notices":[],"_links":{"self":[{"href":"https:\/\/blogsaverroes.juntadeandalucia.es\/iesseneca\/wp-json\/wp\/v2\/pages\/2552"}],"collection":[{"href":"https:\/\/blogsaverroes.juntadeandalucia.es\/iesseneca\/wp-json\/wp\/v2\/pages"}],"about":[{"href":"https:\/\/blogsaverroes.juntadeandalucia.es\/iesseneca\/wp-json\/wp\/v2\/types\/page"}],"author":[{"embeddable":true,"href":"https:\/\/blogsaverroes.juntadeandalucia.es\/iesseneca\/wp-json\/wp\/v2\/users\/11434"}],"replies":[{"embeddable":true,"href":"https:\/\/blogsaverroes.juntadeandalucia.es\/iesseneca\/wp-json\/wp\/v2\/comments?post=2552"}],"version-history":[{"count":8,"href":"https:\/\/blogsaverroes.juntadeandalucia.es\/iesseneca\/wp-json\/wp\/v2\/pages\/2552\/revisions"}],"predecessor-version":[{"id":5248,"href":"https:\/\/blogsaverroes.juntadeandalucia.es\/iesseneca\/wp-json\/wp\/v2\/pages\/2552\/revisions\/5248"}],"wp:attachment":[{"href":"https:\/\/blogsaverroes.juntadeandalucia.es\/iesseneca\/wp-json\/wp\/v2\/media?parent=2552"}],"curies":[{"name":"wp","href":"https:\/\/api.w.org\/{rel}","templated":true}]}}

Alemán

<p align="justify"><span style="color: #000000"><a href="https://blogsaverroes.juntadeandalucia.es/iesseneca/files/2021/01/alemán-color-escalado.png"><img loading="lazy" decoding="async" class="wp-image-3153 alignleft" src="https://blogsaverroes.juntadeandalucia.es/iesseneca/files/2021/01/alemán-color-escalado.png" alt="" width="450" height="100" srcset="https://blogsaverroes.juntadeandalucia.es/iesseneca/files/2021/01/alemán-color-escalado.png 1000w, https://blogsaverroes.juntadeandalucia.es/iesseneca/files/2021/01/alemán-color-escalado-300x67.png 300w, https://blogsaverroes.juntadeandalucia.es/iesseneca/files/2021/01/alemán-color-escalado-768x170.png 768w, https://blogsaverroes.juntadeandalucia.es/iesseneca/files/2021/01/alemán-color-escalado-24x5.png 24w, https://blogsaverroes.juntadeandalucia.es/iesseneca/files/2021/01/alemán-color-escalado-36x8.png 36w, https://blogsaverroes.juntadeandalucia.es/iesseneca/files/2021/01/alemán-color-escalado-48x11.png 48w" sizes="(max-width: 450px) 100vw, 450px" /></a></span></p>
<p align="justify">&nbsp;</p>
<p align="justify">&nbsp;</p>
<p align="justify">&nbsp;</p>
<p align="justify">&nbsp;</p>
<p align="justify"><span style="color: #000000">El estudio de una lengua extranjera es una de las materias claves en la educación, ya que la capacidad para expresarse en otro idioma se ha convertido en una necesidad y en uno de los retos de la sociedad actual, que no sólo abrirá a los alumnos las puertas de un mercado laboral cuando empiecen su vida profesional (muchas empresas alemanas tienen sede en España: Siemens, Nivea, BMW, Volkswagen, Bosch…), sino que contribuirá a hacerles crecer como personas, fomentando los valores de tolerancia y de entendimiento hacia culturas diferentes a la suya propia, posibilitándoles una visión más amplia y rica de la realidad, pues el hecho de vivir en una sociedad multicultural y plurilingüe requiere del conocimiento de más de una lengua extranjera.</span></p>
<p align="justify"><span style="color: #000000">El alemán es el segundo idioma más usado en el mundo científico y tecnológico, siendo también la segunda lengua más extendida por la red y en el mundo científico. La producción artística y cultural alemana es muy amplia: música, cine, literatura, filosofía… (es la lengua de Goethe, Kafka, Mozart, Bach y Beethoven entre otros muchos). Un 20% de los libros se publican en alemán.</span></p>
<p align="justify"><span style="color: #000000">Es el idioma más hablado en Europa teniendo en cuenta el número de hablantes nativos. Se habla en Austria, Liechtenstein y Luxemburgo, así como en partes de Bélgica, Italia y Suiza. También es el idioma nativo de muchos países de Europa del Este. Más de 100 millones de personas lo hablan como lengua materna, y más de 80 millones de personas lo hacen como segunda lengua.</span></p>
<p align="justify"><span style="color: #000000">En el IES Séneca se puede cursar una enseñanza bilingüe en un idioma cuya oferta es escasa entre los centros públicos de nuestra comunidad, y en la que se cuenta con la ayuda de un lector/a, que apoya especialmente el desarrollo de la expresión oral de nuestro alumnado, así como fomenta el conocimiento de otros aspectos culturales de los países de habla alemana. Nuestros alumnos pueden participar en un intercambio, que les permitirá poner en práctica su competencia lingüística y perfeccionar el conocimiento de la lengua e igualmente podrán conocer de cerca la realidad cultural de Alemania y Austria lejos de estereotipos y prejuicios de cualquier tipo, al ser visitados ambos países. Por último, una compañía alemana nos visita todos los años con una obra de teatro en alemán, representándose en el mismo instituto.</span></p>
<p align="justify"><a href="https://www.youtube.com/watch?v=WK-cAXlFpbo&amp;feature=emb_logo"><strong>EXPERIENCIAS DE ANTIGUOS ALUMNOS</strong></a></p>
<p align="justify">&nbsp;</p>
<div class="pt-cv-wrapper"><div class="pt-cv-view pt-cv-grid pt-cv-colsys" id="pt-cv-view-802246bmjw"><div data-id="pt-cv-page-1" class="pt-cv-page cv-npf" data-cvc="2"><div class="col-md-6 col-sm-6 col-xs-12 pt-cv-content-item pt-cv-1-col" ><div class='pt-cv-ifield'><div class="pt-cv-no-post">No se han encontrado entradas.</div></div></div></div></div></div>

<p>&nbsp; &nbsp; &nbsp; &nbsp; El estudio de una lengua extranjera es una de las materias claves en la educación, ya que la capacidad para expresarse en otro idioma se ha convertido en una necesidad&#46;&#46;&#46;</p>
