{"id":2768,"date":"2020-11-22T19:36:00","date_gmt":"2020-11-22T19:36:00","guid":{"rendered":"https:\/\/blogsaverroes.juntadeandalucia.es\/iesseneca\/?page_id=2768"},"modified":"2025-10-31T07:13:54","modified_gmt":"2025-10-31T07:13:54","slug":"jefatura-de-estudios","status":"publish","type":"page","link":"https:\/\/blogsaverroes.juntadeandalucia.es\/iesseneca\/jefatura-de-estudios\/","title":{"rendered":"Jefatura de Estudios"},"content":{"rendered":"<p class=\"p1\" style=\"text-align: justify\"><span style=\"color: #000000\">La Jefatura de Estudios del IES S\u00e9neca la formamos cuatro personas:<span class=\"Apple-converted-space\">&nbsp;<\/span><\/span><\/p>\n<ul class=\"ul1\" style=\"text-align: justify\">\n<li class=\"li2\"><span class=\"s2\" style=\"color: #000000\">Raquel Carbonero Ruz, Jefa de Estudios y profesora de Matem\u00e1ticas.<\/span><\/li>\n<li class=\"li2\"><span class=\"s2\" style=\"color: #000000\">Ignacio Ter\u00e9 P\u00e9rez, Jefe de Estudios de Adultos y profesor de Geograf\u00eda e Historia.<span class=\"Apple-converted-space\">&nbsp;<\/span><\/span><\/li>\n<li class=\"li2\"><span class=\"s2\" style=\"color: #000000\">Montserrat Alonso Cu\u00e9llar, Jefa de Estudios Adjunta y profesora de Biolog\u00eda y Geolog\u00eda.<\/span><\/li>\n<li class=\"li1\"><span class=\"s2\" style=\"color: #000000\">Esther Madera Lastra, Jefa de Estudios Adjunta y profesora de Matem\u00e1ticas.<\/span><\/li>\n<\/ul>\n<p class=\"p1\" style=\"text-align: justify\"><span style=\"color: #000000\">Las labores de Jefatura de Estudios son muy variadas. La <b>organizaci\u00f3n<\/b> previa al comienzo de curso, de grupos, horarios y optativas,<span class=\"Apple-converted-space\">&nbsp; <\/span>es esencial para el buen funcionamiento a lo largo del curso escolar. Tambi\u00e9n nos encargamos de organizar sesiones de evaluaci\u00f3n y calendarios de ex\u00e1menes.<\/span><\/p>\n<p class=\"p1\" style=\"text-align: justify\"><span style=\"color: #000000\">Quiz\u00e1 la funci\u00f3n que m\u00e1s se relaciona con la Jefatura de Estudios es la del fomento de la <b>convivencia <\/b>y prevenci\u00f3n de conductas disruptivas. Y es cierto, que en el d\u00eda a d\u00eda del centro, una de nuestras labores habituales es resolver problemas de convivencia. La mayor parte de los problemas que surgen suelen resolverse sin una sanci\u00f3n, pues abogamos por el di\u00e1logo y la intervenci\u00f3n con el fin de prevenir problemas o bien solucionarlos en su fase inicial. En este sentido, colaboramos estrechamente con Orientaci\u00f3n, con Convivencia, y por supuesto con los tutores, tutoras y profesorado en general, que hacen una labor encomiable y en una gran mayor\u00eda conocen a fondo a su alumnado.<span class=\"Apple-converted-space\">&nbsp;<\/span><\/span><\/p>\n<p class=\"p1\" style=\"text-align: justify\"><span style=\"color: #000000\">Tenemos la fortuna de contar con un alumnado ampliamente motivado, educado y formal, lo que facilita enormemente nuestro trabajo. De nuestro centro salen anualmente promociones de alumnos y alumnas con una excelente <b>formaci\u00f3n acad\u00e9mica<\/b> en direcci\u00f3n a la Universidad o a Ciclos formativos de Grado Superior, que en un futuro ser\u00e1n ciudadanos responsables de nuestra comunidad. Esto es consecuencia de contar con unas familias colaboradoras e implicadas en la educaci\u00f3n de sus hijos e hijas, a las que estamos encantados de atender cuando se ponen en contacto con<span class=\"Apple-converted-space\">&nbsp; <\/span>Jefatura de Estudios. <span class=\"Apple-converted-space\">&nbsp;<\/span><\/span><\/p>\n<p class=\"p1\" style=\"text-align: justify\"><span style=\"color: #000000\">En la secci\u00f3n de adultos, a diferencia del diurno, nuestra labor fundamental<span class=\"Apple-converted-space\">&nbsp; <\/span>no es prevenir y resolver problemas de convivencia, sino <b>motivar<\/b> al alumnado y evitar el abandono escolar, muy elevado en este tipo de estudios.<\/span><\/p>\n<p class=\"p1\" style=\"text-align: justify\"><span style=\"color: #000000\">Es verdaderamente un placer estar al servicio de esta comunidad educativa. Sentimos una gran satisfacci\u00f3n con nuestra labor, y disfrutamos de ella.<\/span><\/p>\n<div class=\"pt-cv-wrapper\"><div class=\"pt-cv-view pt-cv-grid pt-cv-colsys\" id=\"pt-cv-view-06195bcv48\"><div data-id=\"pt-cv-page-1\" class=\"pt-cv-page\" data-cvc=\"2\"><div class=\"col-md-6 col-sm-6 col-xs-12 pt-cv-content-item pt-cv-1-col\" ><div class='pt-cv-ifield'><a href=\"https:\/\/blogsaverroes.juntadeandalucia.es\/iesseneca\/jornada-puertas-abiertas-a-las-familias-4-marzo-de-2026\/\" class=\"_self pt-cv-href-thumbnail pt-cv-thumb-default\" target=\"_self\" ><img loading=\"lazy\" decoding=\"async\" width=\"300\" height=\"172\" src=\"https:\/\/blogsaverroes.juntadeandalucia.es\/iesseneca\/files\/2021\/09\/escudo-1-300x172.png\" class=\"pt-cv-thumbnail\" alt=\"\" srcset=\"https:\/\/blogsaverroes.juntadeandalucia.es\/iesseneca\/files\/2021\/09\/escudo-1-300x172.png 300w, https:\/\/blogsaverroes.juntadeandalucia.es\/iesseneca\/files\/2021\/09\/escudo-1.png 561w\" sizes=\"(max-width: 300px) 100vw, 300px\" \/><\/a>\n<h4 class=\"pt-cv-title\"><a href=\"https:\/\/blogsaverroes.juntadeandalucia.es\/iesseneca\/jornada-puertas-abiertas-a-las-familias-4-marzo-de-2026\/\" class=\"_self\" target=\"_self\" >Jornada puertas abiertas a las familias. 4 marzo de 2026<\/a><\/h4>\n<div class=\"pt-cv-content\">El pasado mi\u00e9rcoles 4 de marzo, se celebraron en nuestro instituto las jornadas de puertas abiertas, para presentar nuestro proyecto ...<br \/><div class=\"pt-cv-rmwrap\"><a href=\"https:\/\/blogsaverroes.juntadeandalucia.es\/iesseneca\/jornada-puertas-abiertas-a-las-familias-4-marzo-de-2026\/\" class=\"_self pt-cv-readmore btn btn-success\" target=\"_self\">Leer M\u00e1s<\/a><\/div><\/div><\/div><\/div>\n<div class=\"col-md-6 col-sm-6 col-xs-12 pt-cv-content-item pt-cv-1-col\" ><div class='pt-cv-ifield'><a href=\"https:\/\/blogsaverroes.juntadeandalucia.es\/iesseneca\/jornada-de-puertas-abiertas\/\" class=\"_self pt-cv-href-thumbnail pt-cv-thumb-default\" target=\"_self\" ><img loading=\"lazy\" decoding=\"async\" width=\"300\" height=\"126\" src=\"https:\/\/blogsaverroes.juntadeandalucia.es\/iesseneca\/files\/2026\/02\/cropped-bitmap-300x126.png\" class=\"pt-cv-thumbnail\" alt=\"\" srcset=\"https:\/\/blogsaverroes.juntadeandalucia.es\/iesseneca\/files\/2026\/02\/cropped-bitmap-300x126.png 300w, https:\/\/blogsaverroes.juntadeandalucia.es\/iesseneca\/files\/2026\/02\/cropped-bitmap.png 719w\" sizes=\"(max-width: 300px) 100vw, 300px\" \/><\/a>\n<h4 class=\"pt-cv-title\"><a href=\"https:\/\/blogsaverroes.juntadeandalucia.es\/iesseneca\/jornada-de-puertas-abiertas\/\" class=\"_self\" target=\"_self\" >Jornada de puertas abiertas<\/a><\/h4>\n<div class=\"pt-cv-content\">Desde el IES S\u00e9neca queremos invitarle a las jornadas informativas que celebraremos pr\u00f3ximamente para dar a conocer el centro: El ...<br \/><div class=\"pt-cv-rmwrap\"><a href=\"https:\/\/blogsaverroes.juntadeandalucia.es\/iesseneca\/jornada-de-puertas-abiertas\/\" class=\"_self pt-cv-readmore btn btn-success\" target=\"_self\">Leer M\u00e1s<\/a><\/div><\/div><\/div><\/div>\n<div class=\"col-md-6 col-sm-6 col-xs-12 pt-cv-content-item pt-cv-1-col\" ><div class='pt-cv-ifield'><a href=\"https:\/\/blogsaverroes.juntadeandalucia.es\/iesseneca\/pruebas-libres-para-la-obtencion-del-graduado-en-eso-para-adultos\/\" class=\"_self pt-cv-href-thumbnail pt-cv-thumb-default\" target=\"_self\" ><img loading=\"lazy\" decoding=\"async\" width=\"300\" height=\"173\" src=\"https:\/\/blogsaverroes.juntadeandalucia.es\/iesseneca\/files\/2026\/02\/Captura-de-pantalla-2026-02-02-a-las-18.07.01-300x173.png\" class=\"pt-cv-thumbnail\" alt=\"\" srcset=\"https:\/\/blogsaverroes.juntadeandalucia.es\/iesseneca\/files\/2026\/02\/Captura-de-pantalla-2026-02-02-a-las-18.07.01-300x173.png 300w, https:\/\/blogsaverroes.juntadeandalucia.es\/iesseneca\/files\/2026\/02\/Captura-de-pantalla-2026-02-02-a-las-18.07.01-768x444.png 768w, https:\/\/blogsaverroes.juntadeandalucia.es\/iesseneca\/files\/2026\/02\/Captura-de-pantalla-2026-02-02-a-las-18.07.01.png 789w\" sizes=\"(max-width: 300px) 100vw, 300px\" \/><\/a>\n<h4 class=\"pt-cv-title\"><a href=\"https:\/\/blogsaverroes.juntadeandalucia.es\/iesseneca\/pruebas-libres-para-la-obtencion-del-graduado-en-eso-para-adultos\/\" class=\"_self\" target=\"_self\" >Pruebas libres para la obtenci\u00f3n del graduado en ESO para adultos<\/a><\/h4>\n<div class=\"pt-cv-content\">Se han convocado las pruebas libres para la obtenci\u00f3n del T\u00edtulo de graduado en ESO para adultos. Se adjunta el ...<br \/><div class=\"pt-cv-rmwrap\"><a href=\"https:\/\/blogsaverroes.juntadeandalucia.es\/iesseneca\/pruebas-libres-para-la-obtencion-del-graduado-en-eso-para-adultos\/\" class=\"_self pt-cv-readmore btn btn-success\" target=\"_self\">Leer M\u00e1s<\/a><\/div><\/div><\/div><\/div>\n<div class=\"col-md-6 col-sm-6 col-xs-12 pt-cv-content-item pt-cv-1-col\" ><div class='pt-cv-ifield'><a href=\"https:\/\/blogsaverroes.juntadeandalucia.es\/iesseneca\/charla-taller-salud-mental-y-prevencion-del-suicidio\/\" class=\"_self pt-cv-href-thumbnail pt-cv-thumb-default\" target=\"_self\" ><img loading=\"lazy\" decoding=\"async\" width=\"300\" height=\"150\" src=\"https:\/\/blogsaverroes.juntadeandalucia.es\/iesseneca\/files\/2025\/10\/Captura-de-pantalla-2025-10-21-a-las-20.58.07-300x150.png\" class=\"pt-cv-thumbnail\" alt=\"\" srcset=\"https:\/\/blogsaverroes.juntadeandalucia.es\/iesseneca\/files\/2025\/10\/Captura-de-pantalla-2025-10-21-a-las-20.58.07-300x150.png 300w, https:\/\/blogsaverroes.juntadeandalucia.es\/iesseneca\/files\/2025\/10\/Captura-de-pantalla-2025-10-21-a-las-20.58.07-1024x511.png 1024w, https:\/\/blogsaverroes.juntadeandalucia.es\/iesseneca\/files\/2025\/10\/Captura-de-pantalla-2025-10-21-a-las-20.58.07-768x383.png 768w, https:\/\/blogsaverroes.juntadeandalucia.es\/iesseneca\/files\/2025\/10\/Captura-de-pantalla-2025-10-21-a-las-20.58.07.png 1306w\" sizes=\"(max-width: 300px) 100vw, 300px\" \/><\/a>\n<h4 class=\"pt-cv-title\"><a href=\"https:\/\/blogsaverroes.juntadeandalucia.es\/iesseneca\/charla-taller-salud-mental-y-prevencion-del-suicidio\/\" class=\"_self\" target=\"_self\" >Charla-Taller: salud mental y prevenci\u00f3n del suicidio<\/a><\/h4>\n<div class=\"pt-cv-content\">Queremos compartir con vosotros esta actividad organizada por la Casa de La Juventud que nos parece muy interesante, por si ...<br \/><div class=\"pt-cv-rmwrap\"><a href=\"https:\/\/blogsaverroes.juntadeandalucia.es\/iesseneca\/charla-taller-salud-mental-y-prevencion-del-suicidio\/\" class=\"_self pt-cv-readmore btn btn-success\" target=\"_self\">Leer M\u00e1s<\/a><\/div><\/div><\/div><\/div>\n<div class=\"col-md-6 col-sm-6 col-xs-12 pt-cv-content-item pt-cv-1-col\" ><div class='pt-cv-ifield'><a href=\"https:\/\/blogsaverroes.juntadeandalucia.es\/iesseneca\/recepcion-del-alumnado-diurno-lunes-15-de-septiembre\/\" class=\"_self pt-cv-href-thumbnail pt-cv-thumb-default\" target=\"_self\" ><img loading=\"lazy\" decoding=\"async\" width=\"300\" height=\"193\" src=\"https:\/\/blogsaverroes.juntadeandalucia.es\/iesseneca\/files\/2023\/09\/Captura-de-pantalla-2023-09-12-a-las-12.50.30-300x193.png\" class=\"pt-cv-thumbnail\" alt=\"\" srcset=\"https:\/\/blogsaverroes.juntadeandalucia.es\/iesseneca\/files\/2023\/09\/Captura-de-pantalla-2023-09-12-a-las-12.50.30-300x193.png 300w, https:\/\/blogsaverroes.juntadeandalucia.es\/iesseneca\/files\/2023\/09\/Captura-de-pantalla-2023-09-12-a-las-12.50.30.png 723w\" sizes=\"(max-width: 300px) 100vw, 300px\" \/><\/a>\n<h4 class=\"pt-cv-title\"><a href=\"https:\/\/blogsaverroes.juntadeandalucia.es\/iesseneca\/recepcion-del-alumnado-diurno-lunes-15-de-septiembre\/\" class=\"_self\" target=\"_self\" >Recepci\u00f3n del Alumnado Diurno, Ciclos Formativos y ESPA el Lunes 15 de Septiembre<\/a><\/h4>\n<div class=\"pt-cv-content\">Os dejamos la informaci\u00f3n de como se va a realizar la recepci\u00f3n del alumnado diurno durante la ma\u00f1ana del lunes ...<br \/><div class=\"pt-cv-rmwrap\"><a href=\"https:\/\/blogsaverroes.juntadeandalucia.es\/iesseneca\/recepcion-del-alumnado-diurno-lunes-15-de-septiembre\/\" class=\"_self pt-cv-readmore btn btn-success\" target=\"_self\">Leer M\u00e1s<\/a><\/div><\/div><\/div><\/div>\n<div class=\"col-md-6 col-sm-6 col-xs-12 pt-cv-content-item pt-cv-1-col\" ><div class='pt-cv-ifield'><a href=\"https:\/\/blogsaverroes.juntadeandalucia.es\/iesseneca\/calendario-examenes-de-septiembre\/\" class=\"_self pt-cv-href-thumbnail pt-cv-thumb-default\" target=\"_self\" ><img loading=\"lazy\" decoding=\"async\" width=\"300\" height=\"193\" src=\"https:\/\/blogsaverroes.juntadeandalucia.es\/iesseneca\/files\/2023\/09\/Captura-de-pantalla-2023-09-12-a-las-12.50.30-300x193.png\" class=\"pt-cv-thumbnail\" alt=\"\" srcset=\"https:\/\/blogsaverroes.juntadeandalucia.es\/iesseneca\/files\/2023\/09\/Captura-de-pantalla-2023-09-12-a-las-12.50.30-300x193.png 300w, https:\/\/blogsaverroes.juntadeandalucia.es\/iesseneca\/files\/2023\/09\/Captura-de-pantalla-2023-09-12-a-las-12.50.30.png 723w\" sizes=\"(max-width: 300px) 100vw, 300px\" \/><\/a>\n<h4 class=\"pt-cv-title\"><a href=\"https:\/\/blogsaverroes.juntadeandalucia.es\/iesseneca\/calendario-examenes-de-septiembre\/\" class=\"_self\" target=\"_self\" >Calendario Ex\u00e1menes de Septiembre<\/a><\/h4>\n<div class=\"pt-cv-content\">Os adjuntamos el calendario con los ex\u00e1menes de septiembre. Septiembre 25 ...<br \/><div class=\"pt-cv-rmwrap\"><a href=\"https:\/\/blogsaverroes.juntadeandalucia.es\/iesseneca\/calendario-examenes-de-septiembre\/\" class=\"_self pt-cv-readmore btn btn-success\" target=\"_self\">Leer M\u00e1s<\/a><\/div><\/div><\/div><\/div>\n<div class=\"col-md-6 col-sm-6 col-xs-12 pt-cv-content-item pt-cv-1-col\" ><div class='pt-cv-ifield'><a href=\"https:\/\/blogsaverroes.juntadeandalucia.es\/iesseneca\/documentacion-para-matricula\/\" class=\"_self pt-cv-href-thumbnail pt-cv-thumb-default\" target=\"_self\" ><img loading=\"lazy\" decoding=\"async\" width=\"300\" height=\"193\" src=\"https:\/\/blogsaverroes.juntadeandalucia.es\/iesseneca\/files\/2023\/09\/Captura-de-pantalla-2023-09-12-a-las-12.50.30-300x193.png\" class=\"pt-cv-thumbnail\" alt=\"\" srcset=\"https:\/\/blogsaverroes.juntadeandalucia.es\/iesseneca\/files\/2023\/09\/Captura-de-pantalla-2023-09-12-a-las-12.50.30-300x193.png 300w, https:\/\/blogsaverroes.juntadeandalucia.es\/iesseneca\/files\/2023\/09\/Captura-de-pantalla-2023-09-12-a-las-12.50.30.png 723w\" sizes=\"(max-width: 300px) 100vw, 300px\" \/><\/a>\n<h4 class=\"pt-cv-title\"><a href=\"https:\/\/blogsaverroes.juntadeandalucia.es\/iesseneca\/documentacion-para-matricula\/\" class=\"_self\" target=\"_self\" >Documentaci\u00f3n para matr\u00edcula<\/a><\/h4>\n<div class=\"pt-cv-content\">Os adjuntamos la documentaci\u00f3n necesaria para efectuar la matr\u00edcula del curso 25-26: FICHA 1\u00baESO 25-26 FICHA 2\u00baESO 25-26 FICHA 3\u00baESO ...<br \/><div class=\"pt-cv-rmwrap\"><a href=\"https:\/\/blogsaverroes.juntadeandalucia.es\/iesseneca\/documentacion-para-matricula\/\" class=\"_self pt-cv-readmore btn btn-success\" target=\"_self\">Leer M\u00e1s<\/a><\/div><\/div><\/div><\/div>\n<div class=\"col-md-6 col-sm-6 col-xs-12 pt-cv-content-item pt-cv-1-col\" ><div class='pt-cv-ifield'><a href=\"https:\/\/blogsaverroes.juntadeandalucia.es\/iesseneca\/reunion-informativa-sobre-itinerarios-para-4oeso-y-1o-de-bachillerato\/\" class=\"_self pt-cv-href-thumbnail pt-cv-thumb-default\" target=\"_self\" ><img loading=\"lazy\" decoding=\"async\" width=\"300\" height=\"156\" src=\"https:\/\/blogsaverroes.juntadeandalucia.es\/iesseneca\/files\/2025\/06\/Captura-de-pantalla-2025-06-05-a-las-17.39.50-300x156.png\" class=\"pt-cv-thumbnail\" alt=\"\" srcset=\"https:\/\/blogsaverroes.juntadeandalucia.es\/iesseneca\/files\/2025\/06\/Captura-de-pantalla-2025-06-05-a-las-17.39.50-300x156.png 300w, https:\/\/blogsaverroes.juntadeandalucia.es\/iesseneca\/files\/2025\/06\/Captura-de-pantalla-2025-06-05-a-las-17.39.50-1024x532.png 1024w, https:\/\/blogsaverroes.juntadeandalucia.es\/iesseneca\/files\/2025\/06\/Captura-de-pantalla-2025-06-05-a-las-17.39.50-768x399.png 768w, https:\/\/blogsaverroes.juntadeandalucia.es\/iesseneca\/files\/2025\/06\/Captura-de-pantalla-2025-06-05-a-las-17.39.50.png 1498w\" sizes=\"(max-width: 300px) 100vw, 300px\" \/><\/a>\n<h4 class=\"pt-cv-title\"><a href=\"https:\/\/blogsaverroes.juntadeandalucia.es\/iesseneca\/reunion-informativa-sobre-itinerarios-para-4oeso-y-1o-de-bachillerato\/\" class=\"_self\" target=\"_self\" >Reuni\u00f3n Informativa sobre Itinerarios para 4\u00baESO y 1\u00ba de Bachillerato<\/a><\/h4>\n<div class=\"pt-cv-content\">El pasado mi\u00e9rcoles 11 de junio se cerebr\u00f3 una reuni\u00f3n informativa en el Sal\u00f3n de Actos del IES S\u00e9neca, con ...<br \/><div class=\"pt-cv-rmwrap\"><a href=\"https:\/\/blogsaverroes.juntadeandalucia.es\/iesseneca\/reunion-informativa-sobre-itinerarios-para-4oeso-y-1o-de-bachillerato\/\" class=\"_self pt-cv-readmore btn btn-success\" target=\"_self\">Leer M\u00e1s<\/a><\/div><\/div><\/div><\/div>\n<div class=\"col-md-6 col-sm-6 col-xs-12 pt-cv-content-item pt-cv-1-col\" ><div class='pt-cv-ifield'><a href=\"https:\/\/blogsaverroes.juntadeandalucia.es\/iesseneca\/garantias-procedimentales-para-eso-1o-bachillerato-y-fp\/\" class=\"_self pt-cv-href-thumbnail pt-cv-thumb-default\" target=\"_self\" ><img loading=\"lazy\" decoding=\"async\" width=\"300\" height=\"193\" src=\"https:\/\/blogsaverroes.juntadeandalucia.es\/iesseneca\/files\/2023\/09\/Captura-de-pantalla-2023-09-12-a-las-12.50.30-300x193.png\" class=\"pt-cv-thumbnail\" alt=\"\" srcset=\"https:\/\/blogsaverroes.juntadeandalucia.es\/iesseneca\/files\/2023\/09\/Captura-de-pantalla-2023-09-12-a-las-12.50.30-300x193.png 300w, https:\/\/blogsaverroes.juntadeandalucia.es\/iesseneca\/files\/2023\/09\/Captura-de-pantalla-2023-09-12-a-las-12.50.30.png 723w\" sizes=\"(max-width: 300px) 100vw, 300px\" \/><\/a>\n<h4 class=\"pt-cv-title\"><a href=\"https:\/\/blogsaverroes.juntadeandalucia.es\/iesseneca\/garantias-procedimentales-para-eso-1o-bachillerato-y-fp\/\" class=\"_self\" target=\"_self\" >Garant\u00edas Procedimentales para ESO, 1\u00ba Bachillerato, FP y ESPA<\/a><\/h4>\n<div class=\"pt-cv-content\">Os dejamos la informaci\u00f3n correspondiente a las garant\u00edas procedimentales de todos los curso de ESO, 1\u00ba Bachillerato, FP y ESPA ...<br \/><div class=\"pt-cv-rmwrap\"><a href=\"https:\/\/blogsaverroes.juntadeandalucia.es\/iesseneca\/garantias-procedimentales-para-eso-1o-bachillerato-y-fp\/\" class=\"_self pt-cv-readmore btn btn-success\" target=\"_self\">Leer M\u00e1s<\/a><\/div><\/div><\/div><\/div>\n<div class=\"col-md-6 col-sm-6 col-xs-12 pt-cv-content-item pt-cv-1-col\" ><div class='pt-cv-ifield'><a href=\"https:\/\/blogsaverroes.juntadeandalucia.es\/iesseneca\/garantias-procedimentales-2o-bachillerato-curso-24-25\/\" class=\"_self pt-cv-href-thumbnail pt-cv-thumb-default\" target=\"_self\" ><img loading=\"lazy\" decoding=\"async\" width=\"300\" height=\"193\" src=\"https:\/\/blogsaverroes.juntadeandalucia.es\/iesseneca\/files\/2023\/09\/Captura-de-pantalla-2023-09-12-a-las-12.50.30-300x193.png\" class=\"pt-cv-thumbnail\" alt=\"\" srcset=\"https:\/\/blogsaverroes.juntadeandalucia.es\/iesseneca\/files\/2023\/09\/Captura-de-pantalla-2023-09-12-a-las-12.50.30-300x193.png 300w, https:\/\/blogsaverroes.juntadeandalucia.es\/iesseneca\/files\/2023\/09\/Captura-de-pantalla-2023-09-12-a-las-12.50.30.png 723w\" sizes=\"(max-width: 300px) 100vw, 300px\" \/><\/a>\n<h4 class=\"pt-cv-title\"><a href=\"https:\/\/blogsaverroes.juntadeandalucia.es\/iesseneca\/garantias-procedimentales-2o-bachillerato-curso-24-25\/\" class=\"_self\" target=\"_self\" >Garant\u00edas Procedimentales 2\u00ba Bachillerato Curso 24-25<\/a><\/h4>\n<div class=\"pt-cv-content\">Os dejamos la informaci\u00f3n correspondiente a las garant\u00edas procedimentales de 2\u00ba de Bachillerato: Garant\u00edas procedimentales 2\u00ba bachillerato ...<br \/><div class=\"pt-cv-rmwrap\"><a href=\"https:\/\/blogsaverroes.juntadeandalucia.es\/iesseneca\/garantias-procedimentales-2o-bachillerato-curso-24-25\/\" class=\"_self pt-cv-readmore btn btn-success\" target=\"_self\">Leer M\u00e1s<\/a><\/div><\/div><\/div><\/div><\/div><\/div><\/div>\n","protected":false},"excerpt":{"rendered":"<p>La Jefatura de Estudios del IES S\u00e9neca la formamos cuatro personas:&nbsp; Raquel Carbonero Ruz, Jefa de Estudios y profesora de Matem\u00e1ticas. Ignacio Ter\u00e9 P\u00e9rez, Jefe de Estudios de Adultos y profesor de Geograf\u00eda e&#46;&#46;&#46;<\/p>\n","protected":false},"author":11434,"featured_media":0,"parent":0,"menu_order":0,"comment_status":"closed","ping_status":"closed","template":"","meta":{"ngg_post_thumbnail":0,"footnotes":"","_mc_calendar":[]},"aioseo_notices":[],"_links":{"self":[{"href":"https:\/\/blogsaverroes.juntadeandalucia.es\/iesseneca\/wp-json\/wp\/v2\/pages\/2768"}],"collection":[{"href":"https:\/\/blogsaverroes.juntadeandalucia.es\/iesseneca\/wp-json\/wp\/v2\/pages"}],"about":[{"href":"https:\/\/blogsaverroes.juntadeandalucia.es\/iesseneca\/wp-json\/wp\/v2\/types\/page"}],"author":[{"embeddable":true,"href":"https:\/\/blogsaverroes.juntadeandalucia.es\/iesseneca\/wp-json\/wp\/v2\/users\/11434"}],"replies":[{"embeddable":true,"href":"https:\/\/blogsaverroes.juntadeandalucia.es\/iesseneca\/wp-json\/wp\/v2\/comments?post=2768"}],"version-history":[{"count":5,"href":"https:\/\/blogsaverroes.juntadeandalucia.es\/iesseneca\/wp-json\/wp\/v2\/pages\/2768\/revisions"}],"predecessor-version":[{"id":6717,"href":"https:\/\/blogsaverroes.juntadeandalucia.es\/iesseneca\/wp-json\/wp\/v2\/pages\/2768\/revisions\/6717"}],"wp:attachment":[{"href":"https:\/\/blogsaverroes.juntadeandalucia.es\/iesseneca\/wp-json\/wp\/v2\/media?parent=2768"}],"curies":[{"name":"wp","href":"https:\/\/api.w.org\/{rel}","templated":true}]}}