{"id":2842,"date":"2020-11-24T12:16:32","date_gmt":"2020-11-24T12:16:32","guid":{"rendered":"https:\/\/blogsaverroes.juntadeandalucia.es\/iesseneca\/?page_id=2842"},"modified":"2022-10-19T16:52:42","modified_gmt":"2022-10-19T16:52:42","slug":"catolica","status":"publish","type":"page","link":"https:\/\/blogsaverroes.juntadeandalucia.es\/iesseneca\/catolica\/","title":{"rendered":"Cat\u00f3lica"},"content":{"rendered":"<p><a href=\"https:\/\/blogsaverroes.juntadeandalucia.es\/iesseneca\/files\/2021\/02\/Religi\u00f3n-color-escalado.png\"><img loading=\"lazy\" decoding=\"async\" class=\"wp-image-3863 alignleft\" src=\"https:\/\/blogsaverroes.juntadeandalucia.es\/iesseneca\/files\/2021\/02\/Religi\u00f3n-color-escalado-1024x227.png\" alt=\"\" width=\"423\" height=\"94\" srcset=\"https:\/\/blogsaverroes.juntadeandalucia.es\/iesseneca\/files\/2021\/02\/Religi\u00f3n-color-escalado-1024x227.png 1024w, https:\/\/blogsaverroes.juntadeandalucia.es\/iesseneca\/files\/2021\/02\/Religi\u00f3n-color-escalado-300x67.png 300w, https:\/\/blogsaverroes.juntadeandalucia.es\/iesseneca\/files\/2021\/02\/Religi\u00f3n-color-escalado-768x170.png 768w, https:\/\/blogsaverroes.juntadeandalucia.es\/iesseneca\/files\/2021\/02\/Religi\u00f3n-color-escalado.png 1532w\" sizes=\"(max-width: 423px) 100vw, 423px\" \/><\/a><\/p>\n<p>&nbsp;<\/p>\n<p style=\"text-align: justify\">&nbsp;<\/p>\n<p>&nbsp;<\/p>\n<p>&nbsp;<\/p>\n<p style=\"text-align: justify\"><span style=\"color: #000000\">La presencia de la ense\u00f1anza religiosa en la escuela responde, en primer lugar, a la importancia que esta materia tiene dentro de la educaci\u00f3n para que los alumnos puedan conseguir un desarrollo pleno e integral de su personalidad. La necesidad de sentido del ser humano es una evidencia a la que la escuela necesariamente debe dar respuesta. La educaci\u00f3n de la dimensi\u00f3n religiosa es parte fundamental para la maduraci\u00f3n de la persona. No podr\u00eda existir una formaci\u00f3n integral y, por tanto, una educaci\u00f3n de calidad, si no se permitiese el desarrollo de todas las dimensiones inherentes al ser humano, entre las cuales se encuentra la religiosa. Esta capacidad b\u00e1sica de la persona adquiere su aut\u00e9ntico cumplimiento cuando se descubre el sentido de la vida. La ense\u00f1anza de la religi\u00f3n cat\u00f3lica en los centros escolares ayudar\u00e1 a los estudiantes a ensanchar los espacios de la racionalidad y adoptar una actitud de apertura al sentido religioso de la vida, sea cual sea su manifestaci\u00f3n concreta.<\/span><\/p>\n<p style=\"text-align: justify\"><span style=\"color: #000000\">Agradecer a las familias su confianza al escoger la optativa de religi\u00f3n.<\/span><\/p>\n<p style=\"text-align: justify\"><span style=\"color: #000000\">Jefa del departamento: Victoria Ortega Palop<\/span><\/p>\n<div id=\":no\">\n<div class=\"utdU2e\">\n<p dir=\"ltr\">CONTACTO: <a><strong>religion@iesseneca.net<\/strong> <\/a><\/p>\n<table width=\"566\" cellspacing=\"0\" cellpadding=\"7\">\n<tbody>\n<tr>\n<td valign=\"top\" bgcolor=\"#a8d08d\">\n<h4 style=\"text-align: center\"><a href=\"https:\/\/sites.google.com\/view\/i-e-s-sneca-religin\/p%C3%A1gina-principal\" target=\"_blank\" rel=\"noopener noreferrer\" data-saferedirecturl=\"https:\/\/www.google.com\/url?q=https:\/\/sites.google.com\/view\/i-e-s-sneca-religin\/p%25C3%25A1gina-principal&amp;source=gmail&amp;ust=1614241743027000&amp;usg=AFQjCNHnfw5gAm2vTSD99mSsYblSU1jsxA\"><strong>WEB RELIGI\u00d3N IES SENECA<\/strong><\/a><\/h4>\n<\/td>\n<\/tr>\n<\/tbody>\n<\/table>\n<p>&nbsp;<\/p>\n<\/div>\n<div class=\"lQs8Hd\">&nbsp;<\/div>\n<div class=\"btm\">&nbsp;<\/div>\n<\/div>\n<div class=\"\">\n<div class=\"aHl\">&nbsp;<\/div>\n<div id=\":mc\">&nbsp;<\/div>\n<div id=\":nm\" class=\"ii gt adO\">\n<div id=\":nn\" class=\"a3s aiL \">\n<div dir=\"ltr\">\n<div dir=\"ltr\">\n<p dir=\"ltr\">&nbsp;<\/p>\n<\/div>\n<\/div>\n<\/div>\n<\/div>\n<\/div>\n<p style=\"text-align: justify\">&nbsp;<\/p>\n<div class=\"pt-cv-wrapper\"><div class=\"pt-cv-view pt-cv-grid pt-cv-colsys\" id=\"pt-cv-view-9d1b3d2qs6\"><div data-id=\"pt-cv-page-1\" class=\"pt-cv-page cv-npf\" data-cvc=\"2\"><div class=\"col-md-6 col-sm-6 col-xs-12 pt-cv-content-item pt-cv-1-col\" ><div class='pt-cv-ifield'><div class=\"pt-cv-no-post\">No se han encontrado entradas.<\/div><\/div><\/div><\/div><\/div><\/div>\n","protected":false},"excerpt":{"rendered":"<p>&nbsp; &nbsp; &nbsp; &nbsp; La presencia de la ense\u00f1anza religiosa en la escuela responde, en primer lugar, a la importancia que esta materia tiene dentro de la educaci\u00f3n para que los alumnos puedan conseguir&#46;&#46;&#46;<\/p>\n","protected":false},"author":11434,"featured_media":0,"parent":0,"menu_order":0,"comment_status":"closed","ping_status":"closed","template":"page-templates\/child-menu.php","meta":{"ngg_post_thumbnail":0,"footnotes":"","_mc_calendar":[]},"aioseo_notices":[],"_links":{"self":[{"href":"https:\/\/blogsaverroes.juntadeandalucia.es\/iesseneca\/wp-json\/wp\/v2\/pages\/2842"}],"collection":[{"href":"https:\/\/blogsaverroes.juntadeandalucia.es\/iesseneca\/wp-json\/wp\/v2\/pages"}],"about":[{"href":"https:\/\/blogsaverroes.juntadeandalucia.es\/iesseneca\/wp-json\/wp\/v2\/types\/page"}],"author":[{"embeddable":true,"href":"https:\/\/blogsaverroes.juntadeandalucia.es\/iesseneca\/wp-json\/wp\/v2\/users\/11434"}],"replies":[{"embeddable":true,"href":"https:\/\/blogsaverroes.juntadeandalucia.es\/iesseneca\/wp-json\/wp\/v2\/comments?post=2842"}],"version-history":[{"count":13,"href":"https:\/\/blogsaverroes.juntadeandalucia.es\/iesseneca\/wp-json\/wp\/v2\/pages\/2842\/revisions"}],"predecessor-version":[{"id":5337,"href":"https:\/\/blogsaverroes.juntadeandalucia.es\/iesseneca\/wp-json\/wp\/v2\/pages\/2842\/revisions\/5337"}],"wp:attachment":[{"href":"https:\/\/blogsaverroes.juntadeandalucia.es\/iesseneca\/wp-json\/wp\/v2\/media?parent=2842"}],"curies":[{"name":"wp","href":"https:\/\/api.w.org\/{rel}","templated":true}]}}