{"id":2913,"date":"2020-11-30T09:52:07","date_gmt":"2020-11-30T09:52:07","guid":{"rendered":"https:\/\/blogsaverroes.juntadeandalucia.es\/iesseneca\/?page_id=2913"},"modified":"2025-03-04T12:58:57","modified_gmt":"2025-03-04T12:58:57","slug":"plan-de-convivencia","status":"publish","type":"page","link":"https:\/\/blogsaverroes.juntadeandalucia.es\/iesseneca\/planes-y-proyectos\/plan-de-convivencia\/","title":{"rendered":"Plan de Convivencia"},"content":{"rendered":"<p align=\"justify\"><a href=\"https:\/\/blogsaverroes.juntadeandalucia.es\/iesseneca\/files\/2021\/01\/Convivencia-color-escalado.png\"><img loading=\"lazy\" decoding=\"async\" class=\"wp-image-3162 alignleft\" src=\"https:\/\/blogsaverroes.juntadeandalucia.es\/iesseneca\/files\/2021\/01\/Convivencia-color-escalado.png\" alt=\"\" width=\"450\" height=\"100\" srcset=\"https:\/\/blogsaverroes.juntadeandalucia.es\/iesseneca\/files\/2021\/01\/Convivencia-color-escalado.png 1000w, https:\/\/blogsaverroes.juntadeandalucia.es\/iesseneca\/files\/2021\/01\/Convivencia-color-escalado-300x67.png 300w, https:\/\/blogsaverroes.juntadeandalucia.es\/iesseneca\/files\/2021\/01\/Convivencia-color-escalado-768x170.png 768w, https:\/\/blogsaverroes.juntadeandalucia.es\/iesseneca\/files\/2021\/01\/Convivencia-color-escalado-24x5.png 24w, https:\/\/blogsaverroes.juntadeandalucia.es\/iesseneca\/files\/2021\/01\/Convivencia-color-escalado-36x8.png 36w, https:\/\/blogsaverroes.juntadeandalucia.es\/iesseneca\/files\/2021\/01\/Convivencia-color-escalado-48x11.png 48w\" sizes=\"(max-width: 450px) 100vw, 450px\" \/><\/a><\/p>\n<p align=\"justify\">&nbsp;<\/p>\n<p align=\"justify\">&nbsp;<\/p>\n<p align=\"justify\">&nbsp;<\/p>\n<p align=\"justify\">&nbsp;<\/p>\n<p align=\"justify\"><span style=\"color: #000000\">Coordinador:<strong> Lazaro Entrenas Mart\u00ednez<\/strong><\/span><\/p>\n<p style=\"text-align: justify\" align=\"justify\"><span style=\"color: #000000\">La Coordinaci\u00f3n de Convivencia se plantea varios objetivos que tienden todos a una educaci\u00f3n en valores que refuercen la buena actitud del alumnado con vistas, no s\u00f3lo a mejorar la relaci\u00f3n dentro del Centro, sino tambi\u00e9n a favorecer a lo largo de estos a\u00f1os que est\u00e1n en el IES S\u00e9neca, una formaci\u00f3n de su personalidad en la que se refleje la moderaci\u00f3n, la responsabilidad y el dialogo entre todos los seres humanos como fuente de Paz.<\/span><\/p>\n<p style=\"text-align: justify\" align=\"justify\"><span style=\"color: #000000\">En este sentido, se incluyen dentro de Convivencia proyectos como <strong>\u201cEscuela espacio de Paz\u201d<\/strong> y se participa en <strong>\u201cLa Red de Alumnos Mediadores\u201d<\/strong>. En el primer proyecto se favorece la integraci\u00f3n del alumnado en un espacio donde las buenas relaciones con sus compa\u00f1eros ayuden a un futuro donde tambi\u00e9n las buenas relaciones con sus semejantes tiendan a favorecer la creaci\u00f3n de una sociedad m\u00e1s pac\u00edfica y m\u00e1s justa. El segundo proyecto intenta concienciar a los alumnos del Centro para evitar, en la medida de sus posibilidades, conflictos dentro del aula y ense\u00f1arles el valor de intervenir en conflictos que puedan surgir en su entorno pr\u00f3ximo en un futuro.<\/span><\/p>\n<table style=\"width: 98.0984%\" width=\"566\" cellspacing=\"0\" cellpadding=\"7\">\n<colgroup>\n<col width=\"550\"> <\/colgroup>\n<tbody>\n<tr>\n<td style=\"width: 100%\" valign=\"top\" bgcolor=\"#a8d08d\">\n<h4 style=\"text-align: center\"><strong><a href=\"https:\/\/blogsaverroes.juntadeandalucia.es\/iesseneca\/files\/2025\/03\/Plan-de-convivencia-2024-25.pdf\">Plan de convivencia 2024-25<\/a><\/strong><\/h4>\n<\/td>\n<\/tr>\n<\/tbody>\n<\/table>\n<p>&nbsp;<\/p>\n<p>&nbsp;<\/p>\n","protected":false},"excerpt":{"rendered":"<p>&nbsp; &nbsp; &nbsp; &nbsp; Coordinador: Lazaro Entrenas Mart\u00ednez La Coordinaci\u00f3n de Convivencia se plantea varios objetivos que tienden todos a una educaci\u00f3n en valores que refuercen la buena actitud del alumnado con vistas, no&#46;&#46;&#46;<\/p>\n","protected":false},"author":11434,"featured_media":0,"parent":44,"menu_order":0,"comment_status":"closed","ping_status":"closed","template":"","meta":{"ngg_post_thumbnail":0,"footnotes":"","_mc_calendar":[]},"aioseo_notices":[],"_links":{"self":[{"href":"https:\/\/blogsaverroes.juntadeandalucia.es\/iesseneca\/wp-json\/wp\/v2\/pages\/2913"}],"collection":[{"href":"https:\/\/blogsaverroes.juntadeandalucia.es\/iesseneca\/wp-json\/wp\/v2\/pages"}],"about":[{"href":"https:\/\/blogsaverroes.juntadeandalucia.es\/iesseneca\/wp-json\/wp\/v2\/types\/page"}],"author":[{"embeddable":true,"href":"https:\/\/blogsaverroes.juntadeandalucia.es\/iesseneca\/wp-json\/wp\/v2\/users\/11434"}],"replies":[{"embeddable":true,"href":"https:\/\/blogsaverroes.juntadeandalucia.es\/iesseneca\/wp-json\/wp\/v2\/comments?post=2913"}],"version-history":[{"count":20,"href":"https:\/\/blogsaverroes.juntadeandalucia.es\/iesseneca\/wp-json\/wp\/v2\/pages\/2913\/revisions"}],"predecessor-version":[{"id":6401,"href":"https:\/\/blogsaverroes.juntadeandalucia.es\/iesseneca\/wp-json\/wp\/v2\/pages\/2913\/revisions\/6401"}],"up":[{"embeddable":true,"href":"https:\/\/blogsaverroes.juntadeandalucia.es\/iesseneca\/wp-json\/wp\/v2\/pages\/44"}],"wp:attachment":[{"href":"https:\/\/blogsaverroes.juntadeandalucia.es\/iesseneca\/wp-json\/wp\/v2\/media?parent=2913"}],"curies":[{"name":"wp","href":"https:\/\/api.w.org\/{rel}","templated":true}]}}

<p align="justify"><a href="https://blogsaverroes.juntadeandalucia.es/iesseneca/files/2021/01/Convivencia-color-escalado.png"><img loading="lazy" decoding="async" class="wp-image-3162 alignleft" src="https://blogsaverroes.juntadeandalucia.es/iesseneca/files/2021/01/Convivencia-color-escalado.png" alt="" width="450" height="100" srcset="https://blogsaverroes.juntadeandalucia.es/iesseneca/files/2021/01/Convivencia-color-escalado.png 1000w, https://blogsaverroes.juntadeandalucia.es/iesseneca/files/2021/01/Convivencia-color-escalado-300x67.png 300w, https://blogsaverroes.juntadeandalucia.es/iesseneca/files/2021/01/Convivencia-color-escalado-768x170.png 768w, https://blogsaverroes.juntadeandalucia.es/iesseneca/files/2021/01/Convivencia-color-escalado-24x5.png 24w, https://blogsaverroes.juntadeandalucia.es/iesseneca/files/2021/01/Convivencia-color-escalado-36x8.png 36w, https://blogsaverroes.juntadeandalucia.es/iesseneca/files/2021/01/Convivencia-color-escalado-48x11.png 48w" sizes="(max-width: 450px) 100vw, 450px" /></a></p>
<p align="justify">&nbsp;</p>
<p align="justify">&nbsp;</p>
<p align="justify">&nbsp;</p>
<p align="justify">&nbsp;</p>
<p align="justify"><span style="color: #000000">Coordinador:<strong> Lazaro Entrenas Martínez</strong></span></p>
<p style="text-align: justify" align="justify"><span style="color: #000000">La Coordinación de Convivencia se plantea varios objetivos que tienden todos a una educación en valores que refuercen la buena actitud del alumnado con vistas, no sólo a mejorar la relación dentro del Centro, sino también a favorecer a lo largo de estos años que están en el IES Séneca, una formación de su personalidad en la que se refleje la moderación, la responsabilidad y el dialogo entre todos los seres humanos como fuente de Paz.</span></p>
<p style="text-align: justify" align="justify"><span style="color: #000000">En este sentido, se incluyen dentro de Convivencia proyectos como <strong>“Escuela espacio de Paz”</strong> y se participa en <strong>“La Red de Alumnos Mediadores”</strong>. En el primer proyecto se favorece la integración del alumnado en un espacio donde las buenas relaciones con sus compañeros ayuden a un futuro donde también las buenas relaciones con sus semejantes tiendan a favorecer la creación de una sociedad más pacífica y más justa. El segundo proyecto intenta concienciar a los alumnos del Centro para evitar, en la medida de sus posibilidades, conflictos dentro del aula y enseñarles el valor de intervenir en conflictos que puedan surgir en su entorno próximo en un futuro.</span></p>
<table style="width: 98.0984%" width="566" cellspacing="0" cellpadding="7">
<colgroup>
<col width="550"> </colgroup>
<tbody>
<tr>
<td style="width: 100%" valign="top" bgcolor="#a8d08d">
<h4 style="text-align: center"><strong><a href="https://blogsaverroes.juntadeandalucia.es/iesseneca/files/2025/03/Plan-de-convivencia-2024-25.pdf">Plan de convivencia 2024-25</a></strong></h4>
</td>
</tr>
</tbody>
</table>
<p>&nbsp;</p>
<p>&nbsp;</p>

<p>&nbsp; &nbsp; &nbsp; &nbsp; Coordinador: Lazaro Entrenas Martínez La Coordinación de Convivencia se plantea varios objetivos que tienden todos a una educación en valores que refuercen la buena actitud del alumnado con vistas, no&#46;&#46;&#46;</p>
