{"id":2926,"date":"2020-11-30T11:31:55","date_gmt":"2020-11-30T11:31:55","guid":{"rendered":"https:\/\/blogsaverroes.juntadeandalucia.es\/iesseneca\/?page_id=2926"},"modified":"2021-10-28T08:41:40","modified_gmt":"2021-10-28T08:41:40","slug":"proyecto-dual","status":"publish","type":"page","link":"https:\/\/blogsaverroes.juntadeandalucia.es\/iesseneca\/planes-y-proyectos\/proyecto-dual\/","title":{"rendered":"Proyecto Dual"},"content":{"rendered":"<table style=\"border-collapse: collapse;width: 100%\">\n<tbody>\n<tr>\n<td style=\"width: 50%\"><a href=\"https:\/\/blogsaverroes.juntadeandalucia.es\/iesseneca\/files\/2021\/01\/Dual-color-escalado.png\"><img loading=\"lazy\" decoding=\"async\" class=\"wp-image-3175 alignleft\" src=\"https:\/\/blogsaverroes.juntadeandalucia.es\/iesseneca\/files\/2021\/01\/Dual-color-escalado.png\" alt=\"\" width=\"450\" height=\"100\" srcset=\"https:\/\/blogsaverroes.juntadeandalucia.es\/iesseneca\/files\/2021\/01\/Dual-color-escalado.png 1000w, https:\/\/blogsaverroes.juntadeandalucia.es\/iesseneca\/files\/2021\/01\/Dual-color-escalado-300x67.png 300w, https:\/\/blogsaverroes.juntadeandalucia.es\/iesseneca\/files\/2021\/01\/Dual-color-escalado-768x170.png 768w, https:\/\/blogsaverroes.juntadeandalucia.es\/iesseneca\/files\/2021\/01\/Dual-color-escalado-24x5.png 24w, https:\/\/blogsaverroes.juntadeandalucia.es\/iesseneca\/files\/2021\/01\/Dual-color-escalado-36x8.png 36w, https:\/\/blogsaverroes.juntadeandalucia.es\/iesseneca\/files\/2021\/01\/Dual-color-escalado-48x11.png 48w\" sizes=\"(max-width: 450px) 100vw, 450px\" \/><\/a><\/td>\n<td style=\"width: 50%\"><a href=\"https:\/\/blogsaverroes.juntadeandalucia.es\/iesseneca\/files\/2021\/02\/logo-erasmus.png\"><img loading=\"lazy\" decoding=\"async\" class=\"wp-image-3403 aligncenter\" src=\"https:\/\/blogsaverroes.juntadeandalucia.es\/iesseneca\/files\/2021\/02\/logo-erasmus.png\" alt=\"\" width=\"186\" height=\"186\" srcset=\"https:\/\/blogsaverroes.juntadeandalucia.es\/iesseneca\/files\/2021\/02\/logo-erasmus.png 225w, https:\/\/blogsaverroes.juntadeandalucia.es\/iesseneca\/files\/2021\/02\/logo-erasmus-150x150.png 150w, https:\/\/blogsaverroes.juntadeandalucia.es\/iesseneca\/files\/2021\/02\/logo-erasmus-100x100.png 100w, https:\/\/blogsaverroes.juntadeandalucia.es\/iesseneca\/files\/2021\/02\/logo-erasmus-80x80.png 80w, https:\/\/blogsaverroes.juntadeandalucia.es\/iesseneca\/files\/2021\/02\/logo-erasmus-24x24.png 24w, https:\/\/blogsaverroes.juntadeandalucia.es\/iesseneca\/files\/2021\/02\/logo-erasmus-36x36.png 36w, https:\/\/blogsaverroes.juntadeandalucia.es\/iesseneca\/files\/2021\/02\/logo-erasmus-48x48.png 48w\" sizes=\"(max-width: 186px) 100vw, 186px\" \/><\/a><\/td>\n<\/tr>\n<\/tbody>\n<\/table>\n<p style=\"text-align: justify\"><span style=\"color: #000000\">La <strong>Formaci\u00f3n Profesional DUAL<\/strong> es una modalidad de ense\u00f1anza, en la que la formaci\u00f3n es compartida por el Centro Educativo y la Empresa. La evaluaci\u00f3n ha de realizarla el profesorado con atribuci\u00f3n docente, aunque para ello tendr\u00e1 en cuenta las valoraciones que realice la persona responsable en la empresa, tutor laboral.<\/span><\/p>\n<p style=\"text-align: justify\"><span style=\"color: #000000\">La ense\u00f1anza DUAL se comienza en primero (a partir del segundo trimestre), por tanto, el alumnado se forma a la vez que trabaja.<\/span><\/p>\n<p style=\"text-align: justify\"><span style=\"color: #000000\">Te ayudar\u00e1 a entender la formaci\u00f3n el siguiente <a style=\"color: #000000\" href=\"https:\/\/youtu.be\/wBccGch5zS4\"><strong>enlace<\/strong><\/a><\/span><\/p>\n<p style=\"text-align: justify\"><span style=\"color: #000000\">Podr\u00e1s obtener la informaci\u00f3n gr\u00e1fica requerida para entender esta ense\u00f1anza en este <a style=\"color: #000000\" href=\"https:\/\/youtu.be\/oDLifWVnlj8\"><strong>enlace<\/strong><\/a><\/span><\/p>\n<p style=\"text-align: justify\"><span style=\"color: #000000\">Obtendr\u00e1s: <\/span><\/p>\n<ul style=\"text-align: justify\">\n<li><span style=\"color: #000000\">Oportunidades reales de trabajo, si quieres trabajar como:<\/span><\/li>\n<\/ul>\n<p style=\"text-align: justify\"><span style=\"color: #000000\">&nbsp;&nbsp;&nbsp;&nbsp;&nbsp;&nbsp;&nbsp;&nbsp;&nbsp;&nbsp; Delineante proyectista de edificaci\u00f3n, maquetista.<\/span><\/p>\n<p style=\"text-align: justify\"><span style=\"color: #000000\">&nbsp;&nbsp;&nbsp;&nbsp;&nbsp;&nbsp;&nbsp;&nbsp;&nbsp;&nbsp; T\u00e9cnico en control documental, especialista en replanteos de construcci\u00f3n<\/span><\/p>\n<p style=\"text-align: justify\"><span style=\"color: #000000\">&nbsp;&nbsp;&nbsp;&nbsp;&nbsp;&nbsp;&nbsp;&nbsp;&nbsp;&nbsp; T\u00e9cnico de eficiencia energ\u00e9tica de edificios.<\/span><\/p>\n<ul>\n<li>\n<p style=\"text-align: justify\"><span style=\"color: #000000\">Hasta 60 cr\u00e9ditos universitarios reconocidos, si deseas continuar tu formaci\u00f3n.<\/span><\/p>\n<\/li>\n<\/ul>\n<table style=\"border-collapse: collapse;width: 100%\">\n<tbody>\n<tr>\n<td style=\"width: 50%\"><a href=\"https:\/\/blogsaverroes.juntadeandalucia.es\/iesseneca\/files\/2021\/02\/descarga-FSE.png\"><img loading=\"lazy\" decoding=\"async\" class=\"aligncenter wp-image-3451\" src=\"https:\/\/blogsaverroes.juntadeandalucia.es\/iesseneca\/files\/2021\/02\/descarga-FSE.png\" alt=\"\" width=\"362\" height=\"90\" srcset=\"https:\/\/blogsaverroes.juntadeandalucia.es\/iesseneca\/files\/2021\/02\/descarga-FSE.png 450w, https:\/\/blogsaverroes.juntadeandalucia.es\/iesseneca\/files\/2021\/02\/descarga-FSE-300x75.png 300w, https:\/\/blogsaverroes.juntadeandalucia.es\/iesseneca\/files\/2021\/02\/descarga-FSE-24x6.png 24w, https:\/\/blogsaverroes.juntadeandalucia.es\/iesseneca\/files\/2021\/02\/descarga-FSE-36x9.png 36w, https:\/\/blogsaverroes.juntadeandalucia.es\/iesseneca\/files\/2021\/02\/descarga-FSE-48x12.png 48w\" sizes=\"(max-width: 362px) 100vw, 362px\" \/><\/a><\/td>\n<td style=\"width: 50%\"><a href=\"https:\/\/blogsaverroes.juntadeandalucia.es\/iesseneca\/files\/2021\/02\/descarga-erasmus.jpg\"><img loading=\"lazy\" decoding=\"async\" class=\"aligncenter wp-image-3450\" src=\"https:\/\/blogsaverroes.juntadeandalucia.es\/iesseneca\/files\/2021\/02\/descarga-erasmus.jpg\" alt=\"\" width=\"361\" height=\"87\" srcset=\"https:\/\/blogsaverroes.juntadeandalucia.es\/iesseneca\/files\/2021\/02\/descarga-erasmus.jpg 456w, https:\/\/blogsaverroes.juntadeandalucia.es\/iesseneca\/files\/2021\/02\/descarga-erasmus-300x72.jpg 300w, https:\/\/blogsaverroes.juntadeandalucia.es\/iesseneca\/files\/2021\/02\/descarga-erasmus-24x6.jpg 24w, https:\/\/blogsaverroes.juntadeandalucia.es\/iesseneca\/files\/2021\/02\/descarga-erasmus-36x9.jpg 36w, https:\/\/blogsaverroes.juntadeandalucia.es\/iesseneca\/files\/2021\/02\/descarga-erasmus-48x12.jpg 48w\" sizes=\"(max-width: 361px) 100vw, 361px\" \/><\/a><\/td>\n<\/tr>\n<\/tbody>\n<\/table>\n<p>&nbsp;<\/p>\n<p>&nbsp;<\/p>\n<table width=\"566\" cellspacing=\"0\" cellpadding=\"7\">\n<colgroup>\n<col width=\"550\"> <\/colgroup>\n<tbody>\n<tr>\n<td valign=\"top\" bgcolor=\"#a8d08d\">\n<h4 style=\"text-align: center\"><strong><a href=\"https:\/\/blogsaverroes.juntadeandalucia.es\/iesseneca\/files\/2021\/10\/PROYECTOS-DE-EDIFICACIO\u0301N-DUAL-1-1.pdf\">PROYECTOS DE EDIFICACIO\u0301N DUAL<\/a> <\/strong><\/h4>\n<\/td>\n<\/tr>\n<\/tbody>\n<\/table>\n<p>&nbsp;<\/p>\n<p>&nbsp;<\/p>\n<table width=\"566\" cellspacing=\"0\" cellpadding=\"7\">\n<colgroup>\n<col width=\"550\"> <\/colgroup>\n<tbody>\n<tr>\n<td valign=\"top\" bgcolor=\"#a8d08d\">\n<h4 style=\"text-align: center\"><strong><a href=\"https:\/\/blogsaverroes.juntadeandalucia.es\/iesseneca\/files\/2021\/10\/ERASMUS.pdf\">ERASMUS+<\/a><\/strong><\/h4>\n<\/td>\n<\/tr>\n<\/tbody>\n<\/table>\n","protected":false},"excerpt":{"rendered":"<p>La Formaci\u00f3n Profesional DUAL es una modalidad de ense\u00f1anza, en la que la formaci\u00f3n es compartida por el Centro Educativo y la Empresa. La evaluaci\u00f3n ha de realizarla el profesorado con atribuci\u00f3n docente, aunque&#46;&#46;&#46;<\/p>\n","protected":false},"author":11434,"featured_media":0,"parent":44,"menu_order":0,"comment_status":"closed","ping_status":"closed","template":"","meta":{"ngg_post_thumbnail":0,"footnotes":"","_mc_calendar":[]},"aioseo_notices":[],"_links":{"self":[{"href":"https:\/\/blogsaverroes.juntadeandalucia.es\/iesseneca\/wp-json\/wp\/v2\/pages\/2926"}],"collection":[{"href":"https:\/\/blogsaverroes.juntadeandalucia.es\/iesseneca\/wp-json\/wp\/v2\/pages"}],"about":[{"href":"https:\/\/blogsaverroes.juntadeandalucia.es\/iesseneca\/wp-json\/wp\/v2\/types\/page"}],"author":[{"embeddable":true,"href":"https:\/\/blogsaverroes.juntadeandalucia.es\/iesseneca\/wp-json\/wp\/v2\/users\/11434"}],"replies":[{"embeddable":true,"href":"https:\/\/blogsaverroes.juntadeandalucia.es\/iesseneca\/wp-json\/wp\/v2\/comments?post=2926"}],"version-history":[{"count":16,"href":"https:\/\/blogsaverroes.juntadeandalucia.es\/iesseneca\/wp-json\/wp\/v2\/pages\/2926\/revisions"}],"predecessor-version":[{"id":4605,"href":"https:\/\/blogsaverroes.juntadeandalucia.es\/iesseneca\/wp-json\/wp\/v2\/pages\/2926\/revisions\/4605"}],"up":[{"embeddable":true,"href":"https:\/\/blogsaverroes.juntadeandalucia.es\/iesseneca\/wp-json\/wp\/v2\/pages\/44"}],"wp:attachment":[{"href":"https:\/\/blogsaverroes.juntadeandalucia.es\/iesseneca\/wp-json\/wp\/v2\/media?parent=2926"}],"curies":[{"name":"wp","href":"https:\/\/api.w.org\/{rel}","templated":true}]}}