{"id":44,"date":"2015-03-13T08:42:15","date_gmt":"2015-03-13T08:42:15","guid":{"rendered":"http:\/\/blogsaverroes.juntadeandalucia.es\/pre\/ceip\/?page_id=44"},"modified":"2025-12-15T20:51:46","modified_gmt":"2025-12-15T20:51:46","slug":"planes-y-proyectos","status":"publish","type":"page","link":"https:\/\/blogsaverroes.juntadeandalucia.es\/iesseneca\/planes-y-proyectos\/","title":{"rendered":"Planes y Proyectos"},"content":{"rendered":"<p><span style=\"color: #000000\"><a href=\"https:\/\/blogsaverroes.juntadeandalucia.es\/iesseneca\/files\/2015\/03\/planes.png\"><img loading=\"lazy\" decoding=\"async\" class=\" wp-image-1667 alignleft\" src=\"https:\/\/blogsaverroes.juntadeandalucia.es\/iesseneca\/files\/2015\/03\/planes-300x150.png\" alt=\"\" width=\"204\" height=\"102\" srcset=\"https:\/\/blogsaverroes.juntadeandalucia.es\/iesseneca\/files\/2015\/03\/planes-300x150.png 300w, https:\/\/blogsaverroes.juntadeandalucia.es\/iesseneca\/files\/2015\/03\/planes.png 640w\" sizes=\"(max-width: 204px) 100vw, 204px\" \/><\/a><\/span><\/p>\n<p style=\"font-weight: 400;text-align: justify\">De acuerdo con la <strong>Resoluci\u00f3n de 01 de septiembre de 2025<\/strong>&nbsp;de la Consejer\u00eda de Desarrollo Educativo y Formaci\u00f3n Profesional (por la que se articula la integraci\u00f3n y unificaci\u00f3n de Programas Educativos), y en cumplimiento de la normativa auton\u00f3mica vigente, les informamos sobre los distintos Planes y Proyectos que se desarrollar\u00e1n en nuestro centro durante el curso acad\u00e9mico 2025-2026.<\/p>\n<p style=\"font-weight: 400\">&nbsp;<\/p>\n<h3>1. Planes con Participaci\u00f3n de Oficio<\/h3>\n<p style=\"font-weight: 400;text-align: justify\">La participaci\u00f3n en estos programas se determina autom\u00e1ticamente por la Consejer\u00eda de Desarrollo Educativo y Formaci\u00f3n Profesional, lo que implica que&nbsp;<strong>todos los centros educativos<\/strong>&nbsp;desarrollan acciones en estas l\u00edneas estrat\u00e9gicas. Su objetivo es asegurar la implementaci\u00f3n de pol\u00edticas educativas fundamentales para toda la comunidad.<\/p>\n<p style=\"font-weight: 400\">Plan \/ Programa&nbsp;&nbsp;&nbsp;&nbsp;&nbsp;&nbsp;&nbsp;&nbsp;&nbsp;&nbsp;&nbsp;&nbsp;&nbsp;&nbsp; Eje de Actuaci\u00f3n Principal<\/p>\n<p style=\"font-weight: 400;text-align: justify\"><strong>Bienestar Emocional<\/strong>&nbsp;&nbsp;&nbsp;&nbsp;&nbsp; Promover entornos educativos saludables, el bienestar f\u00edsico y emocional, y la convivencia positiva.<\/p>\n<p style=\"font-weight: 400;text-align: justify\"><strong>Bibliotecas Escolares<\/strong>&nbsp;&nbsp;&nbsp;&nbsp; Fomentar la lectura, la alfabetizaci\u00f3n informacional y el uso de la biblioteca como centro de recursos.<\/p>\n<p style=\"font-weight: 400;text-align: justify\"><strong>Escuela C\u00f3digo 4.0 y Plan de Actuaci\u00f3n Digital<\/strong>&nbsp; &nbsp; Impulsar la competencia digital, la alfabetizaci\u00f3n medi\u00e1tica y el uso responsable de las nuevas tecnolog\u00edas.<\/p>\n<p style=\"font-weight: 400;text-align: justify\"><strong>Plan de Igualdad de G\u00e9nero<\/strong> en Educaci\u00f3n de Andaluc\u00eda&nbsp; &nbsp; &nbsp; &nbsp;Desarrollar acciones para la coeducaci\u00f3n, la prevenci\u00f3n de la violencia de g\u00e9nero y la promoci\u00f3n de la igualdad real.<\/p>\n<p style=\"font-weight: 400\">&nbsp;<\/p>\n<h3>2. Planes\/Proyectos de Convocatoria General (Adhesi\u00f3n Abierta)<\/h3>\n<p style=\"font-weight: 400;text-align: justify\">Son aquellos programas a los que el centro se adhiere mediante un proceso de inscripci\u00f3n en una convocatoria abierta a todos los centros.<\/p>\n<p style=\"font-weight: 400;text-align: justify\"><strong>Plan de Pluriling\u00fcismo (Alem\u00e1n) <\/strong><\/p>\n<p style=\"font-weight: 400;text-align: justify\">Fomenta el conocimiento de lenguas extranjeras y el desarrollo de la competencia pluriling\u00fce. Nuestro centro desarrolla el&nbsp;<strong>programa biling\u00fce en alem\u00e1n<\/strong>, impartiendo asignaturas no ling\u00fc\u00edsticas en este idioma.<\/p>\n<p style=\"font-weight: 400;text-align: justify\"><strong>Programa ALDEA&nbsp;<\/strong><\/p>\n<p style=\"font-weight: 400;text-align: justify\">Es un programa de Educaci\u00f3n Ambiental para el Desarrollo Sostenible. Permite desarrollar proyectos de sensibilizaci\u00f3n y acci\u00f3n sobre tem\u00e1ticas como el cambio global, el reciclaje o la biodiversidad.<\/p>\n<p style=\"font-weight: 400;text-align: justify\"><strong>Comunica&nbsp;<\/strong><\/p>\n<p style=\"font-weight: 400;text-align: justify\">Fomenta el uso de los medios de comunicaci\u00f3n social y las tecnolog\u00edas de la informaci\u00f3n en el desarrollo de la competencia ling\u00fc\u00edstica y comunicativa del alumnado.<\/p>\n<p style=\"font-weight: 400;text-align: justify\"><strong>Emprendimiento Educativo&nbsp;<\/strong><\/p>\n<p style=\"font-weight: 400;text-align: justify\">Impulsa el desarrollo de habilidades emprendedoras, la creatividad, la iniciativa personal y la educaci\u00f3n financiera entre los estudiantes.<\/p>\n<p style=\"font-weight: 400;text-align: justify\"><strong>H\u00e1bitos de Vida Saludable&nbsp;<\/strong><\/p>\n<p style=\"font-weight: 400;text-align: justify\">Promueve en el alumnado la adopci\u00f3n de pautas de comportamiento que favorezcan una alimentaci\u00f3n equilibrada, la pr\u00e1ctica de actividad f\u00edsica y el bienestar emocional.<\/p>\n<p style=\"font-weight: 400;text-align: justify\"><strong>Pr\u00e1cticum de Secundaria&nbsp;<\/strong><\/p>\n<p style=\"font-weight: 400;text-align: justify\">Facilita la estancia de alumnado universitario en pr\u00e1cticas en el centro, enriqueciendo la formaci\u00f3n del futuro profesorado y la actividad docente del propio centro.<\/p>\n<p style=\"font-weight: 400;text-align: justify\"><strong>Programas Culturales&nbsp;<\/strong><\/p>\n<p style=\"font-weight: 400;text-align: justify\">Incluye diversas iniciativas para acercar al alumnado al patrimonio, las artes, el flamenco y otras manifestaciones culturales, fomentando el conocimiento del entorno andaluz.<\/p>\n<p style=\"font-weight: 400;text-align: justify\"><strong>STEM&nbsp;<\/strong><\/p>\n<p style=\"font-weight: 400;text-align: justify\">Fomenta las vocaciones en las \u00e1reas de Ciencia, Tecnolog\u00eda, Ingenier\u00eda y Matem\u00e1ticas, a trav\u00e9s de metodolog\u00edas activas y la resoluci\u00f3n de retos.<\/p>\n<p style=\"font-weight: 400;text-align: justify\"><strong>Red Andaluza Escuela: Espacio de Paz&nbsp;<\/strong><\/p>\n<p style=\"font-weight: 400;text-align: justify\">Coordina las actuaciones del centro destinadas a mejorar la convivencia escolar, promover la cultura de paz, la no violencia y la gesti\u00f3n positiva de conflictos.<\/p>\n<p>&nbsp;<\/p>\n<h3>3. Planes y Proyectos con convocatoria espec\u00edfica<\/h3>\n<p style=\"font-weight: 400;text-align: justify\"><strong>PROA+ transf\u00f3rmate<\/strong><\/p>\n<p style=\"font-weight: 400;text-align: justify\">Su finalidad es reducir el abandono escolar temprano, mejorar los resultados acad\u00e9micos del alumnado m\u00e1s vulnerable y&nbsp;<strong>transformar<\/strong>&nbsp;la pr\u00e1ctica docente y la organizaci\u00f3n del centro para lograr una mayor equidad e inclusi\u00f3n educativa.&nbsp;<\/p>\n<p style=\"font-weight: 400;text-align: justify\"><strong>Programa Erasmus+ y Movilidad Escolar&nbsp;<\/strong><\/p>\n<p style=\"font-weight: 400;text-align: justify\">Permite al profesorado y al alumnado participar en&nbsp;<strong>intercambios<\/strong>&nbsp;y movilidades internacionales con centros de la Uni\u00f3n Europea. Su objetivo es mejorar la competencia ling\u00fc\u00edstica, la conciencia cultural y la adquisici\u00f3n de habilidades para la ciudadan\u00eda global.<\/p>\n<p style=\"font-weight: 400;text-align: justify\">En el siguiente enlace pueden consultarse los v\u00eddeos de difusi\u00f3n que documentan las actividades realizadas por los planes y proyectos del centro durante el curso 2024-2025.<\/p>\n<p style=\"font-weight: 400\">&nbsp;<strong><a href=\"https:\/\/view.genially.com\/684a90932ea36823dc4678d3\" data-saferedirecturl=\"https:\/\/www.google.com\/url?q=https:\/\/view.genially.com\/684a90932ea36823dc4678d3&amp;source=gmail&amp;ust=1765902595446000&amp;usg=AOvVaw3dCslsgVN2ggBqRMIvC4Up\">Planes y proyectos 2024-2025<\/a><\/strong><\/p>\n<p>&nbsp;<\/p>\n<div class=\"pt-cv-wrapper\"><div class=\"pt-cv-view pt-cv-grid pt-cv-colsys\" id=\"pt-cv-view-3d39a39izj\"><div data-id=\"pt-cv-page-1\" class=\"pt-cv-page\" data-cvc=\"2\"><div class=\"col-md-6 col-sm-6 col-xs-12 pt-cv-content-item pt-cv-1-col\" ><div class='pt-cv-ifield'><a href=\"https:\/\/blogsaverroes.juntadeandalucia.es\/iesseneca\/8-de-marzo-dia-internacional-de-la-mujer\/\" class=\"_self pt-cv-href-thumbnail pt-cv-thumb-default\" target=\"_self\" ><img loading=\"lazy\" decoding=\"async\" width=\"300\" height=\"126\" src=\"https:\/\/blogsaverroes.juntadeandalucia.es\/iesseneca\/files\/2021\/03\/unnamed-300x126.jpeg\" class=\"pt-cv-thumbnail\" alt=\"\" srcset=\"https:\/\/blogsaverroes.juntadeandalucia.es\/iesseneca\/files\/2021\/03\/unnamed-300x126.jpeg 300w, https:\/\/blogsaverroes.juntadeandalucia.es\/iesseneca\/files\/2021\/03\/unnamed.jpeg 512w\" sizes=\"(max-width: 300px) 100vw, 300px\" \/><\/a>\n<h4 class=\"pt-cv-title\"><a href=\"https:\/\/blogsaverroes.juntadeandalucia.es\/iesseneca\/8-de-marzo-dia-internacional-de-la-mujer\/\" class=\"_self\" target=\"_self\" >8 de marzo, D\u00eda Internacional de la Mujer<\/a><\/h4>\n<div class=\"pt-cv-content\">A toda la comunidad educativa Hoy es d\u00eda 8 de marzo, D\u00eda Internacional de la Mujer. Con este motivo, y ...<br \/><div class=\"pt-cv-rmwrap\"><a href=\"https:\/\/blogsaverroes.juntadeandalucia.es\/iesseneca\/8-de-marzo-dia-internacional-de-la-mujer\/\" class=\"_self pt-cv-readmore btn btn-success\" target=\"_self\">Leer M\u00e1s<\/a><\/div><\/div><\/div><\/div><\/div><\/div><\/div>\n","protected":false},"excerpt":{"rendered":"<p>De acuerdo con la Resoluci\u00f3n de 01 de septiembre de 2025&nbsp;de la Consejer\u00eda de Desarrollo Educativo y Formaci\u00f3n Profesional (por la que se articula la integraci\u00f3n y unificaci\u00f3n de Programas Educativos), y en cumplimiento&#46;&#46;&#46;<\/p>\n","protected":false},"author":1,"featured_media":0,"parent":0,"menu_order":0,"comment_status":"open","ping_status":"closed","template":"page-templates\/child-menu.php","meta":{"ngg_post_thumbnail":0,"footnotes":"","_mc_calendar":[]},"aioseo_notices":[],"_links":{"self":[{"href":"https:\/\/blogsaverroes.juntadeandalucia.es\/iesseneca\/wp-json\/wp\/v2\/pages\/44"}],"collection":[{"href":"https:\/\/blogsaverroes.juntadeandalucia.es\/iesseneca\/wp-json\/wp\/v2\/pages"}],"about":[{"href":"https:\/\/blogsaverroes.juntadeandalucia.es\/iesseneca\/wp-json\/wp\/v2\/types\/page"}],"author":[{"embeddable":true,"href":"https:\/\/blogsaverroes.juntadeandalucia.es\/iesseneca\/wp-json\/wp\/v2\/users\/1"}],"replies":[{"embeddable":true,"href":"https:\/\/blogsaverroes.juntadeandalucia.es\/iesseneca\/wp-json\/wp\/v2\/comments?post=44"}],"version-history":[{"count":19,"href":"https:\/\/blogsaverroes.juntadeandalucia.es\/iesseneca\/wp-json\/wp\/v2\/pages\/44\/revisions"}],"predecessor-version":[{"id":6765,"href":"https:\/\/blogsaverroes.juntadeandalucia.es\/iesseneca\/wp-json\/wp\/v2\/pages\/44\/revisions\/6765"}],"wp:attachment":[{"href":"https:\/\/blogsaverroes.juntadeandalucia.es\/iesseneca\/wp-json\/wp\/v2\/media?parent=44"}],"curies":[{"name":"wp","href":"https:\/\/api.w.org\/{rel}","templated":true}]}}