{"id":4537,"date":"2021-10-13T15:01:51","date_gmt":"2021-10-13T15:01:51","guid":{"rendered":"https:\/\/blogsaverroes.juntadeandalucia.es\/iesseneca\/?page_id=4537"},"modified":"2022-03-17T19:33:10","modified_gmt":"2022-03-17T19:33:10","slug":"criterios-de-promocion","status":"publish","type":"page","link":"https:\/\/blogsaverroes.juntadeandalucia.es\/iesseneca\/orientacion-2\/criterios-de-promocion\/","title":{"rendered":"Criterios de Promoci\u00f3n y Titulaci\u00f3n"},"content":{"rendered":"<p style=\"text-align: justify\"><span style=\"color: #000000\">Criterios de Evaluaci\u00f3n, Promoci\u00f3n y Titulaci\u00f3n de ESO y Bachillerato con la normativa de referencia:<\/span><\/p>\n<p><strong><a href=\"https:\/\/blogsaverroes.juntadeandalucia.es\/iesseneca\/files\/2022\/03\/PROMOCIO\u0301N-TITULACIO\u0301N-CURSO-21-22.ppt\">PROMOCIO\u0301N TITULACIO\u0301N CURSO 21-22<\/a><\/strong><\/p>\n<p>&nbsp;<\/p>\n","protected":false},"excerpt":{"rendered":"<p>Criterios de Evaluaci\u00f3n, Promoci\u00f3n y Titulaci\u00f3n de ESO y Bachillerato con la normativa de referencia: PROMOCIO\u0301N TITULACIO\u0301N CURSO 21-22 &nbsp;<\/p>\n","protected":false},"author":11434,"featured_media":0,"parent":1806,"menu_order":0,"comment_status":"closed","ping_status":"closed","template":"","meta":{"ngg_post_thumbnail":0,"footnotes":"","_mc_calendar":[]},"aioseo_notices":[],"_links":{"self":[{"href":"https:\/\/blogsaverroes.juntadeandalucia.es\/iesseneca\/wp-json\/wp\/v2\/pages\/4537"}],"collection":[{"href":"https:\/\/blogsaverroes.juntadeandalucia.es\/iesseneca\/wp-json\/wp\/v2\/pages"}],"about":[{"href":"https:\/\/blogsaverroes.juntadeandalucia.es\/iesseneca\/wp-json\/wp\/v2\/types\/page"}],"author":[{"embeddable":true,"href":"https:\/\/blogsaverroes.juntadeandalucia.es\/iesseneca\/wp-json\/wp\/v2\/users\/11434"}],"replies":[{"embeddable":true,"href":"https:\/\/blogsaverroes.juntadeandalucia.es\/iesseneca\/wp-json\/wp\/v2\/comments?post=4537"}],"version-history":[{"count":4,"href":"https:\/\/blogsaverroes.juntadeandalucia.es\/iesseneca\/wp-json\/wp\/v2\/pages\/4537\/revisions"}],"predecessor-version":[{"id":4940,"href":"https:\/\/blogsaverroes.juntadeandalucia.es\/iesseneca\/wp-json\/wp\/v2\/pages\/4537\/revisions\/4940"}],"up":[{"embeddable":true,"href":"https:\/\/blogsaverroes.juntadeandalucia.es\/iesseneca\/wp-json\/wp\/v2\/pages\/1806"}],"wp:attachment":[{"href":"https:\/\/blogsaverroes.juntadeandalucia.es\/iesseneca\/wp-json\/wp\/v2\/media?parent=4537"}],"curies":[{"name":"wp","href":"https:\/\/api.w.org\/{rel}","templated":true}]}}