{"id":4667,"date":"2021-11-18T14:49:55","date_gmt":"2021-11-18T14:49:55","guid":{"rendered":"https:\/\/blogsaverroes.juntadeandalucia.es\/iesseneca\/?page_id=4667"},"modified":"2021-11-18T14:49:55","modified_gmt":"2021-11-18T14:49:55","slug":"programacion","status":"publish","type":"page","link":"https:\/\/blogsaverroes.juntadeandalucia.es\/iesseneca\/aleman\/programacion\/","title":{"rendered":"Programaci\u00f3n"},"content":{"rendered":"<p>Programaci\u00f3n de Alem\u00e1n para el curso 21-22:<\/p>\n<p><strong><a href=\"https:\/\/blogsaverroes.juntadeandalucia.es\/iesseneca\/files\/2021\/11\/PROGRAMACIO\u0301N-DE-ALEMA\u0301N-21-22.pdf\">PROGRAMACIO\u0301N ALEM\u00c1N<\/a><\/strong><\/p>\n","protected":false},"excerpt":{"rendered":"<p>Programaci\u00f3n de Alem\u00e1n para el curso 21-22: PROGRAMACIO\u0301N ALEM\u00c1N<\/p>\n","protected":false},"author":11434,"featured_media":0,"parent":2552,"menu_order":0,"comment_status":"closed","ping_status":"closed","template":"","meta":{"ngg_post_thumbnail":0,"footnotes":"","_mc_calendar":[]},"aioseo_notices":[],"_links":{"self":[{"href":"https:\/\/blogsaverroes.juntadeandalucia.es\/iesseneca\/wp-json\/wp\/v2\/pages\/4667"}],"collection":[{"href":"https:\/\/blogsaverroes.juntadeandalucia.es\/iesseneca\/wp-json\/wp\/v2\/pages"}],"about":[{"href":"https:\/\/blogsaverroes.juntadeandalucia.es\/iesseneca\/wp-json\/wp\/v2\/types\/page"}],"author":[{"embeddable":true,"href":"https:\/\/blogsaverroes.juntadeandalucia.es\/iesseneca\/wp-json\/wp\/v2\/users\/11434"}],"replies":[{"embeddable":true,"href":"https:\/\/blogsaverroes.juntadeandalucia.es\/iesseneca\/wp-json\/wp\/v2\/comments?post=4667"}],"version-history":[{"count":1,"href":"https:\/\/blogsaverroes.juntadeandalucia.es\/iesseneca\/wp-json\/wp\/v2\/pages\/4667\/revisions"}],"predecessor-version":[{"id":4669,"href":"https:\/\/blogsaverroes.juntadeandalucia.es\/iesseneca\/wp-json\/wp\/v2\/pages\/4667\/revisions\/4669"}],"up":[{"embeddable":true,"href":"https:\/\/blogsaverroes.juntadeandalucia.es\/iesseneca\/wp-json\/wp\/v2\/pages\/2552"}],"wp:attachment":[{"href":"https:\/\/blogsaverroes.juntadeandalucia.es\/iesseneca\/wp-json\/wp\/v2\/media?parent=4667"}],"curies":[{"name":"wp","href":"https:\/\/api.w.org\/{rel}","templated":true}]}}

Programación

<p>Programación de Alemán para el curso 21-22:</p>
<p><strong><a href="https://blogsaverroes.juntadeandalucia.es/iesseneca/files/2021/11/PROGRAMACIÓN-DE-ALEMÁN-21-22.pdf">PROGRAMACIÓN ALEMÁN</a></strong></p>

<p>Programación de Alemán para el curso 21-22: PROGRAMACIÓN ALEMÁN</p>
