{"id":871,"date":"2015-03-16T07:25:46","date_gmt":"2015-03-16T07:25:46","guid":{"rendered":"http:\/\/blogsaverroes.juntadeandalucia.es\/pre\/ceip\/?page_id=106"},"modified":"2025-03-04T12:49:21","modified_gmt":"2025-03-04T12:49:21","slug":"actividades-extraescolares","status":"publish","type":"page","link":"https:\/\/blogsaverroes.juntadeandalucia.es\/iesseneca\/curso-escolar\/actividades-extraescolares\/","title":{"rendered":"Actividades extraescolares"},"content":{"rendered":"<h4><a href=\"https:\/\/blogsaverroes.juntadeandalucia.es\/iesseneca\/files\/2021\/01\/Actividades-Extraescolares-color-escalado.png\"><img loading=\"lazy\" decoding=\"async\" class=\"wp-image-3151 alignleft\" src=\"https:\/\/blogsaverroes.juntadeandalucia.es\/iesseneca\/files\/2021\/01\/Actividades-Extraescolares-color-escalado.png\" alt=\"\" width=\"500\" height=\"111\" srcset=\"https:\/\/blogsaverroes.juntadeandalucia.es\/iesseneca\/files\/2021\/01\/Actividades-Extraescolares-color-escalado.png 1000w, https:\/\/blogsaverroes.juntadeandalucia.es\/iesseneca\/files\/2021\/01\/Actividades-Extraescolares-color-escalado-300x67.png 300w, https:\/\/blogsaverroes.juntadeandalucia.es\/iesseneca\/files\/2021\/01\/Actividades-Extraescolares-color-escalado-768x170.png 768w, https:\/\/blogsaverroes.juntadeandalucia.es\/iesseneca\/files\/2021\/01\/Actividades-Extraescolares-color-escalado-24x5.png 24w, https:\/\/blogsaverroes.juntadeandalucia.es\/iesseneca\/files\/2021\/01\/Actividades-Extraescolares-color-escalado-36x8.png 36w, https:\/\/blogsaverroes.juntadeandalucia.es\/iesseneca\/files\/2021\/01\/Actividades-Extraescolares-color-escalado-48x11.png 48w\" sizes=\"(max-width: 500px) 100vw, 500px\" \/><\/a><\/h4>\n<p>&nbsp;<\/p>\n<p>&nbsp;<\/p>\n<p>&nbsp;<\/p>\n<p>&nbsp;<\/p>\n<p style=\"text-align: justify\">El Departamento de Actividades Extraescolares o DACE del IES S\u00e9neca coordina todas las l\u00edneas de trabajo de cada departamento que buscan completar con otra \u00f3ptica m\u00e1s l\u00fadica, creativa o de convivencia los contenidos acad\u00e9micos que habitualmente se imparten. Ilusi\u00f3n y muchas ideas no faltan: pintura mural, carteles y l\u00e1minas nos recuerdan la importancia de la ciencia, la paz, la solidaridad y otros temas que nos rodean. Todo el personal del centro colabora en facilitar la tarea, comparte iniciativas y disfruta del trabajo bien hecho. Las pinturas murales y muchos de los carteles sobre Ciencia, Flamenco u otros temas quedar\u00e1n como permanentes. Otros, sobre Halloween, el d\u00eda de la No Violencia, la Constituci\u00f3n o el d\u00eda de Andaluc\u00eda nos acompa\u00f1ar\u00e1n este curso para dar paso a nuevos trabajos el a\u00f1o pr\u00f3ximo. Con imaginaci\u00f3n y medios telem\u00e1ticos o presenciales se mantendr\u00e1n actividades ya tradicionales como la gymkhana de matem\u00e1ticas, se viajar\u00e1 virtualmente o en persona por la geograf\u00eda y el arte, se asistir\u00e1 tambi\u00e9n de forma virtual a la representaci\u00f3n de fragmentos de tragedias y comedias grecolatinas en teatros romanos y griegos,&nbsp;&nbsp;o a alguna representaci\u00f3n \u00bb in situ \u00bb en un teatro romano, se disfrutar\u00e1 de la poes\u00eda, que ha sido siempre emblema del centro, con la labor atenta del Plan de Biblioteca y los profesores de Lengua y Literatura , que continuamente potencian con actividades diversas la creatividad de los alumnos del S\u00e9neca. Los chicos est\u00e1n compartiendo bailes al aire libre con m\u00fasica\u2026 y muchas otras actividades que se podr\u00e1n disfrutar entrando en esta p\u00e1gina y viendo sus fotos y comentarios. A ello os animamos para captar el esp\u00edritu del S\u00e9neca.<\/p>\n<p><strong><a href=\"https:\/\/blogsaverroes.juntadeandalucia.es\/iesseneca\/files\/2025\/03\/PROGRAMACION-DACE-24-25.pdf\">PROGRAMACI\u00d3N DACE 24-25<\/a><\/strong><\/p>\n<div class=\"pt-cv-wrapper\"><div class=\"pt-cv-view pt-cv-grid pt-cv-colsys\" id=\"pt-cv-view-e46c0e0d29\"><div data-id=\"pt-cv-page-1\" class=\"pt-cv-page\" data-cvc=\"2\"><div class=\"col-md-6 col-sm-6 col-xs-12 pt-cv-content-item pt-cv-1-col\" ><div class='pt-cv-ifield'><a href=\"https:\/\/blogsaverroes.juntadeandalucia.es\/iesseneca\/conferencia-ingenieria-de-materiales\/\" class=\"_self pt-cv-href-thumbnail pt-cv-thumb-default\" target=\"_self\" ><img loading=\"lazy\" decoding=\"async\" width=\"300\" height=\"180\" src=\"https:\/\/blogsaverroes.juntadeandalucia.es\/iesseneca\/files\/2022\/02\/Captura-de-pantalla-2022-02-26-a-las-13.51.55-300x180.png\" class=\"pt-cv-thumbnail\" alt=\"\" srcset=\"https:\/\/blogsaverroes.juntadeandalucia.es\/iesseneca\/files\/2022\/02\/Captura-de-pantalla-2022-02-26-a-las-13.51.55-300x180.png 300w, https:\/\/blogsaverroes.juntadeandalucia.es\/iesseneca\/files\/2022\/02\/Captura-de-pantalla-2022-02-26-a-las-13.51.55-1024x616.png 1024w, https:\/\/blogsaverroes.juntadeandalucia.es\/iesseneca\/files\/2022\/02\/Captura-de-pantalla-2022-02-26-a-las-13.51.55-768x462.png 768w, https:\/\/blogsaverroes.juntadeandalucia.es\/iesseneca\/files\/2022\/02\/Captura-de-pantalla-2022-02-26-a-las-13.51.55.png 1221w\" sizes=\"(max-width: 300px) 100vw, 300px\" \/><\/a>\n<h4 class=\"pt-cv-title\"><a href=\"https:\/\/blogsaverroes.juntadeandalucia.es\/iesseneca\/conferencia-ingenieria-de-materiales\/\" class=\"_self\" target=\"_self\" >Conferencia \u00abIngenier\u00eda de materiales\u00bb<\/a><\/h4>\n<div class=\"pt-cv-content\">Conferencia el 24 de febrero en el Sal\u00f3n de Actos del profesor de la Universidad Carlos III, D. Carlos Romero ...<br \/><div class=\"pt-cv-rmwrap\"><a href=\"https:\/\/blogsaverroes.juntadeandalucia.es\/iesseneca\/conferencia-ingenieria-de-materiales\/\" class=\"_self pt-cv-readmore btn btn-success\" target=\"_self\">Leer M\u00e1s<\/a><\/div><\/div><\/div><\/div>\n<div class=\"col-md-6 col-sm-6 col-xs-12 pt-cv-content-item pt-cv-1-col\" ><div class='pt-cv-ifield'><a href=\"https:\/\/blogsaverroes.juntadeandalucia.es\/iesseneca\/conferencia-cordoba-y-el-aceite-de-oliva-virgen-extra-dos-historias-paralelas\/\" class=\"_self pt-cv-href-thumbnail pt-cv-thumb-default\" target=\"_self\" ><img loading=\"lazy\" decoding=\"async\" width=\"300\" height=\"185\" src=\"https:\/\/blogsaverroes.juntadeandalucia.es\/iesseneca\/files\/2022\/02\/Captura-de-pantalla-2022-02-23-a-las-18.53.13-300x185.png\" class=\"pt-cv-thumbnail\" alt=\"\" srcset=\"https:\/\/blogsaverroes.juntadeandalucia.es\/iesseneca\/files\/2022\/02\/Captura-de-pantalla-2022-02-23-a-las-18.53.13-300x185.png 300w, https:\/\/blogsaverroes.juntadeandalucia.es\/iesseneca\/files\/2022\/02\/Captura-de-pantalla-2022-02-23-a-las-18.53.13-1024x630.png 1024w, https:\/\/blogsaverroes.juntadeandalucia.es\/iesseneca\/files\/2022\/02\/Captura-de-pantalla-2022-02-23-a-las-18.53.13-768x472.png 768w, https:\/\/blogsaverroes.juntadeandalucia.es\/iesseneca\/files\/2022\/02\/Captura-de-pantalla-2022-02-23-a-las-18.53.13.png 1237w\" sizes=\"(max-width: 300px) 100vw, 300px\" \/><\/a>\n<h4 class=\"pt-cv-title\"><a href=\"https:\/\/blogsaverroes.juntadeandalucia.es\/iesseneca\/conferencia-cordoba-y-el-aceite-de-oliva-virgen-extra-dos-historias-paralelas\/\" class=\"_self\" target=\"_self\" >Conferencia \u00abC\u00f3rdoba y el aceite de oliva virgen extra: dos historias paralelas\u00bb<\/a><\/h4>\n<div class=\"pt-cv-content\">El mi\u00e9rcoles 23 de febrero se celebr\u00f3 en el sal\u00f3n de actos una charla con el t\u00edtulo \"C\u00f3rdoba y el ...<br \/><div class=\"pt-cv-rmwrap\"><a href=\"https:\/\/blogsaverroes.juntadeandalucia.es\/iesseneca\/conferencia-cordoba-y-el-aceite-de-oliva-virgen-extra-dos-historias-paralelas\/\" class=\"_self pt-cv-readmore btn btn-success\" target=\"_self\">Leer M\u00e1s<\/a><\/div><\/div><\/div><\/div>\n<div class=\"col-md-6 col-sm-6 col-xs-12 pt-cv-content-item pt-cv-1-col\" ><div class='pt-cv-ifield'><a href=\"https:\/\/blogsaverroes.juntadeandalucia.es\/iesseneca\/dia-de-la-paz-exposicion-los-ninos-de-la-guerra\/\" class=\"_self pt-cv-href-thumbnail pt-cv-thumb-default\" target=\"_self\" ><img loading=\"lazy\" decoding=\"async\" width=\"300\" height=\"210\" src=\"https:\/\/blogsaverroes.juntadeandalucia.es\/iesseneca\/files\/2022\/02\/273204901_769932324409643_5068581390566127893_n-300x210.jpg\" class=\"pt-cv-thumbnail\" alt=\"\" srcset=\"https:\/\/blogsaverroes.juntadeandalucia.es\/iesseneca\/files\/2022\/02\/273204901_769932324409643_5068581390566127893_n-300x210.jpg 300w, https:\/\/blogsaverroes.juntadeandalucia.es\/iesseneca\/files\/2022\/02\/273204901_769932324409643_5068581390566127893_n-1024x718.jpg 1024w, https:\/\/blogsaverroes.juntadeandalucia.es\/iesseneca\/files\/2022\/02\/273204901_769932324409643_5068581390566127893_n-768x539.jpg 768w, https:\/\/blogsaverroes.juntadeandalucia.es\/iesseneca\/files\/2022\/02\/273204901_769932324409643_5068581390566127893_n.jpg 1393w\" sizes=\"(max-width: 300px) 100vw, 300px\" \/><\/a>\n<h4 class=\"pt-cv-title\"><a href=\"https:\/\/blogsaverroes.juntadeandalucia.es\/iesseneca\/dia-de-la-paz-exposicion-los-ninos-de-la-guerra\/\" class=\"_self\" target=\"_self\" >D\u00eda de la Paz: Exposici\u00f3n \u201cLos ni\u00f1os de la guerra\u201d<\/a><\/h4>\n<div class=\"pt-cv-content\">La exposici\u00f3n \u201cLos ni\u00f1os de la guerra\u201d cedida por la Excma Diputaci\u00f3n de C\u00f3rdoba hace un recorrido por la situaci\u00f3n ...<br \/><div class=\"pt-cv-rmwrap\"><a href=\"https:\/\/blogsaverroes.juntadeandalucia.es\/iesseneca\/dia-de-la-paz-exposicion-los-ninos-de-la-guerra\/\" class=\"_self pt-cv-readmore btn btn-success\" target=\"_self\">Leer M\u00e1s<\/a><\/div><\/div><\/div><\/div>\n<div class=\"col-md-6 col-sm-6 col-xs-12 pt-cv-content-item pt-cv-1-col\" ><div class='pt-cv-ifield'><a href=\"https:\/\/blogsaverroes.juntadeandalucia.es\/iesseneca\/exposicion-muchas-formas-de-ser-hombre\/\" class=\"_self pt-cv-href-thumbnail pt-cv-thumb-default\" target=\"_self\" ><img loading=\"lazy\" decoding=\"async\" width=\"300\" height=\"167\" src=\"https:\/\/blogsaverroes.juntadeandalucia.es\/iesseneca\/files\/2022\/01\/Captura-de-pantalla-2022-01-17-a-las-18.27.34-300x167.png\" class=\"pt-cv-thumbnail\" alt=\"\" srcset=\"https:\/\/blogsaverroes.juntadeandalucia.es\/iesseneca\/files\/2022\/01\/Captura-de-pantalla-2022-01-17-a-las-18.27.34-300x167.png 300w, https:\/\/blogsaverroes.juntadeandalucia.es\/iesseneca\/files\/2022\/01\/Captura-de-pantalla-2022-01-17-a-las-18.27.34-1024x570.png 1024w, https:\/\/blogsaverroes.juntadeandalucia.es\/iesseneca\/files\/2022\/01\/Captura-de-pantalla-2022-01-17-a-las-18.27.34-768x427.png 768w, https:\/\/blogsaverroes.juntadeandalucia.es\/iesseneca\/files\/2022\/01\/Captura-de-pantalla-2022-01-17-a-las-18.27.34.png 1172w\" sizes=\"(max-width: 300px) 100vw, 300px\" \/><\/a>\n<h4 class=\"pt-cv-title\"><a href=\"https:\/\/blogsaverroes.juntadeandalucia.es\/iesseneca\/exposicion-muchas-formas-de-ser-hombre\/\" class=\"_self\" target=\"_self\" >Exposici\u00f3n \u00abMuchas formas de ser hombre\u00bb<\/a><\/h4>\n<div class=\"pt-cv-content\">A partir del lunes pr\u00f3ximo podemos visitar en nuestro Sal\u00f3n de actos la exposici\u00f3n \"Muchas formas de ser hombre\" creada ...<br \/><div class=\"pt-cv-rmwrap\"><a href=\"https:\/\/blogsaverroes.juntadeandalucia.es\/iesseneca\/exposicion-muchas-formas-de-ser-hombre\/\" class=\"_self pt-cv-readmore btn btn-success\" target=\"_self\">Leer M\u00e1s<\/a><\/div><\/div><\/div><\/div>\n<div class=\"col-md-6 col-sm-6 col-xs-12 pt-cv-content-item pt-cv-1-col\" ><div class='pt-cv-ifield'><a href=\"https:\/\/blogsaverroes.juntadeandalucia.es\/iesseneca\/25-n-dia-internacional-de-la-eliminacion-de-la-violencia-contra-la-mujer\/\" class=\"_self pt-cv-href-thumbnail pt-cv-thumb-default\" target=\"_self\" ><img loading=\"lazy\" decoding=\"async\" width=\"300\" height=\"135\" src=\"https:\/\/blogsaverroes.juntadeandalucia.es\/iesseneca\/files\/2021\/11\/WhatsApp-Image-2021-11-25-at-12.56.20-300x135.jpeg\" class=\"pt-cv-thumbnail\" alt=\"\" srcset=\"https:\/\/blogsaverroes.juntadeandalucia.es\/iesseneca\/files\/2021\/11\/WhatsApp-Image-2021-11-25-at-12.56.20-300x135.jpeg 300w, https:\/\/blogsaverroes.juntadeandalucia.es\/iesseneca\/files\/2021\/11\/WhatsApp-Image-2021-11-25-at-12.56.20-1024x462.jpeg 1024w, https:\/\/blogsaverroes.juntadeandalucia.es\/iesseneca\/files\/2021\/11\/WhatsApp-Image-2021-11-25-at-12.56.20-768x346.jpeg 768w, https:\/\/blogsaverroes.juntadeandalucia.es\/iesseneca\/files\/2021\/11\/WhatsApp-Image-2021-11-25-at-12.56.20-1536x692.jpeg 1536w, https:\/\/blogsaverroes.juntadeandalucia.es\/iesseneca\/files\/2021\/11\/WhatsApp-Image-2021-11-25-at-12.56.20.jpeg 1600w\" sizes=\"(max-width: 300px) 100vw, 300px\" \/><\/a>\n<h4 class=\"pt-cv-title\"><a href=\"https:\/\/blogsaverroes.juntadeandalucia.es\/iesseneca\/25-n-dia-internacional-de-la-eliminacion-de-la-violencia-contra-la-mujer\/\" class=\"_self\" target=\"_self\" >25-N D\u00eda Internacional de la Eliminaci\u00f3n de la Violencia contra la Mujer<\/a><\/h4>\n<div class=\"pt-cv-content\">Hoy jueves 25 de noviembre se celebra el D\u00eda Internacional de la Eliminaci\u00f3n de la Violencia hacia las Mujeres. A ...<br \/><div class=\"pt-cv-rmwrap\"><a href=\"https:\/\/blogsaverroes.juntadeandalucia.es\/iesseneca\/25-n-dia-internacional-de-la-eliminacion-de-la-violencia-contra-la-mujer\/\" class=\"_self pt-cv-readmore btn btn-success\" target=\"_self\">Leer M\u00e1s<\/a><\/div><\/div><\/div><\/div>\n<div class=\"col-md-6 col-sm-6 col-xs-12 pt-cv-content-item pt-cv-1-col\" ><div class='pt-cv-ifield'><a href=\"https:\/\/blogsaverroes.juntadeandalucia.es\/iesseneca\/dia-de-las-escritoras\/\" class=\"_self pt-cv-href-thumbnail pt-cv-thumb-default\" target=\"_self\" ><img loading=\"lazy\" decoding=\"async\" width=\"288\" height=\"175\" src=\"https:\/\/blogsaverroes.juntadeandalucia.es\/iesseneca\/files\/2021\/10\/Di\u0301a-de-las-Escritoras.jpg\" class=\"pt-cv-thumbnail\" alt=\"\" \/><\/a>\n<h4 class=\"pt-cv-title\"><a href=\"https:\/\/blogsaverroes.juntadeandalucia.es\/iesseneca\/dia-de-las-escritoras\/\" class=\"_self\" target=\"_self\" >D\u00eda de las escritoras<\/a><\/h4>\n<div class=\"pt-cv-content\">El pasado lunes, 18 de octubre, la Biblioteca Nacional celebr\u00f3 el VI D\u00eda de las Escritoras. Esta edici\u00f3n ha tenido ...<br \/><div class=\"pt-cv-rmwrap\"><a href=\"https:\/\/blogsaverroes.juntadeandalucia.es\/iesseneca\/dia-de-las-escritoras\/\" class=\"_self pt-cv-readmore btn btn-success\" target=\"_self\">Leer M\u00e1s<\/a><\/div><\/div><\/div><\/div>\n<div class=\"col-md-6 col-sm-6 col-xs-12 pt-cv-content-item pt-cv-1-col\" ><div class='pt-cv-ifield'><a href=\"https:\/\/blogsaverroes.juntadeandalucia.es\/iesseneca\/graduacion-de-2o-bachillerato-junio-2021\/\" class=\"_self pt-cv-href-thumbnail pt-cv-thumb-default\" target=\"_self\" ><img loading=\"lazy\" decoding=\"async\" width=\"300\" height=\"200\" src=\"https:\/\/blogsaverroes.juntadeandalucia.es\/iesseneca\/files\/2021\/10\/seneca-1-turno-17-300x200.jpg\" class=\"pt-cv-thumbnail\" alt=\"\" srcset=\"https:\/\/blogsaverroes.juntadeandalucia.es\/iesseneca\/files\/2021\/10\/seneca-1-turno-17-300x200.jpg 300w, https:\/\/blogsaverroes.juntadeandalucia.es\/iesseneca\/files\/2021\/10\/seneca-1-turno-17-1024x683.jpg 1024w, https:\/\/blogsaverroes.juntadeandalucia.es\/iesseneca\/files\/2021\/10\/seneca-1-turno-17-768x512.jpg 768w, https:\/\/blogsaverroes.juntadeandalucia.es\/iesseneca\/files\/2021\/10\/seneca-1-turno-17-1536x1024.jpg 1536w, https:\/\/blogsaverroes.juntadeandalucia.es\/iesseneca\/files\/2021\/10\/seneca-1-turno-17-2048x1365.jpg 2048w, https:\/\/blogsaverroes.juntadeandalucia.es\/iesseneca\/files\/2021\/10\/seneca-1-turno-17-scaled.jpg 1600w\" sizes=\"(max-width: 300px) 100vw, 300px\" \/><\/a>\n<h4 class=\"pt-cv-title\"><a href=\"https:\/\/blogsaverroes.juntadeandalucia.es\/iesseneca\/graduacion-de-2o-bachillerato-junio-2021\/\" class=\"_self\" target=\"_self\" >Graduaci\u00f3n de 2\u00ba Bachillerato Junio 2021<\/a><\/h4>\n<div class=\"pt-cv-content\">Estimados padres y antiguos alumnos, en primer lugar en nombre del AMPA y fundamentalmente en el m\u00edo propio, que he ...<br \/><div class=\"pt-cv-rmwrap\"><a href=\"https:\/\/blogsaverroes.juntadeandalucia.es\/iesseneca\/graduacion-de-2o-bachillerato-junio-2021\/\" class=\"_self pt-cv-readmore btn btn-success\" target=\"_self\">Leer M\u00e1s<\/a><\/div><\/div><\/div><\/div>\n<div class=\"col-md-6 col-sm-6 col-xs-12 pt-cv-content-item pt-cv-1-col\" ><div class='pt-cv-ifield'><a href=\"https:\/\/blogsaverroes.juntadeandalucia.es\/iesseneca\/intercambio-con-francia\/\" class=\"_self pt-cv-href-thumbnail pt-cv-thumb-default\" target=\"_self\" ><img loading=\"lazy\" decoding=\"async\" width=\"300\" height=\"138\" src=\"https:\/\/blogsaverroes.juntadeandalucia.es\/iesseneca\/files\/2021\/09\/WhatsApp-Image-2021-09-04-at-12.00.48-300x138.jpeg\" class=\"pt-cv-thumbnail\" alt=\"\" srcset=\"https:\/\/blogsaverroes.juntadeandalucia.es\/iesseneca\/files\/2021\/09\/WhatsApp-Image-2021-09-04-at-12.00.48-300x138.jpeg 300w, https:\/\/blogsaverroes.juntadeandalucia.es\/iesseneca\/files\/2021\/09\/WhatsApp-Image-2021-09-04-at-12.00.48-1024x472.jpeg 1024w, https:\/\/blogsaverroes.juntadeandalucia.es\/iesseneca\/files\/2021\/09\/WhatsApp-Image-2021-09-04-at-12.00.48-768x354.jpeg 768w, https:\/\/blogsaverroes.juntadeandalucia.es\/iesseneca\/files\/2021\/09\/WhatsApp-Image-2021-09-04-at-12.00.48-1536x708.jpeg 1536w, https:\/\/blogsaverroes.juntadeandalucia.es\/iesseneca\/files\/2021\/09\/WhatsApp-Image-2021-09-04-at-12.00.48-980x450.jpeg 980w, https:\/\/blogsaverroes.juntadeandalucia.es\/iesseneca\/files\/2021\/09\/WhatsApp-Image-2021-09-04-at-12.00.48.jpeg 1600w\" sizes=\"(max-width: 300px) 100vw, 300px\" \/><\/a>\n<h4 class=\"pt-cv-title\"><a href=\"https:\/\/blogsaverroes.juntadeandalucia.es\/iesseneca\/intercambio-con-francia\/\" class=\"_self\" target=\"_self\" >Intercambio con Francia<\/a><\/h4>\n<div class=\"pt-cv-content\">Alumnado de 1\u00ba y 2\u00ba de bachillerato, de Franc\u00e9s primer idioma, participa en un Proyecto de movilidad con el Lyc\u00e9e ...<br \/><div class=\"pt-cv-rmwrap\"><a href=\"https:\/\/blogsaverroes.juntadeandalucia.es\/iesseneca\/intercambio-con-francia\/\" class=\"_self pt-cv-readmore btn btn-success\" target=\"_self\">Leer M\u00e1s<\/a><\/div><\/div><\/div><\/div><\/div><\/div><\/div>\n","protected":false},"excerpt":{"rendered":"<p>&nbsp; &nbsp; &nbsp; &nbsp; El Departamento de Actividades Extraescolares o DACE del IES S\u00e9neca coordina todas las l\u00edneas de trabajo de cada departamento que buscan completar con otra \u00f3ptica m\u00e1s l\u00fadica, creativa o de&#46;&#46;&#46;<\/p>\n","protected":false},"author":1,"featured_media":0,"parent":80,"menu_order":0,"comment_status":"open","ping_status":"open","template":"page-templates\/child-menu.php","meta":{"ngg_post_thumbnail":0,"footnotes":"","_mc_calendar":[]},"aioseo_notices":[],"_links":{"self":[{"href":"https:\/\/blogsaverroes.juntadeandalucia.es\/iesseneca\/wp-json\/wp\/v2\/pages\/871"}],"collection":[{"href":"https:\/\/blogsaverroes.juntadeandalucia.es\/iesseneca\/wp-json\/wp\/v2\/pages"}],"about":[{"href":"https:\/\/blogsaverroes.juntadeandalucia.es\/iesseneca\/wp-json\/wp\/v2\/types\/page"}],"author":[{"embeddable":true,"href":"https:\/\/blogsaverroes.juntadeandalucia.es\/iesseneca\/wp-json\/wp\/v2\/users\/1"}],"replies":[{"embeddable":true,"href":"https:\/\/blogsaverroes.juntadeandalucia.es\/iesseneca\/wp-json\/wp\/v2\/comments?post=871"}],"version-history":[{"count":13,"href":"https:\/\/blogsaverroes.juntadeandalucia.es\/iesseneca\/wp-json\/wp\/v2\/pages\/871\/revisions"}],"predecessor-version":[{"id":6394,"href":"https:\/\/blogsaverroes.juntadeandalucia.es\/iesseneca\/wp-json\/wp\/v2\/pages\/871\/revisions\/6394"}],"up":[{"embeddable":true,"href":"https:\/\/blogsaverroes.juntadeandalucia.es\/iesseneca\/wp-json\/wp\/v2\/pages\/80"}],"wp:attachment":[{"href":"https:\/\/blogsaverroes.juntadeandalucia.es\/iesseneca\/wp-json\/wp\/v2\/media?parent=871"}],"curies":[{"name":"wp","href":"https:\/\/api.w.org\/{rel}","templated":true}]}}