{"id":1104,"date":"2023-11-21T22:18:19","date_gmt":"2023-11-21T21:18:19","guid":{"rendered":"https:\/\/blogsaverroes.juntadeandalucia.es\/iessierraalmenara\/?page_id=1104"},"modified":"2024-04-28T20:22:10","modified_gmt":"2024-04-28T19:22:10","slug":"orientacion","status":"publish","type":"page","link":"https:\/\/blogsaverroes.juntadeandalucia.es\/iessierraalmenara\/orientacion\/","title":{"rendered":"Orientaci\u00f3n"},"content":{"rendered":"<p>[et_pb_section fb_built=&#8221;1&#8243; _builder_version=&#8221;4.16&#8243; custom_padding=&#8221;||2px|||&#8221; global_colors_info=&#8221;{}&#8221;][et_pb_row _builder_version=&#8221;4.16&#8243; _module_preset=&#8221;default&#8221; global_colors_info=&#8221;{}&#8221;][et_pb_column type=&#8221;4_4&#8243; _builder_version=&#8221;4.16&#8243; _module_preset=&#8221;default&#8221; global_colors_info=&#8221;{}&#8221;][et_pb_text _builder_version=&#8221;4.24.2&#8243; _module_preset=&#8221;default&#8221; text_text_color=&#8221;#E09900&#8243; background_image=&#8221;https:\/\/blogsaverroes.juntadeandalucia.es\/iessierraalmenara\/files\/2024\/02\/Foto-Instituto-apaisado-scaled.jpg&#8221; parallax=&#8221;on&#8221; hover_enabled=&#8221;0&#8243; text_text_shadow_style=&#8221;preset5&#8243; text_text_shadow_horizontal_length=&#8221;0.13em&#8221; text_text_shadow_vertical_length=&#8221;0.2em&#8221; text_text_shadow_color=&#8221;#000000&#8243; global_colors_info=&#8221;{}&#8221; min_height=&#8221;130.4px&#8221; custom_padding=&#8221;9px|||||&#8221; animation_style=&#8221;bounce&#8221; sticky_enabled=&#8221;0&#8243;]<\/p>\n<p style=\"text-align: center\"><span style=\"font-size: 14pt;font-family: 'comic sans ms', sans-serif;color: #e09900\"><strong>DEPARTAMENTO<\/strong><\/span><\/p>\n<p style=\"text-align: center\"><span style=\"font-size: 14pt;font-family: 'comic sans ms', sans-serif;color: #e09900\"><strong>DE<\/strong><\/span><\/p>\n<p style=\"text-align: center\"><span style=\"font-size: 14pt;font-family: 'comic sans ms', sans-serif;color: #e09900\"><strong>ORIENTACI\u00d3N<\/strong><\/span><\/p>\n<p>[\/et_pb_text][\/et_pb_column][\/et_pb_row][et_pb_row _builder_version=&#8221;4.16&#8243; _module_preset=&#8221;default&#8221; min_height=&#8221;633px&#8221; global_colors_info=&#8221;{}&#8221;][et_pb_column type=&#8221;4_4&#8243; _builder_version=&#8221;4.16&#8243; _module_preset=&#8221;default&#8221; global_colors_info=&#8221;{}&#8221;][et_pb_image src=&#8221;https:\/\/blogsaverroes.juntadeandalucia.es\/iessierraalmenara\/files\/2024\/02\/presentaci\u00f3n-Orientaci\u00f3n-link.png&#8221; title_text=&#8221;presentaci\u00f3n Orientaci\u00f3n link&#8221; url=&#8221;https:\/\/www.canva.com\/design\/DAF84Bj8ejc\/KS5nL64elojtIdtmYkeEdQ\/view?utm_content=DAF84Bj8ejc&amp;utm_campaign=designshare&amp;utm_medium=link&amp;utm_source=editor#1&#8243; url_new_window=&#8221;on&#8221; _builder_version=&#8221;4.16&#8243; _module_preset=&#8221;default&#8221; min_height=&#8221;539px&#8221; custom_margin=&#8221;2px|||||&#8221; custom_padding=&#8221;0px||0px|||&#8221; global_colors_info=&#8221;{}&#8221;][\/et_pb_image][\/et_pb_column][\/et_pb_row][et_pb_row _builder_version=&#8221;4.16&#8243; _module_preset=&#8221;default&#8221; module_alignment=&#8221;center&#8221; global_colors_info=&#8221;{}&#8221;][et_pb_column type=&#8221;4_4&#8243; _builder_version=&#8221;4.16&#8243; _module_preset=&#8221;default&#8221; link_option_url=&#8221;https:\/\/www.canva.com\/design\/DAF84Bj8ejc\/KS5nL64elojtIdtmYkeEdQ\/view?utm_content=DAF84Bj8ejc&amp;utm_campaign=designshare&amp;utm_medium=link&amp;utm_source=editor#1&#8243; link_option_url_new_window=&#8221;on&#8221; global_colors_info=&#8221;{}&#8221;][et_pb_text _builder_version=&#8221;4.16&#8243; _module_preset=&#8221;default&#8221; global_colors_info=&#8221;{}&#8221;]<\/p>\n<h3 style=\"text-align: center\"><span style=\"text-decoration: underline\"><span style=\"font-size: 18pt;font-family: 'comic sans ms', sans-serif\"><strong>ATENCI\u00d3N A LA DIVERSIDAD EN EL I.E.S. SIERRA ALMENARA:<\/strong><\/span><\/span><\/h3>\n<p>[\/et_pb_text][et_pb_blurb url=&#8221;https:\/\/www.canva.com\/design\/DAF84Bj8ejc\/KS5nL64elojtIdtmYkeEdQ\/view?utm_content=DAF84Bj8ejc&amp;utm_campaign=designshare&amp;utm_medium=link&amp;utm_source=editor#1&#8243; url_new_window=&#8221;on&#8221; image_icon_background_color=&#8221;RGBA(255,255,255,0)&#8221; _builder_version=&#8221;4.16&#8243; _module_preset=&#8221;default&#8221; background_color=&#8221;RGBA(255,255,255,0)&#8221; custom_margin=&#8221;||-6px|||&#8221; custom_padding=&#8221;1px|||||&#8221; animation_style=&#8221;fade&#8221; animation_duration=&#8221;1150ms&#8221; animation_delay=&#8221;1500ms&#8221; link_option_url=&#8221;https:\/\/www.canva.com\/design\/DAF84Bj8ejc\/KS5nL64elojtIdtmYkeEdQ\/view?utm_content=DAF84Bj8ejc&amp;utm_campaign=designshare&amp;utm_medium=link&amp;utm_source=editor#1&#8243; link_option_url_new_window=&#8221;on&#8221; border_width_all_image=&#8221;1px&#8221; box_shadow_style_image=&#8221;preset1&#8243; global_colors_info=&#8221;{}&#8221;]<\/p>\n<p><iframe class=\"wp-embedded-content\" sandbox=\"allow-scripts\" security=\"restricted\" title=\"Atenci\u00f3n a la diversidad\" frameborder='0' width='1200' height='675' src='https:\/\/view.genial.ly\/610ff2f52199e70dd3dd9257#?secret=HC3UIuxiql' data-secret='HC3UIuxiql' scrolling='yes'><\/iframe><\/p>\n<p>[\/et_pb_blurb][\/et_pb_column][\/et_pb_row][et_pb_row _builder_version=&#8221;4.16&#8243; _module_preset=&#8221;default&#8221; global_colors_info=&#8221;{}&#8221;][et_pb_column type=&#8221;4_4&#8243; _builder_version=&#8221;4.16&#8243; _module_preset=&#8221;default&#8221; global_colors_info=&#8221;{}&#8221;][et_pb_divider _builder_version=&#8221;4.16&#8243; _module_preset=&#8221;default&#8221; global_colors_info=&#8221;{}&#8221;][\/et_pb_divider][\/et_pb_column][\/et_pb_row][et_pb_row column_structure=&#8221;1_2,1_2&#8243; _builder_version=&#8221;4.16&#8243; _module_preset=&#8221;default&#8221; background_color=&#8221;RGBA(255,255,255,0)&#8221; global_colors_info=&#8221;{}&#8221;][et_pb_column type=&#8221;1_2&#8243; _builder_version=&#8221;4.16&#8243; _module_preset=&#8221;default&#8221; global_colors_info=&#8221;{}&#8221;][et_pb_text _builder_version=&#8221;4.16&#8243; _module_preset=&#8221;default&#8221; background_color=&#8221;#e0d3be&#8221; link_option_url=&#8221;https:\/\/www.educaweb.com\/notas-corte\/ciclos-formativos-grado-medio\/&#8221; link_option_url_new_window=&#8221;on&#8221; border_radii=&#8221;on|1px|1px|1px|1px&#8221; border_width_all=&#8221;1px&#8221; border_color_all=&#8221;#000000&#8243; box_shadow_style=&#8221;preset2&#8243; global_colors_info=&#8221;{}&#8221;]<\/p>\n<p style=\"text-align: center\"><span style=\"text-decoration: underline\"><strong>ACCESO A <\/strong><\/span><\/p>\n<p style=\"text-align: center\"><span style=\"text-decoration: underline\"><strong>CICLOS DE GRADO MEDIO<\/strong><\/span><\/p>\n<p style=\"text-align: center\">\u00bfQuieres saber cu\u00e1les fueros las \u00faltimas notas de corte para el acceso a los ciclos formativos de grado medio que quieres estudiar?<\/p>\n<p style=\"text-align: center\"><a href=\"https:\/\/www.educaweb.com\/notas-corte\/ciclos-formativos-grado-medio\/\">Notas de Corte<\/a><\/p>\n<p>[\/et_pb_text][\/et_pb_column][et_pb_column type=&#8221;1_2&#8243; _builder_version=&#8221;4.16&#8243; _module_preset=&#8221;default&#8221; global_colors_info=&#8221;{}&#8221;][et_pb_text _builder_version=&#8221;4.16&#8243; _module_preset=&#8221;default&#8221; background_color=&#8221;#ccd8c0&#8243; link_option_url=&#8221;https:\/\/www.educaweb.com\/notas-corte\/grados\/&#8221; link_option_url_new_window=&#8221;on&#8221; border_radii=&#8221;on|1px|1px|1px|1px&#8221; border_width_all=&#8221;1px&#8221; border_color_all=&#8221;#000000&#8243; box_shadow_style=&#8221;preset2&#8243; global_colors_info=&#8221;{}&#8221;]<\/p>\n<p style=\"text-align: center\"><span style=\"text-decoration: underline\"><strong>ACCESO A <\/strong><\/span><\/p>\n<p style=\"text-align: center\"><span style=\"text-decoration: underline\"><strong>GRADOS UNIVERSITARIOS<\/strong><\/span><\/p>\n<p style=\"text-align: center\">\u00bfQuieres saber cu\u00e1les fueros las \u00faltimas notas de corte para el acceso a los grados universitarios que quieres estudiar?<\/p>\n<p style=\"text-align: center\"><a href=\"https:\/\/www.educaweb.com\/notas-corte\/grados\/\">Notas de Corte<\/a><\/p>\n<p>[\/et_pb_text][\/et_pb_column][\/et_pb_row][\/et_pb_section]<\/p>\n","protected":false},"excerpt":{"rendered":"<p>DEPARTAMENTO DE ORIENTACI\u00d3NATENCI\u00d3N A LA DIVERSIDAD EN EL I.E.S. SIERRA ALMENARA:ACCESO A CICLOS DE GRADO MEDIO \u00bfQuieres saber cu\u00e1les fueros las \u00faltimas notas de corte para el acceso a los ciclos formativos de grado medio que quieres estudiar? Notas de CorteACCESO A GRADOS UNIVERSITARIOS \u00bfQuieres saber cu\u00e1les fueros las \u00faltimas notas de corte para el [&hellip;]<\/p>\n","protected":false},"author":18748,"featured_media":0,"parent":0,"menu_order":0,"comment_status":"closed","ping_status":"closed","template":"","meta":{"_et_pb_use_builder":"on","_et_pb_old_content":"<p style=\"text-align: center;\">info<\/p>","_et_gb_content_width":"","ngg_post_thumbnail":0,"footnotes":""},"aioseo_notices":[],"_links":{"self":[{"href":"https:\/\/blogsaverroes.juntadeandalucia.es\/iessierraalmenara\/wp-json\/wp\/v2\/pages\/1104"}],"collection":[{"href":"https:\/\/blogsaverroes.juntadeandalucia.es\/iessierraalmenara\/wp-json\/wp\/v2\/pages"}],"about":[{"href":"https:\/\/blogsaverroes.juntadeandalucia.es\/iessierraalmenara\/wp-json\/wp\/v2\/types\/page"}],"author":[{"embeddable":true,"href":"https:\/\/blogsaverroes.juntadeandalucia.es\/iessierraalmenara\/wp-json\/wp\/v2\/users\/18748"}],"replies":[{"embeddable":true,"href":"https:\/\/blogsaverroes.juntadeandalucia.es\/iessierraalmenara\/wp-json\/wp\/v2\/comments?post=1104"}],"version-history":[{"count":24,"href":"https:\/\/blogsaverroes.juntadeandalucia.es\/iessierraalmenara\/wp-json\/wp\/v2\/pages\/1104\/revisions"}],"predecessor-version":[{"id":1692,"href":"https:\/\/blogsaverroes.juntadeandalucia.es\/iessierraalmenara\/wp-json\/wp\/v2\/pages\/1104\/revisions\/1692"}],"wp:attachment":[{"href":"https:\/\/blogsaverroes.juntadeandalucia.es\/iessierraalmenara\/wp-json\/wp\/v2\/media?parent=1104"}],"curies":[{"name":"wp","href":"https:\/\/api.w.org\/{rel}","templated":true}]}}

Orientación

<p>[et_pb_section fb_built=&#8221;1&#8243; _builder_version=&#8221;4.16&#8243; custom_padding=&#8221;||2px|||&#8221; global_colors_info=&#8221;{}&#8221;][et_pb_row _builder_version=&#8221;4.16&#8243; _module_preset=&#8221;default&#8221; global_colors_info=&#8221;{}&#8221;][et_pb_column type=&#8221;4_4&#8243; _builder_version=&#8221;4.16&#8243; _module_preset=&#8221;default&#8221; global_colors_info=&#8221;{}&#8221;][et_pb_text _builder_version=&#8221;4.24.2&#8243; _module_preset=&#8221;default&#8221; text_text_color=&#8221;#E09900&#8243; background_image=&#8221;https://blogsaverroes.juntadeandalucia.es/iessierraalmenara/files/2024/02/Foto-Instituto-apaisado-scaled.jpg&#8221; parallax=&#8221;on&#8221; hover_enabled=&#8221;0&#8243; text_text_shadow_style=&#8221;preset5&#8243; text_text_shadow_horizontal_length=&#8221;0.13em&#8221; text_text_shadow_vertical_length=&#8221;0.2em&#8221; text_text_shadow_color=&#8221;#000000&#8243; global_colors_info=&#8221;{}&#8221; min_height=&#8221;130.4px&#8221; custom_padding=&#8221;9px|||||&#8221; animation_style=&#8221;bounce&#8221; sticky_enabled=&#8221;0&#8243;]</p>
<p style="text-align: center"><span style="font-size: 14pt;font-family: 'comic sans ms', sans-serif;color: #e09900"><strong>DEPARTAMENTO</strong></span></p>
<p style="text-align: center"><span style="font-size: 14pt;font-family: 'comic sans ms', sans-serif;color: #e09900"><strong>DE</strong></span></p>
<p style="text-align: center"><span style="font-size: 14pt;font-family: 'comic sans ms', sans-serif;color: #e09900"><strong>ORIENTACIÓN</strong></span></p>
<p>[/et_pb_text][/et_pb_column][/et_pb_row][et_pb_row _builder_version=&#8221;4.16&#8243; _module_preset=&#8221;default&#8221; min_height=&#8221;633px&#8221; global_colors_info=&#8221;{}&#8221;][et_pb_column type=&#8221;4_4&#8243; _builder_version=&#8221;4.16&#8243; _module_preset=&#8221;default&#8221; global_colors_info=&#8221;{}&#8221;][et_pb_image src=&#8221;https://blogsaverroes.juntadeandalucia.es/iessierraalmenara/files/2024/02/presentación-Orientación-link.png&#8221; title_text=&#8221;presentación Orientación link&#8221; url=&#8221;https://www.canva.com/design/DAF84Bj8ejc/KS5nL64elojtIdtmYkeEdQ/view?utm_content=DAF84Bj8ejc&amp;utm_campaign=designshare&amp;utm_medium=link&amp;utm_source=editor#1&#8243; url_new_window=&#8221;on&#8221; _builder_version=&#8221;4.16&#8243; _module_preset=&#8221;default&#8221; min_height=&#8221;539px&#8221; custom_margin=&#8221;2px|||||&#8221; custom_padding=&#8221;0px||0px|||&#8221; global_colors_info=&#8221;{}&#8221;][/et_pb_image][/et_pb_column][/et_pb_row][et_pb_row _builder_version=&#8221;4.16&#8243; _module_preset=&#8221;default&#8221; module_alignment=&#8221;center&#8221; global_colors_info=&#8221;{}&#8221;][et_pb_column type=&#8221;4_4&#8243; _builder_version=&#8221;4.16&#8243; _module_preset=&#8221;default&#8221; link_option_url=&#8221;https://www.canva.com/design/DAF84Bj8ejc/KS5nL64elojtIdtmYkeEdQ/view?utm_content=DAF84Bj8ejc&amp;utm_campaign=designshare&amp;utm_medium=link&amp;utm_source=editor#1&#8243; link_option_url_new_window=&#8221;on&#8221; global_colors_info=&#8221;{}&#8221;][et_pb_text _builder_version=&#8221;4.16&#8243; _module_preset=&#8221;default&#8221; global_colors_info=&#8221;{}&#8221;]</p>
<h3 style="text-align: center"><span style="text-decoration: underline"><span style="font-size: 18pt;font-family: 'comic sans ms', sans-serif"><strong>ATENCIÓN A LA DIVERSIDAD EN EL I.E.S. SIERRA ALMENARA:</strong></span></span></h3>
<p>[/et_pb_text][et_pb_blurb url=&#8221;https://www.canva.com/design/DAF84Bj8ejc/KS5nL64elojtIdtmYkeEdQ/view?utm_content=DAF84Bj8ejc&amp;utm_campaign=designshare&amp;utm_medium=link&amp;utm_source=editor#1&#8243; url_new_window=&#8221;on&#8221; image_icon_background_color=&#8221;RGBA(255,255,255,0)&#8221; _builder_version=&#8221;4.16&#8243; _module_preset=&#8221;default&#8221; background_color=&#8221;RGBA(255,255,255,0)&#8221; custom_margin=&#8221;||-6px|||&#8221; custom_padding=&#8221;1px|||||&#8221; animation_style=&#8221;fade&#8221; animation_duration=&#8221;1150ms&#8221; animation_delay=&#8221;1500ms&#8221; link_option_url=&#8221;https://www.canva.com/design/DAF84Bj8ejc/KS5nL64elojtIdtmYkeEdQ/view?utm_content=DAF84Bj8ejc&amp;utm_campaign=designshare&amp;utm_medium=link&amp;utm_source=editor#1&#8243; link_option_url_new_window=&#8221;on&#8221; border_width_all_image=&#8221;1px&#8221; box_shadow_style_image=&#8221;preset1&#8243; global_colors_info=&#8221;{}&#8221;]</p>
<p><iframe class="wp-embedded-content" sandbox="allow-scripts" security="restricted" title="Atención a la diversidad" frameborder='0' width='1200' height='675' src='https://view.genial.ly/610ff2f52199e70dd3dd9257#?secret=HC3UIuxiql' data-secret='HC3UIuxiql' scrolling='yes'></iframe></p>
<p>[/et_pb_blurb][/et_pb_column][/et_pb_row][et_pb_row _builder_version=&#8221;4.16&#8243; _module_preset=&#8221;default&#8221; global_colors_info=&#8221;{}&#8221;][et_pb_column type=&#8221;4_4&#8243; _builder_version=&#8221;4.16&#8243; _module_preset=&#8221;default&#8221; global_colors_info=&#8221;{}&#8221;][et_pb_divider _builder_version=&#8221;4.16&#8243; _module_preset=&#8221;default&#8221; global_colors_info=&#8221;{}&#8221;][/et_pb_divider][/et_pb_column][/et_pb_row][et_pb_row column_structure=&#8221;1_2,1_2&#8243; _builder_version=&#8221;4.16&#8243; _module_preset=&#8221;default&#8221; background_color=&#8221;RGBA(255,255,255,0)&#8221; global_colors_info=&#8221;{}&#8221;][et_pb_column type=&#8221;1_2&#8243; _builder_version=&#8221;4.16&#8243; _module_preset=&#8221;default&#8221; global_colors_info=&#8221;{}&#8221;][et_pb_text _builder_version=&#8221;4.16&#8243; _module_preset=&#8221;default&#8221; background_color=&#8221;#e0d3be&#8221; link_option_url=&#8221;https://www.educaweb.com/notas-corte/ciclos-formativos-grado-medio/&#8221; link_option_url_new_window=&#8221;on&#8221; border_radii=&#8221;on|1px|1px|1px|1px&#8221; border_width_all=&#8221;1px&#8221; border_color_all=&#8221;#000000&#8243; box_shadow_style=&#8221;preset2&#8243; global_colors_info=&#8221;{}&#8221;]</p>
<p style="text-align: center"><span style="text-decoration: underline"><strong>ACCESO A </strong></span></p>
<p style="text-align: center"><span style="text-decoration: underline"><strong>CICLOS DE GRADO MEDIO</strong></span></p>
<p style="text-align: center">¿Quieres saber cuáles fueros las últimas notas de corte para el acceso a los ciclos formativos de grado medio que quieres estudiar?</p>
<p style="text-align: center"><a href="https://www.educaweb.com/notas-corte/ciclos-formativos-grado-medio/">Notas de Corte</a></p>
<p>[/et_pb_text][/et_pb_column][et_pb_column type=&#8221;1_2&#8243; _builder_version=&#8221;4.16&#8243; _module_preset=&#8221;default&#8221; global_colors_info=&#8221;{}&#8221;][et_pb_text _builder_version=&#8221;4.16&#8243; _module_preset=&#8221;default&#8221; background_color=&#8221;#ccd8c0&#8243; link_option_url=&#8221;https://www.educaweb.com/notas-corte/grados/&#8221; link_option_url_new_window=&#8221;on&#8221; border_radii=&#8221;on|1px|1px|1px|1px&#8221; border_width_all=&#8221;1px&#8221; border_color_all=&#8221;#000000&#8243; box_shadow_style=&#8221;preset2&#8243; global_colors_info=&#8221;{}&#8221;]</p>
<p style="text-align: center"><span style="text-decoration: underline"><strong>ACCESO A </strong></span></p>
<p style="text-align: center"><span style="text-decoration: underline"><strong>GRADOS UNIVERSITARIOS</strong></span></p>
<p style="text-align: center">¿Quieres saber cuáles fueros las últimas notas de corte para el acceso a los grados universitarios que quieres estudiar?</p>
<p style="text-align: center"><a href="https://www.educaweb.com/notas-corte/grados/">Notas de Corte</a></p>
<p>[/et_pb_text][/et_pb_column][/et_pb_row][/et_pb_section]</p>

<p>DEPARTAMENTO DE ORIENTACIÓNATENCIÓN A LA DIVERSIDAD EN EL I.E.S. SIERRA ALMENARA:ACCESO A CICLOS DE GRADO MEDIO ¿Quieres saber cuáles fueros las últimas notas de corte para el acceso a los ciclos formativos de grado medio que quieres estudiar? Notas de CorteACCESO A GRADOS UNIVERSITARIOS ¿Quieres saber cuáles fueros las últimas notas de corte para el [&hellip;]</p>
