{"id":1202,"date":"2023-12-01T10:47:54","date_gmt":"2023-12-01T09:47:54","guid":{"rendered":"https:\/\/blogsaverroes.juntadeandalucia.es\/iessierraalmenara\/?page_id=1202"},"modified":"2024-04-28T19:59:57","modified_gmt":"2024-04-28T18:59:57","slug":"educacion-plastica-y-visual","status":"publish","type":"page","link":"https:\/\/blogsaverroes.juntadeandalucia.es\/iessierraalmenara\/educacion-plastica-y-visual\/","title":{"rendered":"Educaci\u00f3n Pl\u00e1stica y Visual"},"content":{"rendered":"<p>[et_pb_section fb_built=&#8221;1&#8243; _builder_version=&#8221;4.16&#8243; _module_preset=&#8221;default&#8221; global_colors_info=&#8221;{}&#8221;][et_pb_row _builder_version=&#8221;4.16&#8243; _module_preset=&#8221;default&#8221; background_color=&#8221;RGBA(255,255,255,0)&#8221; background_image=&#8221;https:\/\/blogsaverroes.juntadeandalucia.es\/iessierraalmenara\/files\/2023\/11\/Foto-Instituto-scaled.jpg&#8221; parallax=&#8221;on&#8221; min_height=&#8221;6px&#8221; custom_padding=&#8221;4px||0px|||&#8221; animation_style=&#8221;bounce&#8221; box_shadow_style=&#8221;preset2&#8243; global_colors_info=&#8221;{}&#8221;][et_pb_column type=&#8221;4_4&#8243; _builder_version=&#8221;4.16&#8243; _module_preset=&#8221;default&#8221; background_color=&#8221;RGBA(255,255,255,0)&#8221; background_enable_image=&#8221;off&#8221; global_colors_info=&#8221;{}&#8221;][et_pb_text _builder_version=&#8221;4.24.2&#8243; _module_preset=&#8221;default&#8221; text_font=&#8221;Acme|700|||||||&#8221; text_text_color=&#8221;#E09900&#8243; text_letter_spacing=&#8221;10px&#8221; header_font_size=&#8221;16px&#8221; header_letter_spacing=&#8221;5px&#8221; background_color=&#8221;RGBA(255,255,255,0)&#8221; background_enable_image=&#8221;off&#8221; text_orientation=&#8221;center&#8221; min_height=&#8221;126px&#8221; custom_margin=&#8221;2px||-7px|||&#8221; custom_padding=&#8221;5px|||||&#8221; animation_style=&#8221;zoom&#8221; animation_duration=&#8221;1350ms&#8221; hover_enabled=&#8221;0&#8243; text_text_shadow_style=&#8221;preset5&#8243; text_text_shadow_horizontal_length=&#8221;0.17em&#8221; text_text_shadow_vertical_length=&#8221;0.14em&#8221; text_text_shadow_color=&#8221;#000000&#8243; header_text_shadow_style=&#8221;preset5&#8243; header_text_shadow_color=&#8221;#000000&#8243; global_colors_info=&#8221;{}&#8221; sticky_enabled=&#8221;0&#8243;]<\/p>\n<p style=\"text-align: center\"><span style=\"font-size: 14pt\"><strong><span style=\"font-family: 'comic sans ms', sans-serif\">DEPARTAMENTO<\/span><\/strong><\/span><\/p>\n<p style=\"text-align: center\"><span style=\"font-size: 14pt\"><strong><span style=\"font-family: 'comic sans ms', sans-serif\"> DE<\/span><\/strong><\/span><\/p>\n<p style=\"text-align: center\"><span style=\"font-size: 14pt\"><strong><span style=\"font-family: 'comic sans ms', sans-serif\"> EDUCACI\u00d3N PL\u00c1STICA y VISUAL<\/span><\/strong><\/span><\/p>\n<p>[\/et_pb_text][\/et_pb_column][\/et_pb_row][et_pb_row column_structure=&#8221;3_4,1_4&#8243; _builder_version=&#8221;4.16&#8243; _module_preset=&#8221;default&#8221; background_color=&#8221;RGBA(255,255,255,0)&#8221; global_colors_info=&#8221;{}&#8221;][et_pb_column type=&#8221;3_4&#8243; _builder_version=&#8221;4.16&#8243; _module_preset=&#8221;default&#8221; global_colors_info=&#8221;{}&#8221;][et_pb_text _builder_version=&#8221;4.24.2&#8243; _module_preset=&#8221;default&#8221; global_colors_info=&#8221;{}&#8221;]<\/p>\n<h3>\u00a0<\/h3>\n<h3 style=\"text-align: center\"><span style=\"text-decoration: underline;font-family: 'comic sans ms', sans-serif;font-size: 14pt\"><strong>ASIGNATURAS DEPENDIENTES DEL <\/strong><\/span><\/h3>\n<h3 style=\"text-align: center\"><span style=\"text-decoration: underline;font-family: 'comic sans ms', sans-serif;font-size: 14pt\"><strong>DEPARTAMENTO DE EDUCACI\u00d3N PL\u00c1STICA y VISUAL<\/strong><\/span><\/h3>\n<p>&nbsp;<\/p>\n<ul>\n<li style=\"list-style-type: none\">\n<ul>\n<li style=\"list-style-type: none\">\n<ul>\n<li><span style=\"font-family: 'courier new', courier, monospace\">Educaci\u00f3n Pl\u00e1stica, Visual y Audiovisual de 1\u00baESO (1h\/sem)<\/span><span style=\"font-family: 'courier new', courier, monospace\"><\/span><\/li>\n<li><span style=\"font-family: 'courier new', courier, monospace\">Educaci\u00f3n Pl\u00e1stica, Visual y Audiovisual de 3\u00baESO (2h\/sem)<\/span><\/li>\n<li><span style=\"font-family: 'courier new', courier, monospace\">Expresi\u00f3n Art\u00edstica de 4\u00baESO (3h\/sem)<\/span><\/li>\n<li><span style=\"font-family: 'courier new', courier, monospace\">Dibujo T\u00e9cnico (2h\/sem)<\/span><\/li>\n<li><span style=\"font-family: 'courier new', courier, monospace\">Proyecto de Educaci\u00f3n Pl\u00e1stica y Audiovisual de 2\u00baESO (2h\/sem)<\/span><\/li>\n<\/ul>\n<\/li>\n<\/ul>\n<\/li>\n<\/ul>\n<p>[\/et_pb_text][\/et_pb_column][et_pb_column type=&#8221;1_4&#8243; _builder_version=&#8221;4.16&#8243; _module_preset=&#8221;default&#8221; background_color=&#8221;#e0b964&#8243; parallax=&#8221;on&#8221; box_shadow_style=&#8221;preset2&#8243; global_colors_info=&#8221;{}&#8221;][et_pb_text disabled_on=&#8221;off|off|off&#8221; _builder_version=&#8221;4.16&#8243; _module_preset=&#8221;default&#8221; background_color=&#8221;RGBA(255,255,255,0)&#8221; custom_margin=&#8221;23px|25px|23px|25px|true|true&#8221; custom_padding=&#8221;0px|0px|0px|0px|true|true&#8221; animation_style=&#8221;fade&#8221; animation_delay=&#8221;300ms&#8221; box_shadow_style=&#8221;preset6&#8243; global_colors_info=&#8221;{}&#8221;]<\/p>\n<p>&nbsp;<\/p>\n<p style=\"text-align: center\"><span style=\"font-family: 'comic sans ms', sans-serif\"><strong>ENLACES DE INTER\u00c9S<\/strong><\/span><\/p>\n<p>&nbsp;<\/p>\n<p>[\/et_pb_text][\/et_pb_column][\/et_pb_row][\/et_pb_section]<\/p>\n","protected":false},"excerpt":{"rendered":"<p>DEPARTAMENTO DE EDUCACI\u00d3N PL\u00c1STICA y VISUAL\u00a0 ASIGNATURAS DEPENDIENTES DEL DEPARTAMENTO DE EDUCACI\u00d3N PL\u00c1STICA y VISUAL &nbsp; Educaci\u00f3n Pl\u00e1stica, Visual y Audiovisual de 1\u00baESO (1h\/sem) Educaci\u00f3n Pl\u00e1stica, Visual y Audiovisual de 3\u00baESO (2h\/sem) Expresi\u00f3n Art\u00edstica de 4\u00baESO (3h\/sem) Dibujo T\u00e9cnico (2h\/sem) Proyecto de Educaci\u00f3n Pl\u00e1stica y Audiovisual de 2\u00baESO (2h\/sem) &nbsp; ENLACES DE INTER\u00c9S &nbsp;<\/p>\n","protected":false},"author":18748,"featured_media":0,"parent":0,"menu_order":0,"comment_status":"closed","ping_status":"closed","template":"","meta":{"_et_pb_use_builder":"on","_et_pb_old_content":"","_et_gb_content_width":"","ngg_post_thumbnail":0,"footnotes":""},"aioseo_notices":[],"_links":{"self":[{"href":"https:\/\/blogsaverroes.juntadeandalucia.es\/iessierraalmenara\/wp-json\/wp\/v2\/pages\/1202"}],"collection":[{"href":"https:\/\/blogsaverroes.juntadeandalucia.es\/iessierraalmenara\/wp-json\/wp\/v2\/pages"}],"about":[{"href":"https:\/\/blogsaverroes.juntadeandalucia.es\/iessierraalmenara\/wp-json\/wp\/v2\/types\/page"}],"author":[{"embeddable":true,"href":"https:\/\/blogsaverroes.juntadeandalucia.es\/iessierraalmenara\/wp-json\/wp\/v2\/users\/18748"}],"replies":[{"embeddable":true,"href":"https:\/\/blogsaverroes.juntadeandalucia.es\/iessierraalmenara\/wp-json\/wp\/v2\/comments?post=1202"}],"version-history":[{"count":3,"href":"https:\/\/blogsaverroes.juntadeandalucia.es\/iessierraalmenara\/wp-json\/wp\/v2\/pages\/1202\/revisions"}],"predecessor-version":[{"id":1670,"href":"https:\/\/blogsaverroes.juntadeandalucia.es\/iessierraalmenara\/wp-json\/wp\/v2\/pages\/1202\/revisions\/1670"}],"wp:attachment":[{"href":"https:\/\/blogsaverroes.juntadeandalucia.es\/iessierraalmenara\/wp-json\/wp\/v2\/media?parent=1202"}],"curies":[{"name":"wp","href":"https:\/\/api.w.org\/{rel}","templated":true}]}}

Educación Plástica y Visual

<p>[et_pb_section fb_built=&#8221;1&#8243; _builder_version=&#8221;4.16&#8243; _module_preset=&#8221;default&#8221; global_colors_info=&#8221;{}&#8221;][et_pb_row _builder_version=&#8221;4.16&#8243; _module_preset=&#8221;default&#8221; background_color=&#8221;RGBA(255,255,255,0)&#8221; background_image=&#8221;https://blogsaverroes.juntadeandalucia.es/iessierraalmenara/files/2023/11/Foto-Instituto-scaled.jpg&#8221; parallax=&#8221;on&#8221; min_height=&#8221;6px&#8221; custom_padding=&#8221;4px||0px|||&#8221; animation_style=&#8221;bounce&#8221; box_shadow_style=&#8221;preset2&#8243; global_colors_info=&#8221;{}&#8221;][et_pb_column type=&#8221;4_4&#8243; _builder_version=&#8221;4.16&#8243; _module_preset=&#8221;default&#8221; background_color=&#8221;RGBA(255,255,255,0)&#8221; background_enable_image=&#8221;off&#8221; global_colors_info=&#8221;{}&#8221;][et_pb_text _builder_version=&#8221;4.24.2&#8243; _module_preset=&#8221;default&#8221; text_font=&#8221;Acme|700|||||||&#8221; text_text_color=&#8221;#E09900&#8243; text_letter_spacing=&#8221;10px&#8221; header_font_size=&#8221;16px&#8221; header_letter_spacing=&#8221;5px&#8221; background_color=&#8221;RGBA(255,255,255,0)&#8221; background_enable_image=&#8221;off&#8221; text_orientation=&#8221;center&#8221; min_height=&#8221;126px&#8221; custom_margin=&#8221;2px||-7px|||&#8221; custom_padding=&#8221;5px|||||&#8221; animation_style=&#8221;zoom&#8221; animation_duration=&#8221;1350ms&#8221; hover_enabled=&#8221;0&#8243; text_text_shadow_style=&#8221;preset5&#8243; text_text_shadow_horizontal_length=&#8221;0.17em&#8221; text_text_shadow_vertical_length=&#8221;0.14em&#8221; text_text_shadow_color=&#8221;#000000&#8243; header_text_shadow_style=&#8221;preset5&#8243; header_text_shadow_color=&#8221;#000000&#8243; global_colors_info=&#8221;{}&#8221; sticky_enabled=&#8221;0&#8243;]</p>
<p style="text-align: center"><span style="font-size: 14pt"><strong><span style="font-family: 'comic sans ms', sans-serif">DEPARTAMENTO</span></strong></span></p>
<p style="text-align: center"><span style="font-size: 14pt"><strong><span style="font-family: 'comic sans ms', sans-serif"> DE</span></strong></span></p>
<p style="text-align: center"><span style="font-size: 14pt"><strong><span style="font-family: 'comic sans ms', sans-serif"> EDUCACIÓN PLÁSTICA y VISUAL</span></strong></span></p>
<p>[/et_pb_text][/et_pb_column][/et_pb_row][et_pb_row column_structure=&#8221;3_4,1_4&#8243; _builder_version=&#8221;4.16&#8243; _module_preset=&#8221;default&#8221; background_color=&#8221;RGBA(255,255,255,0)&#8221; global_colors_info=&#8221;{}&#8221;][et_pb_column type=&#8221;3_4&#8243; _builder_version=&#8221;4.16&#8243; _module_preset=&#8221;default&#8221; global_colors_info=&#8221;{}&#8221;][et_pb_text _builder_version=&#8221;4.24.2&#8243; _module_preset=&#8221;default&#8221; global_colors_info=&#8221;{}&#8221;]</p>
<h3> </h3>
<h3 style="text-align: center"><span style="text-decoration: underline;font-family: 'comic sans ms', sans-serif;font-size: 14pt"><strong>ASIGNATURAS DEPENDIENTES DEL </strong></span></h3>
<h3 style="text-align: center"><span style="text-decoration: underline;font-family: 'comic sans ms', sans-serif;font-size: 14pt"><strong>DEPARTAMENTO DE EDUCACIÓN PLÁSTICA y VISUAL</strong></span></h3>
<p>&nbsp;</p>
<ul>
<li style="list-style-type: none">
<ul>
<li style="list-style-type: none">
<ul>
<li><span style="font-family: 'courier new', courier, monospace">Educación Plástica, Visual y Audiovisual de 1ºESO (1h/sem)</span><span style="font-family: 'courier new', courier, monospace"></span></li>
<li><span style="font-family: 'courier new', courier, monospace">Educación Plástica, Visual y Audiovisual de 3ºESO (2h/sem)</span></li>
<li><span style="font-family: 'courier new', courier, monospace">Expresión Artística de 4ºESO (3h/sem)</span></li>
<li><span style="font-family: 'courier new', courier, monospace">Dibujo Técnico (2h/sem)</span></li>
<li><span style="font-family: 'courier new', courier, monospace">Proyecto de Educación Plástica y Audiovisual de 2ºESO (2h/sem)</span></li>
</ul>
</li>
</ul>
</li>
</ul>
<p>[/et_pb_text][/et_pb_column][et_pb_column type=&#8221;1_4&#8243; _builder_version=&#8221;4.16&#8243; _module_preset=&#8221;default&#8221; background_color=&#8221;#e0b964&#8243; parallax=&#8221;on&#8221; box_shadow_style=&#8221;preset2&#8243; global_colors_info=&#8221;{}&#8221;][et_pb_text disabled_on=&#8221;off|off|off&#8221; _builder_version=&#8221;4.16&#8243; _module_preset=&#8221;default&#8221; background_color=&#8221;RGBA(255,255,255,0)&#8221; custom_margin=&#8221;23px|25px|23px|25px|true|true&#8221; custom_padding=&#8221;0px|0px|0px|0px|true|true&#8221; animation_style=&#8221;fade&#8221; animation_delay=&#8221;300ms&#8221; box_shadow_style=&#8221;preset6&#8243; global_colors_info=&#8221;{}&#8221;]</p>
<p>&nbsp;</p>
<p style="text-align: center"><span style="font-family: 'comic sans ms', sans-serif"><strong>ENLACES DE INTERÉS</strong></span></p>
<p>&nbsp;</p>
<p>[/et_pb_text][/et_pb_column][/et_pb_row][/et_pb_section]</p>

<p>DEPARTAMENTO DE EDUCACIÓN PLÁSTICA y VISUAL  ASIGNATURAS DEPENDIENTES DEL DEPARTAMENTO DE EDUCACIÓN PLÁSTICA y VISUAL &nbsp; Educación Plástica, Visual y Audiovisual de 1ºESO (1h/sem) Educación Plástica, Visual y Audiovisual de 3ºESO (2h/sem) Expresión Artística de 4ºESO (3h/sem) Dibujo Técnico (2h/sem) Proyecto de Educación Plástica y Audiovisual de 2ºESO (2h/sem) &nbsp; ENLACES DE INTERÉS &nbsp;</p>
