{"id":367,"date":"2019-12-22T22:28:56","date_gmt":"2019-12-22T21:28:56","guid":{"rendered":"https:\/\/blogsaverroes.juntadeandalucia.es\/iessierradegrazalema\/?page_id=367"},"modified":"2025-02-07T00:21:13","modified_gmt":"2025-02-06T23:21:13","slug":"secretaria","status":"publish","type":"page","link":"https:\/\/blogsaverroes.juntadeandalucia.es\/iessierradegrazalema\/secretaria\/","title":{"rendered":"Secretar\u00eda"},"content":{"rendered":"<table style=\"border-collapse: collapse;width: 100%\">\n<tbody>\n<tr>\n<td style=\"width: 100%;text-align: center;background-color: #fbeff5\"><span style=\"color: #339966\"><a style=\"color: #339966\" href=\"https:\/\/blogsaverroes.juntadeandalucia.es\/iessierradegrazalema\/secretaria\/novedades\/\" target=\"_blank\" rel=\"noopener\"><span style=\"font-size: 18pt\">Novedades<\/span><\/a><\/span><\/td>\n<\/tr>\n<\/tbody>\n<\/table>\n<table style=\"border-collapse: collapse;width: 100%\">\n<tbody>\n<tr>\n<td style=\"width: 100%;text-align: center;background-color: #fbeff5\"><span style=\"color: #339966\"><a style=\"color: #339966\" href=\"https:\/\/blogsaverroes.juntadeandalucia.es\/iessierradegrazalema\/secretaria\/atencion-al-publico\/\" target=\"_blank\" rel=\"noopener\"><span style=\"font-size: 18pt\">Atenci\u00f3n al p\u00fablico<\/span><\/a><\/span><\/td>\n<\/tr>\n<\/tbody>\n<\/table>\n<table style=\"border-collapse: collapse;width: 100%\">\n<tbody>\n<tr>\n<td style=\"width: 100%;text-align: center;background-color: #fbeff5\"><span style=\"color: #339966\"><a style=\"color: #339966\" href=\"https:\/\/blogsaverroes.juntadeandalucia.es\/iessierradegrazalema\/secretaria\/horarios\/\" target=\"_blank\" rel=\"noopener\"><span style=\"font-size: 18pt\">Horarios<\/span><\/a><\/span><\/td>\n<\/tr>\n<\/tbody>\n<\/table>\n<table style=\"border-collapse: collapse;width: 100%\">\n<tbody>\n<tr>\n<td style=\"width: 100%;text-align: center;background-color: #fbeff5\"><span style=\"color: #339966\"><a style=\"color: #339966\" href=\"https:\/\/blogsaverroes.juntadeandalucia.es\/iessierradegrazalema\/secretaria\/admision-del-alumnado\/\" target=\"_blank\" rel=\"noopener\"><span style=\"font-size: 18pt\">Admisi\u00f3n del alumnado<\/span><\/a><\/span><\/td>\n<\/tr>\n<\/tbody>\n<\/table>\n<table style=\"border-collapse: collapse;width: 100%\">\n<tbody>\n<tr>\n<td style=\"width: 100%;text-align: center;background-color: #fbeff5\"><span style=\"color: #339966\"><a style=\"color: #339966\" href=\"https:\/\/blogsaverroes.juntadeandalucia.es\/iessierradegrazalema\/secretaria\/matricula\/\" target=\"_blank\" rel=\"noopener\"><span style=\"font-size: 18pt\">Matr\u00edcula<\/span><\/a><\/span><\/td>\n<\/tr>\n<\/tbody>\n<\/table>\n<table style=\"border-collapse: collapse;width: 100%\">\n<tbody>\n<tr>\n<td style=\"width: 100%;text-align: center;background-color: #fbeff5\"><span style=\"color: #339966\"><a style=\"color: #339966\" href=\"https:\/\/blogsaverroes.juntadeandalucia.es\/iessierradegrazalema\/secretaria\/servivicios-complementarios\/\" target=\"_blank\" rel=\"noopener\"><span style=\"font-size: 18pt\">Servicios complementarios<\/span><\/a><\/span><\/td>\n<\/tr>\n<\/tbody>\n<\/table>\n<table style=\"border-collapse: collapse;width: 100%\">\n<tbody>\n<tr>\n<td style=\"width: 100%;text-align: center;background-color: #fbeff5\"><span style=\"color: #339966\"><a style=\"color: #339966\" href=\"https:\/\/blogsaverroes.juntadeandalucia.es\/iessierradegrazalema\/secretaria\/titulos\/\" target=\"_blank\" rel=\"noopener\"><span style=\"font-size: 18pt\">T\u00edtulos acad\u00e9micos<\/span><\/a><\/span><\/td>\n<\/tr>\n<\/tbody>\n<\/table>\n<table style=\"border-collapse: collapse;width: 100%\">\n<tbody>\n<tr>\n<td style=\"width: 100%;text-align: center;background-color: #fbeff5\"><span style=\"color: #339966\"><a style=\"color: #339966\" href=\"https:\/\/blogsaverroes.juntadeandalucia.es\/iessierradegrazalema\/secretaria\/libros-de-texto\/\" target=\"_blank\" rel=\"noopener\"><span style=\"font-size: 18pt\">Libros de Texto<\/span><\/a><\/span><\/td>\n<\/tr>\n<\/tbody>\n<\/table>\n<table style=\"border-collapse: collapse;width: 100%\">\n<tbody>\n<tr>\n<td style=\"width: 100%;text-align: center;background-color: #fbeff5\"><span style=\"color: #339966\"><a style=\"color: #339966\" href=\"https:\/\/blogsaverroes.juntadeandalucia.es\/iessierradegrazalema\/secretaria\/clave-icat\/\" target=\"_blank\" rel=\"noopener\"><span style=\"font-size: 18pt\">Clave iANDE<\/span><\/a><\/span><\/td>\n<\/tr>\n<\/tbody>\n<\/table>\n<table style=\"border-collapse: collapse;width: 100%\">\n<tbody>\n<tr>\n<td style=\"width: 100%;text-align: center;background-color: #fbeff5\"><span style=\"color: #339966\"><a style=\"color: #339966\" href=\"https:\/\/blogsaverroes.juntadeandalucia.es\/iessierradegrazalema\/secretaria\/proteccion-de-datos\/\" target=\"_blank\" rel=\"noopener\"><span style=\"font-size: 18pt\">Protecci\u00f3n de datos<\/span><\/a><\/span><\/td>\n<\/tr>\n<\/tbody>\n<\/table>\n<p>Secretar\u00eda by <a href=\"https:\/\/blogsaverroes.juntadeandalucia.es\/iessierradegrazalema\/\" target=\"_blank\" rel=\"cc:attributionURL noopener noreferrer\">Secretar\u00eda <\/a>is licensed under <a href=\"https:\/\/creativecommons.org\/licenses\/by-sa\/4.0\/?ref=chooser-v1\" target=\"_blank\" rel=\"license noopener noreferrer\">CC BY-SA 4.0 <span class=\"icon\" data-v-a0d4e8a8=\"\"><img loading=\"lazy\" decoding=\"async\" src=\"https:\/\/chooser-beta.creativecommons.org\/img\/cc-logo.f0ab4ebe.svg\" width=\"20\" height=\"20\" data-v-a0d4e8a8=\"\"><img loading=\"lazy\" decoding=\"async\" src=\"https:\/\/chooser-beta.creativecommons.org\/img\/cc-by.21b728bb.svg\" width=\"20\" height=\"20\" data-v-a0d4e8a8=\"\"><img loading=\"lazy\" decoding=\"async\" src=\"https:\/\/chooser-beta.creativecommons.org\/img\/cc-sa.d1572b71.svg\" width=\"20\" height=\"20\" data-v-a0d4e8a8=\"\"><\/span><\/a><\/p>\n<p>&nbsp;<\/p>\n<p>&nbsp;<\/p>\n<p>&nbsp;<\/p>\n<p>&nbsp;<\/p>\n<p>&nbsp;<\/p>\n<p>&nbsp;<\/p>\n<p>&nbsp;<\/p>\n","protected":false},"excerpt":{"rendered":"<p>Novedades Atenci\u00f3n al p\u00fablico Horarios Admisi\u00f3n del alumnado Matr\u00edcula Servicios complementarios T\u00edtulos acad\u00e9micos Libros de Texto Clave iANDE Protecci\u00f3n de datos Secretar\u00eda by Secretar\u00eda is licensed under CC BY-SA 4.0 &nbsp; &nbsp; &nbsp; &nbsp;&#46;&#46;&#46;<\/p>\n","protected":false},"author":2162,"featured_media":10002,"parent":0,"menu_order":0,"comment_status":"closed","ping_status":"closed","template":"","meta":{"ngg_post_thumbnail":0,"footnotes":""},"aioseo_notices":[],"_links":{"self":[{"href":"https:\/\/blogsaverroes.juntadeandalucia.es\/iessierradegrazalema\/wp-json\/wp\/v2\/pages\/367"}],"collection":[{"href":"https:\/\/blogsaverroes.juntadeandalucia.es\/iessierradegrazalema\/wp-json\/wp\/v2\/pages"}],"about":[{"href":"https:\/\/blogsaverroes.juntadeandalucia.es\/iessierradegrazalema\/wp-json\/wp\/v2\/types\/page"}],"author":[{"embeddable":true,"href":"https:\/\/blogsaverroes.juntadeandalucia.es\/iessierradegrazalema\/wp-json\/wp\/v2\/users\/2162"}],"replies":[{"embeddable":true,"href":"https:\/\/blogsaverroes.juntadeandalucia.es\/iessierradegrazalema\/wp-json\/wp\/v2\/comments?post=367"}],"version-history":[{"count":13,"href":"https:\/\/blogsaverroes.juntadeandalucia.es\/iessierradegrazalema\/wp-json\/wp\/v2\/pages\/367\/revisions"}],"predecessor-version":[{"id":10003,"href":"https:\/\/blogsaverroes.juntadeandalucia.es\/iessierradegrazalema\/wp-json\/wp\/v2\/pages\/367\/revisions\/10003"}],"wp:featuredmedia":[{"embeddable":true,"href":"https:\/\/blogsaverroes.juntadeandalucia.es\/iessierradegrazalema\/wp-json\/wp\/v2\/media\/10002"}],"wp:attachment":[{"href":"https:\/\/blogsaverroes.juntadeandalucia.es\/iessierradegrazalema\/wp-json\/wp\/v2\/media?parent=367"}],"curies":[{"name":"wp","href":"https:\/\/api.w.org\/{rel}","templated":true}]}}

Secretaría

<table style="border-collapse: collapse;width: 100%">
<tbody>
<tr>
<td style="width: 100%;text-align: center;background-color: #fbeff5"><span style="color: #339966"><a style="color: #339966" href="https://blogsaverroes.juntadeandalucia.es/iessierradegrazalema/secretaria/novedades/" target="_blank" rel="noopener"><span style="font-size: 18pt">Novedades</span></a></span></td>
</tr>
</tbody>
</table>
<table style="border-collapse: collapse;width: 100%">
<tbody>
<tr>
<td style="width: 100%;text-align: center;background-color: #fbeff5"><span style="color: #339966"><a style="color: #339966" href="https://blogsaverroes.juntadeandalucia.es/iessierradegrazalema/secretaria/atencion-al-publico/" target="_blank" rel="noopener"><span style="font-size: 18pt">Atención al público</span></a></span></td>
</tr>
</tbody>
</table>
<table style="border-collapse: collapse;width: 100%">
<tbody>
<tr>
<td style="width: 100%;text-align: center;background-color: #fbeff5"><span style="color: #339966"><a style="color: #339966" href="https://blogsaverroes.juntadeandalucia.es/iessierradegrazalema/secretaria/horarios/" target="_blank" rel="noopener"><span style="font-size: 18pt">Horarios</span></a></span></td>
</tr>
</tbody>
</table>
<table style="border-collapse: collapse;width: 100%">
<tbody>
<tr>
<td style="width: 100%;text-align: center;background-color: #fbeff5"><span style="color: #339966"><a style="color: #339966" href="https://blogsaverroes.juntadeandalucia.es/iessierradegrazalema/secretaria/admision-del-alumnado/" target="_blank" rel="noopener"><span style="font-size: 18pt">Admisión del alumnado</span></a></span></td>
</tr>
</tbody>
</table>
<table style="border-collapse: collapse;width: 100%">
<tbody>
<tr>
<td style="width: 100%;text-align: center;background-color: #fbeff5"><span style="color: #339966"><a style="color: #339966" href="https://blogsaverroes.juntadeandalucia.es/iessierradegrazalema/secretaria/matricula/" target="_blank" rel="noopener"><span style="font-size: 18pt">Matrícula</span></a></span></td>
</tr>
</tbody>
</table>
<table style="border-collapse: collapse;width: 100%">
<tbody>
<tr>
<td style="width: 100%;text-align: center;background-color: #fbeff5"><span style="color: #339966"><a style="color: #339966" href="https://blogsaverroes.juntadeandalucia.es/iessierradegrazalema/secretaria/servivicios-complementarios/" target="_blank" rel="noopener"><span style="font-size: 18pt">Servicios complementarios</span></a></span></td>
</tr>
</tbody>
</table>
<table style="border-collapse: collapse;width: 100%">
<tbody>
<tr>
<td style="width: 100%;text-align: center;background-color: #fbeff5"><span style="color: #339966"><a style="color: #339966" href="https://blogsaverroes.juntadeandalucia.es/iessierradegrazalema/secretaria/titulos/" target="_blank" rel="noopener"><span style="font-size: 18pt">Títulos académicos</span></a></span></td>
</tr>
</tbody>
</table>
<table style="border-collapse: collapse;width: 100%">
<tbody>
<tr>
<td style="width: 100%;text-align: center;background-color: #fbeff5"><span style="color: #339966"><a style="color: #339966" href="https://blogsaverroes.juntadeandalucia.es/iessierradegrazalema/secretaria/libros-de-texto/" target="_blank" rel="noopener"><span style="font-size: 18pt">Libros de Texto</span></a></span></td>
</tr>
</tbody>
</table>
<table style="border-collapse: collapse;width: 100%">
<tbody>
<tr>
<td style="width: 100%;text-align: center;background-color: #fbeff5"><span style="color: #339966"><a style="color: #339966" href="https://blogsaverroes.juntadeandalucia.es/iessierradegrazalema/secretaria/clave-icat/" target="_blank" rel="noopener"><span style="font-size: 18pt">Clave iANDE</span></a></span></td>
</tr>
</tbody>
</table>
<table style="border-collapse: collapse;width: 100%">
<tbody>
<tr>
<td style="width: 100%;text-align: center;background-color: #fbeff5"><span style="color: #339966"><a style="color: #339966" href="https://blogsaverroes.juntadeandalucia.es/iessierradegrazalema/secretaria/proteccion-de-datos/" target="_blank" rel="noopener"><span style="font-size: 18pt">Protección de datos</span></a></span></td>
</tr>
</tbody>
</table>
<p>Secretaría by <a href="https://blogsaverroes.juntadeandalucia.es/iessierradegrazalema/" target="_blank" rel="cc:attributionURL noopener noreferrer">Secretaría </a>is licensed under <a href="https://creativecommons.org/licenses/by-sa/4.0/?ref=chooser-v1" target="_blank" rel="license noopener noreferrer">CC BY-SA 4.0 <span class="icon" data-v-a0d4e8a8=""><img loading="lazy" decoding="async" src="https://chooser-beta.creativecommons.org/img/cc-logo.f0ab4ebe.svg" width="20" height="20" data-v-a0d4e8a8=""><img loading="lazy" decoding="async" src="https://chooser-beta.creativecommons.org/img/cc-by.21b728bb.svg" width="20" height="20" data-v-a0d4e8a8=""><img loading="lazy" decoding="async" src="https://chooser-beta.creativecommons.org/img/cc-sa.d1572b71.svg" width="20" height="20" data-v-a0d4e8a8=""></span></a></p>
<p>&nbsp;</p>
<p>&nbsp;</p>
<p>&nbsp;</p>
<p>&nbsp;</p>
<p>&nbsp;</p>
<p>&nbsp;</p>
<p>&nbsp;</p>

<p>Novedades Atención al público Horarios Admisión del alumnado Matrícula Servicios complementarios Títulos académicos Libros de Texto Clave iANDE Protección de datos Secretaría by Secretaría is licensed under CC BY-SA 4.0 &nbsp; &nbsp; &nbsp; &nbsp;&#46;&#46;&#46;</p>
