{"id":4564,"date":"2020-07-01T23:13:08","date_gmt":"2020-07-01T21:13:08","guid":{"rendered":"https:\/\/blogsaverroes.juntadeandalucia.es\/iessierradegrazalema\/?page_id=4564"},"modified":"2025-07-09T08:20:18","modified_gmt":"2025-07-09T06:20:18","slug":"sobre-de-matricula","status":"publish","type":"page","link":"https:\/\/blogsaverroes.juntadeandalucia.es\/iessierradegrazalema\/secretaria\/matricula\/sobre-de-matricula\/","title":{"rendered":"Sobre de matr\u00edcula"},"content":{"rendered":"<p>Para matricularte con el sobre de matr\u00edcula de la Secretar\u00eda Virtual pulsa en el siguiente enlace:<\/p>\n<p><a href=\"https:\/\/www.juntadeandalucia.es\/educacion\/secretariavirtual\/accesoTramite\/413\/\" target=\"_blank\" rel=\"noopener\"><img loading=\"lazy\" decoding=\"async\" class=\"aligncenter wp-image-11075 size-full\" title=\"Acceso a Sobre de Matr\u00edcula\" src=\"https:\/\/blogsaverroes.juntadeandalucia.es\/iessierradegrazalema\/files\/2025\/07\/Acceso-a-Sobre-de-Matricula.png\" alt=\"\" width=\"2432\" height=\"808\" srcset=\"https:\/\/blogsaverroes.juntadeandalucia.es\/iessierradegrazalema\/files\/2025\/07\/Acceso-a-Sobre-de-Matricula.png 2432w, https:\/\/blogsaverroes.juntadeandalucia.es\/iessierradegrazalema\/files\/2025\/07\/Acceso-a-Sobre-de-Matricula-300x100.png 300w, https:\/\/blogsaverroes.juntadeandalucia.es\/iessierradegrazalema\/files\/2025\/07\/Acceso-a-Sobre-de-Matricula-1024x340.png 1024w, https:\/\/blogsaverroes.juntadeandalucia.es\/iessierradegrazalema\/files\/2025\/07\/Acceso-a-Sobre-de-Matricula-768x255.png 768w, https:\/\/blogsaverroes.juntadeandalucia.es\/iessierradegrazalema\/files\/2025\/07\/Acceso-a-Sobre-de-Matricula-1536x510.png 1536w, https:\/\/blogsaverroes.juntadeandalucia.es\/iessierradegrazalema\/files\/2025\/07\/Acceso-a-Sobre-de-Matricula-2048x680.png 2048w\" sizes=\"(max-width: 2432px) 100vw, 2432px\" \/><\/a><\/p>\n<p>Puedes consultar tu clave iAnde en iPasen\u2013Mensajes.<\/p>\n<p><strong>Si te matriculas en 3\u00ba de ESO o 4\u00ba de ESO no olvides pagar el Seguro Escolar:<\/strong><\/p>\n<p>1. Lo encontrar\u00e1s al final de la segunda p\u00e1gina del sobre de matr\u00edcula \u00ab<em>Impresos a rellenar por el\/la alumno\/a<\/em>\u00ab.<\/p>\n<p><a href=\"https:\/\/blogsaverroes.juntadeandalucia.es\/iessierradegrazalema\/files\/2024\/06\/Seguro-Escolar-1.png\" target=\"_blank\" rel=\"noopener\"><img loading=\"lazy\" decoding=\"async\" class=\"aligncenter wp-image-8241 size-full\" title=\"Seguro Escolar 1\" src=\"https:\/\/blogsaverroes.juntadeandalucia.es\/iessierradegrazalema\/files\/2024\/06\/Seguro-Escolar-1.png\" alt=\"\" width=\"1938\" height=\"298\" srcset=\"https:\/\/blogsaverroes.juntadeandalucia.es\/iessierradegrazalema\/files\/2024\/06\/Seguro-Escolar-1.png 1938w, https:\/\/blogsaverroes.juntadeandalucia.es\/iessierradegrazalema\/files\/2024\/06\/Seguro-Escolar-1-300x46.png 300w, https:\/\/blogsaverroes.juntadeandalucia.es\/iessierradegrazalema\/files\/2024\/06\/Seguro-Escolar-1-1024x157.png 1024w, https:\/\/blogsaverroes.juntadeandalucia.es\/iessierradegrazalema\/files\/2024\/06\/Seguro-Escolar-1-768x118.png 768w, https:\/\/blogsaverroes.juntadeandalucia.es\/iessierradegrazalema\/files\/2024\/06\/Seguro-Escolar-1-1536x236.png 1536w\" sizes=\"(max-width: 1938px) 100vw, 1938px\" \/><\/a><\/p>\n<p>2. Introduce los datos de tu tarjeta bancaria.<\/p>\n<p>3. Pulsa en Pagar de forma segura.<\/p>\n<p><a href=\"https:\/\/blogsaverroes.juntadeandalucia.es\/iessierradegrazalema\/files\/2025\/06\/Seguro-escolar-2.png\" target=\"_blank\" rel=\"noopener\"><img loading=\"lazy\" decoding=\"async\" class=\"aligncenter wp-image-11069\" title=\"Seguro Escolar\" src=\"https:\/\/blogsaverroes.juntadeandalucia.es\/iessierradegrazalema\/files\/2025\/06\/Seguro-escolar-2.png\" alt=\"\" width=\"800\" height=\"611\" srcset=\"https:\/\/blogsaverroes.juntadeandalucia.es\/iessierradegrazalema\/files\/2025\/06\/Seguro-escolar-2.png 1902w, https:\/\/blogsaverroes.juntadeandalucia.es\/iessierradegrazalema\/files\/2025\/06\/Seguro-escolar-2-300x229.png 300w, https:\/\/blogsaverroes.juntadeandalucia.es\/iessierradegrazalema\/files\/2025\/06\/Seguro-escolar-2-1024x782.png 1024w, https:\/\/blogsaverroes.juntadeandalucia.es\/iessierradegrazalema\/files\/2025\/06\/Seguro-escolar-2-768x586.png 768w, https:\/\/blogsaverroes.juntadeandalucia.es\/iessierradegrazalema\/files\/2025\/06\/Seguro-escolar-2-1536x1173.png 1536w\" sizes=\"(max-width: 800px) 100vw, 800px\" \/><\/a><\/p>\n<p>4. Descarga el justificante de pago.<\/p>\n<p><strong>Si olvidas pagar el Seguro Escolar mientras completas el sobre de matr\u00edcula puedes pagarlo en la Secretar\u00eda Virtual<\/strong>:<\/p>\n<p style=\"text-align: left\" align=\"CENTER\">1. Pulsa en el siguiente enlace:<\/p>\n<p align=\"CENTER\"><a href=\"https:\/\/www.juntadeandalucia.es\/educacion\/secretariavirtual\/seguroEscolar\/pagoSeguroEscolar\/\" target=\"_blank\" rel=\"noopener\"><img loading=\"lazy\" decoding=\"async\" class=\"aligncenter wp-image-11070 size-full\" title=\"Pago Seguro Escolar\" src=\"https:\/\/blogsaverroes.juntadeandalucia.es\/iessierradegrazalema\/files\/2025\/06\/Pago-Seguro-Escolar.png\" alt=\"\" width=\"2542\" height=\"1030\" srcset=\"https:\/\/blogsaverroes.juntadeandalucia.es\/iessierradegrazalema\/files\/2025\/06\/Pago-Seguro-Escolar.png 2542w, https:\/\/blogsaverroes.juntadeandalucia.es\/iessierradegrazalema\/files\/2025\/06\/Pago-Seguro-Escolar-300x122.png 300w, https:\/\/blogsaverroes.juntadeandalucia.es\/iessierradegrazalema\/files\/2025\/06\/Pago-Seguro-Escolar-1024x415.png 1024w, https:\/\/blogsaverroes.juntadeandalucia.es\/iessierradegrazalema\/files\/2025\/06\/Pago-Seguro-Escolar-768x311.png 768w, https:\/\/blogsaverroes.juntadeandalucia.es\/iessierradegrazalema\/files\/2025\/06\/Pago-Seguro-Escolar-1536x622.png 1536w, https:\/\/blogsaverroes.juntadeandalucia.es\/iessierradegrazalema\/files\/2025\/06\/Pago-Seguro-Escolar-2048x830.png 2048w\" sizes=\"(max-width: 2542px) 100vw, 2542px\" \/><\/a><\/p>\n<p style=\"text-align: left\" align=\"CENTER\">2. Introduce el NIF de tu tutor o tutora legal.<\/p>\n<p style=\"text-align: left\" align=\"CENTER\">3. Introduce tu Fecha de Nacimiento.&nbsp;<\/p>\n<p style=\"text-align: left\" align=\"CENTER\">4. Introduce el c\u00f3digo de nuestro centro: 11700998.<\/p>\n<p style=\"text-align: left\" align=\"CENTER\"><a href=\"https:\/\/blogsaverroes.juntadeandalucia.es\/iessierradegrazalema\/secretaria\/matricula\/sobre-de-matricula\/\">Sobre de matr\u00edcula<\/a> \u00a9 2025 by <a href=\"https:\/\/blogsaverroes.juntadeandalucia.es\/iessierradegrazalema\/\">Secretar\u00eda<\/a> is licensed under <a href=\"https:\/\/creativecommons.org\/licenses\/by-sa\/4.0\/\">CC BY-SA 4.0<\/a><img decoding=\"async\" style=\"max-width: 1em;max-height: 1em;margin-left: .2em\" src=\"https:\/\/mirrors.creativecommons.org\/presskit\/icons\/cc.svg\" alt=\"\"><img decoding=\"async\" style=\"max-width: 1em;max-height: 1em;margin-left: .2em\" src=\"https:\/\/mirrors.creativecommons.org\/presskit\/icons\/by.svg\" alt=\"\"><img decoding=\"async\" style=\"max-width: 1em;max-height: 1em;margin-left: .2em\" src=\"https:\/\/mirrors.creativecommons.org\/presskit\/icons\/sa.svg\" alt=\"\">&nbsp;<\/p>\n","protected":false},"excerpt":{"rendered":"<p>Para matricularte con el sobre de matr\u00edcula de la Secretar\u00eda Virtual pulsa en el siguiente enlace: Puedes consultar tu clave iAnde en iPasen\u2013Mensajes. Si te matriculas en 3\u00ba de ESO o 4\u00ba de ESO&#46;&#46;&#46;<\/p>\n","protected":false},"author":2162,"featured_media":10016,"parent":406,"menu_order":1,"comment_status":"closed","ping_status":"closed","template":"page-templates\/child-menu.php","meta":{"ngg_post_thumbnail":0,"footnotes":""},"aioseo_notices":[],"_links":{"self":[{"href":"https:\/\/blogsaverroes.juntadeandalucia.es\/iessierradegrazalema\/wp-json\/wp\/v2\/pages\/4564"}],"collection":[{"href":"https:\/\/blogsaverroes.juntadeandalucia.es\/iessierradegrazalema\/wp-json\/wp\/v2\/pages"}],"about":[{"href":"https:\/\/blogsaverroes.juntadeandalucia.es\/iessierradegrazalema\/wp-json\/wp\/v2\/types\/page"}],"author":[{"embeddable":true,"href":"https:\/\/blogsaverroes.juntadeandalucia.es\/iessierradegrazalema\/wp-json\/wp\/v2\/users\/2162"}],"replies":[{"embeddable":true,"href":"https:\/\/blogsaverroes.juntadeandalucia.es\/iessierradegrazalema\/wp-json\/wp\/v2\/comments?post=4564"}],"version-history":[{"count":26,"href":"https:\/\/blogsaverroes.juntadeandalucia.es\/iessierradegrazalema\/wp-json\/wp\/v2\/pages\/4564\/revisions"}],"predecessor-version":[{"id":11083,"href":"https:\/\/blogsaverroes.juntadeandalucia.es\/iessierradegrazalema\/wp-json\/wp\/v2\/pages\/4564\/revisions\/11083"}],"up":[{"embeddable":true,"href":"https:\/\/blogsaverroes.juntadeandalucia.es\/iessierradegrazalema\/wp-json\/wp\/v2\/pages\/406"}],"wp:featuredmedia":[{"embeddable":true,"href":"https:\/\/blogsaverroes.juntadeandalucia.es\/iessierradegrazalema\/wp-json\/wp\/v2\/media\/10016"}],"wp:attachment":[{"href":"https:\/\/blogsaverroes.juntadeandalucia.es\/iessierradegrazalema\/wp-json\/wp\/v2\/media?parent=4564"}],"curies":[{"name":"wp","href":"https:\/\/api.w.org\/{rel}","templated":true}]}}