{"id":4651,"date":"2020-07-28T21:14:49","date_gmt":"2020-07-28T19:14:49","guid":{"rendered":"https:\/\/blogsaverroes.juntadeandalucia.es\/iessierradegrazalema\/?page_id=4651"},"modified":"2025-01-09T23:17:36","modified_gmt":"2025-01-09T22:17:36","slug":"orientacion-academica","status":"publish","type":"page","link":"https:\/\/blogsaverroes.juntadeandalucia.es\/iessierradegrazalema\/departamentos-2\/orientacion\/orientacion-academica\/","title":{"rendered":"Orientaci\u00f3n acad\u00e9mica"},"content":{"rendered":"<p><span style=\"color: #339966\"><a style=\"color: #339966\" href=\"https:\/\/blogsaverroes.juntadeandalucia.es\/iessierradegrazalema\/files\/2020\/07\/Orientacio\u0301n-acade\u0301mica-para-3\u00ba-ESO.pdf\" target=\"_blank\" rel=\"noopener noreferrer\">Orientaci\u00f3n acad\u00e9mica para 3\u00ba ESO<\/a><\/span><\/p>\n<p><a href=\"https:\/\/blogsaverroes.juntadeandalucia.es\/iessierradegrazalema\/files\/2020\/07\/Orientacio\u0301n-acade\u0301mica-para-3\u00ba-ESO.pdf\" target=\"_blank\" rel=\"noopener noreferrer\"><img loading=\"lazy\" decoding=\"async\" class=\"alignnone wp-image-4671\" title=\"Orientaci\u00f3n acad\u00e9mica para 3\u00ba ESO\" src=\"https:\/\/blogsaverroes.juntadeandalucia.es\/iessierradegrazalema\/files\/2020\/07\/Orientacio\u0301n-acade\u0301mica-3\u00ba-ESO.-Imagen-300x168.png\" alt=\"\" width=\"800\" height=\"449\" srcset=\"https:\/\/blogsaverroes.juntadeandalucia.es\/iessierradegrazalema\/files\/2020\/07\/Orientacio\u0301n-acade\u0301mica-3\u00ba-ESO.-Imagen-300x168.png 300w, https:\/\/blogsaverroes.juntadeandalucia.es\/iessierradegrazalema\/files\/2020\/07\/Orientacio\u0301n-acade\u0301mica-3\u00ba-ESO.-Imagen-768x431.png 768w, https:\/\/blogsaverroes.juntadeandalucia.es\/iessierradegrazalema\/files\/2020\/07\/Orientacio\u0301n-acade\u0301mica-3\u00ba-ESO.-Imagen-1024x574.png 1024w, https:\/\/blogsaverroes.juntadeandalucia.es\/iessierradegrazalema\/files\/2020\/07\/Orientacio\u0301n-acade\u0301mica-3\u00ba-ESO.-Imagen-24x13.png 24w, https:\/\/blogsaverroes.juntadeandalucia.es\/iessierradegrazalema\/files\/2020\/07\/Orientacio\u0301n-acade\u0301mica-3\u00ba-ESO.-Imagen-36x20.png 36w, https:\/\/blogsaverroes.juntadeandalucia.es\/iessierradegrazalema\/files\/2020\/07\/Orientacio\u0301n-acade\u0301mica-3\u00ba-ESO.-Imagen-48x27.png 48w\" sizes=\"(max-width: 800px) 100vw, 800px\" \/><\/a><\/p>\n<p>&nbsp;<\/p>\n<p><span style=\"color: #339966\"><a style=\"color: #339966\" href=\"https:\/\/blogsaverroes.juntadeandalucia.es\/iessierradegrazalema\/files\/2020\/07\/Orientacio\u0301n-acade\u0301mica-para-3\u00ba-y-4\u00ba-ESO.pdf\" target=\"_blank\" rel=\"noopener noreferrer\">Orientaci\u00f3n acad\u00e9mica para 3\u00ba ESO y 4\u00ba ESO<\/a><\/span><\/p>\n<p><a href=\"https:\/\/blogsaverroes.juntadeandalucia.es\/iessierradegrazalema\/files\/2020\/07\/Orientacio\u0301n-acade\u0301mica-para-3\u00ba-y-4\u00ba-ESO.pdf\" target=\"_blank\" rel=\"noopener noreferrer\"><img loading=\"lazy\" decoding=\"async\" class=\"alignnone wp-image-4676\" title=\"Orientaci\u00f3n acad\u00e9mica para 3\u00ba ESO y 4\u00ba ESO\" src=\"https:\/\/blogsaverroes.juntadeandalucia.es\/iessierradegrazalema\/files\/2020\/07\/Orientacio\u0301n-acade\u0301mica-para-3\u00ba-ESO-y-4\u00ba-ESO.-Imagen-300x150.png\" alt=\"\" width=\"800\" height=\"400\" srcset=\"https:\/\/blogsaverroes.juntadeandalucia.es\/iessierradegrazalema\/files\/2020\/07\/Orientacio\u0301n-acade\u0301mica-para-3\u00ba-ESO-y-4\u00ba-ESO.-Imagen-300x150.png 300w, https:\/\/blogsaverroes.juntadeandalucia.es\/iessierradegrazalema\/files\/2020\/07\/Orientacio\u0301n-acade\u0301mica-para-3\u00ba-ESO-y-4\u00ba-ESO.-Imagen-768x384.png 768w, https:\/\/blogsaverroes.juntadeandalucia.es\/iessierradegrazalema\/files\/2020\/07\/Orientacio\u0301n-acade\u0301mica-para-3\u00ba-ESO-y-4\u00ba-ESO.-Imagen-1024x512.png 1024w, https:\/\/blogsaverroes.juntadeandalucia.es\/iessierradegrazalema\/files\/2020\/07\/Orientacio\u0301n-acade\u0301mica-para-3\u00ba-ESO-y-4\u00ba-ESO.-Imagen-24x12.png 24w, https:\/\/blogsaverroes.juntadeandalucia.es\/iessierradegrazalema\/files\/2020\/07\/Orientacio\u0301n-acade\u0301mica-para-3\u00ba-ESO-y-4\u00ba-ESO.-Imagen-36x18.png 36w, https:\/\/blogsaverroes.juntadeandalucia.es\/iessierradegrazalema\/files\/2020\/07\/Orientacio\u0301n-acade\u0301mica-para-3\u00ba-ESO-y-4\u00ba-ESO.-Imagen-48x24.png 48w, https:\/\/blogsaverroes.juntadeandalucia.es\/iessierradegrazalema\/files\/2020\/07\/Orientacio\u0301n-acade\u0301mica-para-3\u00ba-ESO-y-4\u00ba-ESO.-Imagen.png 1660w\" sizes=\"(max-width: 800px) 100vw, 800px\" \/><\/a><\/p>\n<p>&nbsp;<\/p>\n<p><span style=\"color: #339966\"><a style=\"color: #339966\" href=\"https:\/\/blogsaverroes.juntadeandalucia.es\/iessierradegrazalema\/files\/2020\/07\/Ciclos-Formativos-de-Grado-Medio.-Informacio\u0301n.pdf\" target=\"_blank\" rel=\"noopener noreferrer\">Informaci\u00f3n sobre los Ciclos Formativos de Grado Medio<\/a><\/span><\/p>\n<p><a href=\"https:\/\/blogsaverroes.juntadeandalucia.es\/iessierradegrazalema\/files\/2020\/07\/Ciclos-Formativos-de-Grado-Medio.-Informacio\u0301n.pdf\" target=\"_blank\" rel=\"noopener noreferrer\"><img loading=\"lazy\" decoding=\"async\" class=\"alignnone wp-image-4680\" title=\"Informaci\u00f3n sobre los Ciclos Formativos de Grado Medio\" src=\"https:\/\/blogsaverroes.juntadeandalucia.es\/iessierradegrazalema\/files\/2020\/07\/Ciclos-Formativos-de-Grado-Medio.-Imagen-300x164.png\" alt=\"\" width=\"800\" height=\"438\" srcset=\"https:\/\/blogsaverroes.juntadeandalucia.es\/iessierradegrazalema\/files\/2020\/07\/Ciclos-Formativos-de-Grado-Medio.-Imagen-300x164.png 300w, https:\/\/blogsaverroes.juntadeandalucia.es\/iessierradegrazalema\/files\/2020\/07\/Ciclos-Formativos-de-Grado-Medio.-Imagen-768x421.png 768w, https:\/\/blogsaverroes.juntadeandalucia.es\/iessierradegrazalema\/files\/2020\/07\/Ciclos-Formativos-de-Grado-Medio.-Imagen-1024x561.png 1024w, https:\/\/blogsaverroes.juntadeandalucia.es\/iessierradegrazalema\/files\/2020\/07\/Ciclos-Formativos-de-Grado-Medio.-Imagen-24x13.png 24w, https:\/\/blogsaverroes.juntadeandalucia.es\/iessierradegrazalema\/files\/2020\/07\/Ciclos-Formativos-de-Grado-Medio.-Imagen-36x20.png 36w, https:\/\/blogsaverroes.juntadeandalucia.es\/iessierradegrazalema\/files\/2020\/07\/Ciclos-Formativos-de-Grado-Medio.-Imagen-48x26.png 48w, https:\/\/blogsaverroes.juntadeandalucia.es\/iessierradegrazalema\/files\/2020\/07\/Ciclos-Formativos-de-Grado-Medio.-Imagen.png 1880w\" sizes=\"(max-width: 800px) 100vw, 800px\" \/><\/a><\/p>\n<p>&nbsp;<\/p>\n<p><span style=\"color: #339966\"><a style=\"color: #339966\" href=\"https:\/\/blogsaverroes.juntadeandalucia.es\/iessierradegrazalema\/files\/2020\/07\/Enlaces-consultas.pdf\" target=\"_blank\" rel=\"noopener noreferrer\">Enlaces consulta<\/a><\/span><\/p>\n<p><a href=\"https:\/\/blogsaverroes.juntadeandalucia.es\/iessierradegrazalema\/files\/2020\/07\/Enlaces-consultas.pdf\" target=\"_blank\" rel=\"noopener noreferrer\"><img loading=\"lazy\" decoding=\"async\" class=\"alignnone wp-image-4683\" title=\"Enlaces consulta\" src=\"https:\/\/blogsaverroes.juntadeandalucia.es\/iessierradegrazalema\/files\/2020\/07\/Enlaces-consultas.-Imagen-300x168.png\" alt=\"\" width=\"800\" height=\"449\" srcset=\"https:\/\/blogsaverroes.juntadeandalucia.es\/iessierradegrazalema\/files\/2020\/07\/Enlaces-consultas.-Imagen-300x168.png 300w, https:\/\/blogsaverroes.juntadeandalucia.es\/iessierradegrazalema\/files\/2020\/07\/Enlaces-consultas.-Imagen-768x431.png 768w, https:\/\/blogsaverroes.juntadeandalucia.es\/iessierradegrazalema\/files\/2020\/07\/Enlaces-consultas.-Imagen-1024x575.png 1024w, https:\/\/blogsaverroes.juntadeandalucia.es\/iessierradegrazalema\/files\/2020\/07\/Enlaces-consultas.-Imagen-24x13.png 24w, https:\/\/blogsaverroes.juntadeandalucia.es\/iessierradegrazalema\/files\/2020\/07\/Enlaces-consultas.-Imagen-36x20.png 36w, https:\/\/blogsaverroes.juntadeandalucia.es\/iessierradegrazalema\/files\/2020\/07\/Enlaces-consultas.-Imagen-48x27.png 48w\" sizes=\"(max-width: 800px) 100vw, 800px\" \/><\/a><\/p>\n<p>&nbsp;<br \/>\n<a href=\"http:\/\/creativecommons.org\/licenses\/by-sa\/4.0\/\" rel=\"license\"><img decoding=\"async\" style=\"border-width: 0\" src=\"https:\/\/i.creativecommons.org\/l\/by-sa\/4.0\/88x31.png\" alt=\"Licencia de Creative Commons\"><\/a><br \/>\nOrientaci\u00f3n acad\u00e9mica by <span style=\"color: #3366ff\">Cristina Fern\u00e1ndez S\u00e1nchez<\/span> is licensed under a<span style=\"color: #3366ff\"> <a style=\"color: #3366ff\" href=\"http:\/\/creativecommons.org\/licenses\/by-sa\/4.0\/\" rel=\"license\">Creative Commons Reconocimiento-CompartirIgual 4.0 Internacional License<\/a>.<\/span><\/p>\n","protected":false},"excerpt":{"rendered":"<p>Orientaci\u00f3n acad\u00e9mica para 3\u00ba ESO &nbsp; Orientaci\u00f3n acad\u00e9mica para 3\u00ba ESO y 4\u00ba ESO &nbsp; Informaci\u00f3n sobre los Ciclos Formativos de Grado Medio &nbsp; Enlaces consulta &nbsp; Orientaci\u00f3n acad\u00e9mica by Cristina Fern\u00e1ndez S\u00e1nchez is&#46;&#46;&#46;<\/p>\n","protected":false},"author":2162,"featured_media":0,"parent":561,"menu_order":2,"comment_status":"closed","ping_status":"closed","template":"page-templates\/child-menu.php","meta":{"ngg_post_thumbnail":0,"footnotes":""},"aioseo_notices":[],"_links":{"self":[{"href":"https:\/\/blogsaverroes.juntadeandalucia.es\/iessierradegrazalema\/wp-json\/wp\/v2\/pages\/4651"}],"collection":[{"href":"https:\/\/blogsaverroes.juntadeandalucia.es\/iessierradegrazalema\/wp-json\/wp\/v2\/pages"}],"about":[{"href":"https:\/\/blogsaverroes.juntadeandalucia.es\/iessierradegrazalema\/wp-json\/wp\/v2\/types\/page"}],"author":[{"embeddable":true,"href":"https:\/\/blogsaverroes.juntadeandalucia.es\/iessierradegrazalema\/wp-json\/wp\/v2\/users\/2162"}],"replies":[{"embeddable":true,"href":"https:\/\/blogsaverroes.juntadeandalucia.es\/iessierradegrazalema\/wp-json\/wp\/v2\/comments?post=4651"}],"version-history":[{"count":20,"href":"https:\/\/blogsaverroes.juntadeandalucia.es\/iessierradegrazalema\/wp-json\/wp\/v2\/pages\/4651\/revisions"}],"predecessor-version":[{"id":9469,"href":"https:\/\/blogsaverroes.juntadeandalucia.es\/iessierradegrazalema\/wp-json\/wp\/v2\/pages\/4651\/revisions\/9469"}],"up":[{"embeddable":true,"href":"https:\/\/blogsaverroes.juntadeandalucia.es\/iessierradegrazalema\/wp-json\/wp\/v2\/pages\/561"}],"wp:attachment":[{"href":"https:\/\/blogsaverroes.juntadeandalucia.es\/iessierradegrazalema\/wp-json\/wp\/v2\/media?parent=4651"}],"curies":[{"name":"wp","href":"https:\/\/api.w.org\/{rel}","templated":true}]}}

Orientación académica

<p><span style="color: #339966"><a style="color: #339966" href="https://blogsaverroes.juntadeandalucia.es/iessierradegrazalema/files/2020/07/Orientación-académica-para-3º-ESO.pdf" target="_blank" rel="noopener noreferrer">Orientación académica para 3º ESO</a></span></p>
<p><a href="https://blogsaverroes.juntadeandalucia.es/iessierradegrazalema/files/2020/07/Orientación-académica-para-3º-ESO.pdf" target="_blank" rel="noopener noreferrer"><img loading="lazy" decoding="async" class="alignnone wp-image-4671" title="Orientación académica para 3º ESO" src="https://blogsaverroes.juntadeandalucia.es/iessierradegrazalema/files/2020/07/Orientación-académica-3º-ESO.-Imagen-300x168.png" alt="" width="800" height="449" srcset="https://blogsaverroes.juntadeandalucia.es/iessierradegrazalema/files/2020/07/Orientación-académica-3º-ESO.-Imagen-300x168.png 300w, https://blogsaverroes.juntadeandalucia.es/iessierradegrazalema/files/2020/07/Orientación-académica-3º-ESO.-Imagen-768x431.png 768w, https://blogsaverroes.juntadeandalucia.es/iessierradegrazalema/files/2020/07/Orientación-académica-3º-ESO.-Imagen-1024x574.png 1024w, https://blogsaverroes.juntadeandalucia.es/iessierradegrazalema/files/2020/07/Orientación-académica-3º-ESO.-Imagen-24x13.png 24w, https://blogsaverroes.juntadeandalucia.es/iessierradegrazalema/files/2020/07/Orientación-académica-3º-ESO.-Imagen-36x20.png 36w, https://blogsaverroes.juntadeandalucia.es/iessierradegrazalema/files/2020/07/Orientación-académica-3º-ESO.-Imagen-48x27.png 48w" sizes="(max-width: 800px) 100vw, 800px" /></a></p>
<p>&nbsp;</p>
<p><span style="color: #339966"><a style="color: #339966" href="https://blogsaverroes.juntadeandalucia.es/iessierradegrazalema/files/2020/07/Orientación-académica-para-3º-y-4º-ESO.pdf" target="_blank" rel="noopener noreferrer">Orientación académica para 3º ESO y 4º ESO</a></span></p>
<p><a href="https://blogsaverroes.juntadeandalucia.es/iessierradegrazalema/files/2020/07/Orientación-académica-para-3º-y-4º-ESO.pdf" target="_blank" rel="noopener noreferrer"><img loading="lazy" decoding="async" class="alignnone wp-image-4676" title="Orientación académica para 3º ESO y 4º ESO" src="https://blogsaverroes.juntadeandalucia.es/iessierradegrazalema/files/2020/07/Orientación-académica-para-3º-ESO-y-4º-ESO.-Imagen-300x150.png" alt="" width="800" height="400" srcset="https://blogsaverroes.juntadeandalucia.es/iessierradegrazalema/files/2020/07/Orientación-académica-para-3º-ESO-y-4º-ESO.-Imagen-300x150.png 300w, https://blogsaverroes.juntadeandalucia.es/iessierradegrazalema/files/2020/07/Orientación-académica-para-3º-ESO-y-4º-ESO.-Imagen-768x384.png 768w, https://blogsaverroes.juntadeandalucia.es/iessierradegrazalema/files/2020/07/Orientación-académica-para-3º-ESO-y-4º-ESO.-Imagen-1024x512.png 1024w, https://blogsaverroes.juntadeandalucia.es/iessierradegrazalema/files/2020/07/Orientación-académica-para-3º-ESO-y-4º-ESO.-Imagen-24x12.png 24w, https://blogsaverroes.juntadeandalucia.es/iessierradegrazalema/files/2020/07/Orientación-académica-para-3º-ESO-y-4º-ESO.-Imagen-36x18.png 36w, https://blogsaverroes.juntadeandalucia.es/iessierradegrazalema/files/2020/07/Orientación-académica-para-3º-ESO-y-4º-ESO.-Imagen-48x24.png 48w, https://blogsaverroes.juntadeandalucia.es/iessierradegrazalema/files/2020/07/Orientación-académica-para-3º-ESO-y-4º-ESO.-Imagen.png 1660w" sizes="(max-width: 800px) 100vw, 800px" /></a></p>
<p>&nbsp;</p>
<p><span style="color: #339966"><a style="color: #339966" href="https://blogsaverroes.juntadeandalucia.es/iessierradegrazalema/files/2020/07/Ciclos-Formativos-de-Grado-Medio.-Información.pdf" target="_blank" rel="noopener noreferrer">Información sobre los Ciclos Formativos de Grado Medio</a></span></p>
<p><a href="https://blogsaverroes.juntadeandalucia.es/iessierradegrazalema/files/2020/07/Ciclos-Formativos-de-Grado-Medio.-Información.pdf" target="_blank" rel="noopener noreferrer"><img loading="lazy" decoding="async" class="alignnone wp-image-4680" title="Información sobre los Ciclos Formativos de Grado Medio" src="https://blogsaverroes.juntadeandalucia.es/iessierradegrazalema/files/2020/07/Ciclos-Formativos-de-Grado-Medio.-Imagen-300x164.png" alt="" width="800" height="438" srcset="https://blogsaverroes.juntadeandalucia.es/iessierradegrazalema/files/2020/07/Ciclos-Formativos-de-Grado-Medio.-Imagen-300x164.png 300w, https://blogsaverroes.juntadeandalucia.es/iessierradegrazalema/files/2020/07/Ciclos-Formativos-de-Grado-Medio.-Imagen-768x421.png 768w, https://blogsaverroes.juntadeandalucia.es/iessierradegrazalema/files/2020/07/Ciclos-Formativos-de-Grado-Medio.-Imagen-1024x561.png 1024w, https://blogsaverroes.juntadeandalucia.es/iessierradegrazalema/files/2020/07/Ciclos-Formativos-de-Grado-Medio.-Imagen-24x13.png 24w, https://blogsaverroes.juntadeandalucia.es/iessierradegrazalema/files/2020/07/Ciclos-Formativos-de-Grado-Medio.-Imagen-36x20.png 36w, https://blogsaverroes.juntadeandalucia.es/iessierradegrazalema/files/2020/07/Ciclos-Formativos-de-Grado-Medio.-Imagen-48x26.png 48w, https://blogsaverroes.juntadeandalucia.es/iessierradegrazalema/files/2020/07/Ciclos-Formativos-de-Grado-Medio.-Imagen.png 1880w" sizes="(max-width: 800px) 100vw, 800px" /></a></p>
<p>&nbsp;</p>
<p><span style="color: #339966"><a style="color: #339966" href="https://blogsaverroes.juntadeandalucia.es/iessierradegrazalema/files/2020/07/Enlaces-consultas.pdf" target="_blank" rel="noopener noreferrer">Enlaces consulta</a></span></p>
<p><a href="https://blogsaverroes.juntadeandalucia.es/iessierradegrazalema/files/2020/07/Enlaces-consultas.pdf" target="_blank" rel="noopener noreferrer"><img loading="lazy" decoding="async" class="alignnone wp-image-4683" title="Enlaces consulta" src="https://blogsaverroes.juntadeandalucia.es/iessierradegrazalema/files/2020/07/Enlaces-consultas.-Imagen-300x168.png" alt="" width="800" height="449" srcset="https://blogsaverroes.juntadeandalucia.es/iessierradegrazalema/files/2020/07/Enlaces-consultas.-Imagen-300x168.png 300w, https://blogsaverroes.juntadeandalucia.es/iessierradegrazalema/files/2020/07/Enlaces-consultas.-Imagen-768x431.png 768w, https://blogsaverroes.juntadeandalucia.es/iessierradegrazalema/files/2020/07/Enlaces-consultas.-Imagen-1024x575.png 1024w, https://blogsaverroes.juntadeandalucia.es/iessierradegrazalema/files/2020/07/Enlaces-consultas.-Imagen-24x13.png 24w, https://blogsaverroes.juntadeandalucia.es/iessierradegrazalema/files/2020/07/Enlaces-consultas.-Imagen-36x20.png 36w, https://blogsaverroes.juntadeandalucia.es/iessierradegrazalema/files/2020/07/Enlaces-consultas.-Imagen-48x27.png 48w" sizes="(max-width: 800px) 100vw, 800px" /></a></p>
<p>&nbsp;<br />
<a href="http://creativecommons.org/licenses/by-sa/4.0/" rel="license"><img decoding="async" style="border-width: 0" src="https://i.creativecommons.org/l/by-sa/4.0/88x31.png" alt="Licencia de Creative Commons"></a><br />
Orientación académica by <span style="color: #3366ff">Cristina Fernández Sánchez</span> is licensed under a<span style="color: #3366ff"> <a style="color: #3366ff" href="http://creativecommons.org/licenses/by-sa/4.0/" rel="license">Creative Commons Reconocimiento-CompartirIgual 4.0 Internacional License</a>.</span></p>

<p>Orientación académica para 3º ESO &nbsp; Orientación académica para 3º ESO y 4º ESO &nbsp; Información sobre los Ciclos Formativos de Grado Medio &nbsp; Enlaces consulta &nbsp; Orientación académica by Cristina Fernández Sánchez is&#46;&#46;&#46;</p>
