{"id":2820,"date":"2017-03-03T18:28:18","date_gmt":"2017-03-03T17:28:18","guid":{"rendered":"http:\/\/blogsaverroes.juntadeandalucia.es\/iessierrasur\/?page_id=2820"},"modified":"2019-10-17T22:22:45","modified_gmt":"2019-10-17T21:22:45","slug":"educacion-plastica-2","status":"publish","type":"page","link":"https:\/\/blogsaverroes.juntadeandalucia.es\/iessierrasur\/educacion-plastica-2\/","title":{"rendered":"Educaci\u00f3n pl\u00e1stica &#8211; M\u00fasica"},"content":{"rendered":"<p><strong>Los contenidos de esta p\u00e1gina pronto estar\u00e1n disponibles, disculpen las molestias.<\/strong><\/p>\n","protected":false},"excerpt":{"rendered":"<p>Los contenidos de esta p\u00e1gina pronto estar\u00e1n disponibles, disculpen las molestias.<\/p>\n","protected":false},"author":3820,"featured_media":0,"parent":0,"menu_order":0,"comment_status":"closed","ping_status":"closed","template":"","meta":{"ngg_post_thumbnail":0,"footnotes":"","_mc_calendar":[]},"aioseo_notices":[],"_links":{"self":[{"href":"https:\/\/blogsaverroes.juntadeandalucia.es\/iessierrasur\/wp-json\/wp\/v2\/pages\/2820"}],"collection":[{"href":"https:\/\/blogsaverroes.juntadeandalucia.es\/iessierrasur\/wp-json\/wp\/v2\/pages"}],"about":[{"href":"https:\/\/blogsaverroes.juntadeandalucia.es\/iessierrasur\/wp-json\/wp\/v2\/types\/page"}],"author":[{"embeddable":true,"href":"https:\/\/blogsaverroes.juntadeandalucia.es\/iessierrasur\/wp-json\/wp\/v2\/users\/3820"}],"replies":[{"embeddable":true,"href":"https:\/\/blogsaverroes.juntadeandalucia.es\/iessierrasur\/wp-json\/wp\/v2\/comments?post=2820"}],"version-history":[{"count":5,"href":"https:\/\/blogsaverroes.juntadeandalucia.es\/iessierrasur\/wp-json\/wp\/v2\/pages\/2820\/revisions"}],"predecessor-version":[{"id":4432,"href":"https:\/\/blogsaverroes.juntadeandalucia.es\/iessierrasur\/wp-json\/wp\/v2\/pages\/2820\/revisions\/4432"}],"wp:attachment":[{"href":"https:\/\/blogsaverroes.juntadeandalucia.es\/iessierrasur\/wp-json\/wp\/v2\/media?parent=2820"}],"curies":[{"name":"wp","href":"https:\/\/api.w.org\/{rel}","templated":true}]}}