{"id":3755,"date":"2022-11-11T12:25:51","date_gmt":"2022-11-11T12:25:51","guid":{"rendered":"https:\/\/blogsaverroes.juntadeandalucia.es\/iessilena\/?page_id=3755"},"modified":"2023-06-01T19:14:09","modified_gmt":"2023-06-01T19:14:09","slug":"documentos-para-el-profesorado","status":"publish","type":"page","link":"https:\/\/blogsaverroes.juntadeandalucia.es\/iessilena\/documentos-para-el-profesorado\/","title":{"rendered":"Documentos para el profesorado"},"content":{"rendered":"<p style=\"text-align: center\"><strong>Plan de actuaci\u00f3n del PLC (A\u00f1o 1)<\/strong><\/p>\n<p><strong>Haz click para acceder al plan de actuaci\u00f3n:\u00a0<\/strong><\/p>\n<p><a href=\"https:\/\/blogsaverroes.juntadeandalucia.es\/iessilena\/files\/2022\/11\/Plan-de-actuaci\u00f3n-PLC-A\u00f1o-uno-IES-SILENA-GILENA.pdf\">Plan de actuaci\u00f3n PLC (A\u00f1o uno) IES SILENA (GILENA)<\/a><\/p>\n<p><strong>\u2022 Documento \u00fatil para unificar los encabezados en las pruebas escritas.\u00a0<\/strong><\/p>\n<p><a href=\"https:\/\/blogsaverroes.juntadeandalucia.es\/iessilena\/files\/2023\/01\/Cabecera-de-los-ex\u00e1menes.pdf\">Cabecera de los ex\u00e1menes<\/a> (Formato PDF)<\/p>\n<p><a href=\"https:\/\/blogsaverroes.juntadeandalucia.es\/iessilena\/files\/2023\/01\/Cabecera-de-los-ex\u00e1menes.docx\">Cabecera de los ex\u00e1menes<\/a> (Formato Word)<\/p>\n<p>\u2022<strong> Documento de manual de estilo para presentar trabajos acad\u00e9micos:\u00a0<\/strong><\/p>\n<p><a href=\"https:\/\/blogsaverroes.juntadeandalucia.es\/iessilena\/files\/2023\/06\/Pautas-para-trabajos-escritos.pdf\">Pautas para trabajos escritos<\/a> (Formato PDF)<\/p>\n<p style=\"text-align: justify\"><strong>\u2022 Documentos \u00fatiles para que el profesorado de las \u00e1reas ling\u00fc\u00edsticas y no ling\u00fc\u00edsticas trabaje la did\u00e1ctica de la lectura, la oralidad y la escritura con el alumnado.\u00a0<\/strong><\/p>\n<p style=\"text-align: justify\"><strong>1. \u00bfC\u00f3mo abordar la did\u00e1ctica de la lectura? <\/strong><\/p>\n<p><strong><a href=\"https:\/\/blogsaverroes.juntadeandalucia.es\/iessilena\/files\/2022\/11\/Pautas-para-trabajar-la-did\u00e1ctica-de-la-lectura.pdf\">Pautas para trabajar la did\u00e1ctica de la lectura<\/a><\/strong><\/p>\n<p><strong>2. \u00bfC\u00f3mo elaborar una buena exposici\u00f3n oral? <\/strong><\/p>\n<p><strong><a href=\"https:\/\/blogsaverroes.juntadeandalucia.es\/iessilena\/files\/2022\/11\/C\u00f3mo-elaborar-una-buena-exposici\u00f3n-oral.pdf\">C\u00f3mo elaborar una buena exposici\u00f3n oral<\/a>\u00a0<\/strong><\/p>\n<p><strong>3. \u00bfC\u00f3mo abordar la did\u00e1ctica de la escritura? <\/strong><\/p>\n<p><strong><a href=\"https:\/\/blogsaverroes.juntadeandalucia.es\/iessilena\/files\/2022\/11\/Pautas-para-trabajar-la-did\u00e1ctica-de-la-escritura.pdf\">Pautas para trabajar la did\u00e1ctica de la escritura<\/a><\/strong><\/p>\n<p><strong>\u2022 R\u00fabricas de evaluaci\u00f3n:\u00a0<\/strong><\/p>\n<ul>\n<li><strong>R\u00fabrica para evaluar el cuaderno (<a href=\"https:\/\/blogsaverroes.juntadeandalucia.es\/iessilena\/files\/2022\/11\/Normas-y-criterios-del-cuaderno-de-clase.pdf\">Normas y criterios del cuaderno de clase)<\/a><\/strong><\/li>\n<li><strong>R\u00fabrica para evaluar la lectura de textos (<a href=\"https:\/\/blogsaverroes.juntadeandalucia.es\/iessilena\/files\/2022\/11\/R\u00fabrica-de-comprensi\u00f3n-lectora-2.pdf\">R\u00fabrica de comprensi\u00f3n lectora)<\/a><\/strong><\/li>\n<li><strong>R\u00fabricas para evaluar exposici\u00f3n e intervenciones orales:<\/strong><\/li>\n<\/ul>\n<p><strong>\u00a0 \u00a0\u00a0 \u00a0\u00a0 <a href=\"https:\/\/blogsaverroes.juntadeandalucia.es\/iessilena\/files\/2022\/11\/R\u00fabrica-de-oralidad-1.pdf\">R\u00fabrica de oralidad (I)<\/a><\/strong><\/p>\n<p><strong><a href=\"https:\/\/blogsaverroes.juntadeandalucia.es\/iessilena\/files\/2022\/11\/R\u00fabrica-de-oralidad-II.pdf\">\u00a0 \u00a0 \u00a0 \u00a0 R\u00fabrica de oralidad (II)<\/a><\/strong><\/p>\n<ul>\n<li><strong>R\u00fabrica para evaluar la escritura de textos (<a href=\"https:\/\/blogsaverroes.juntadeandalucia.es\/iessilena\/files\/2022\/11\/R\u00fabrica-de-escritura-1.pdf\">R\u00fabrica de escritura)<\/a><\/strong><\/li>\n<\/ul>\n<p style=\"text-align: center\">\n","protected":false},"excerpt":{"rendered":"<p>Plan de actuaci\u00f3n del PLC (A\u00f1o 1) Haz click para acceder al plan de actuaci\u00f3n:\u00a0 Plan de actuaci\u00f3n PLC (A\u00f1o uno) IES SILENA (GILENA) \u2022 Documento \u00fatil para unificar los&#46;&#46;&#46;<\/p>\n","protected":false},"author":4892,"featured_media":0,"parent":0,"menu_order":0,"comment_status":"closed","ping_status":"closed","template":"","meta":{"ngg_post_thumbnail":0,"footnotes":"","_mc_calendar":[]},"aioseo_notices":[],"_links":{"self":[{"href":"https:\/\/blogsaverroes.juntadeandalucia.es\/iessilena\/wp-json\/wp\/v2\/pages\/3755"}],"collection":[{"href":"https:\/\/blogsaverroes.juntadeandalucia.es\/iessilena\/wp-json\/wp\/v2\/pages"}],"about":[{"href":"https:\/\/blogsaverroes.juntadeandalucia.es\/iessilena\/wp-json\/wp\/v2\/types\/page"}],"author":[{"embeddable":true,"href":"https:\/\/blogsaverroes.juntadeandalucia.es\/iessilena\/wp-json\/wp\/v2\/users\/4892"}],"replies":[{"embeddable":true,"href":"https:\/\/blogsaverroes.juntadeandalucia.es\/iessilena\/wp-json\/wp\/v2\/comments?post=3755"}],"version-history":[{"count":23,"href":"https:\/\/blogsaverroes.juntadeandalucia.es\/iessilena\/wp-json\/wp\/v2\/pages\/3755\/revisions"}],"predecessor-version":[{"id":4608,"href":"https:\/\/blogsaverroes.juntadeandalucia.es\/iessilena\/wp-json\/wp\/v2\/pages\/3755\/revisions\/4608"}],"wp:attachment":[{"href":"https:\/\/blogsaverroes.juntadeandalucia.es\/iessilena\/wp-json\/wp\/v2\/media?parent=3755"}],"curies":[{"name":"wp","href":"https:\/\/api.w.org\/{rel}","templated":true}]}}

<p style="text-align: center"><strong>Plan de actuación del PLC (Año 1)</strong></p>
<p><strong>Haz click para acceder al plan de actuación: </strong></p>
<p><a href="https://blogsaverroes.juntadeandalucia.es/iessilena/files/2022/11/Plan-de-actuación-PLC-Año-uno-IES-SILENA-GILENA.pdf">Plan de actuación PLC (Año uno) IES SILENA (GILENA)</a></p>
<p><strong>• Documento útil para unificar los encabezados en las pruebas escritas. </strong></p>
<p><a href="https://blogsaverroes.juntadeandalucia.es/iessilena/files/2023/01/Cabecera-de-los-exámenes.pdf">Cabecera de los exámenes</a> (Formato PDF)</p>
<p><a href="https://blogsaverroes.juntadeandalucia.es/iessilena/files/2023/01/Cabecera-de-los-exámenes.docx">Cabecera de los exámenes</a> (Formato Word)</p>
<p>•<strong> Documento de manual de estilo para presentar trabajos académicos: </strong></p>
<p><a href="https://blogsaverroes.juntadeandalucia.es/iessilena/files/2023/06/Pautas-para-trabajos-escritos.pdf">Pautas para trabajos escritos</a> (Formato PDF)</p>
<p style="text-align: justify"><strong>• Documentos útiles para que el profesorado de las áreas lingüísticas y no lingüísticas trabaje la didáctica de la lectura, la oralidad y la escritura con el alumnado. </strong></p>
<p style="text-align: justify"><strong>1. ¿Cómo abordar la didáctica de la lectura? </strong></p>
<p><strong><a href="https://blogsaverroes.juntadeandalucia.es/iessilena/files/2022/11/Pautas-para-trabajar-la-didáctica-de-la-lectura.pdf">Pautas para trabajar la didáctica de la lectura</a></strong></p>
<p><strong>2. ¿Cómo elaborar una buena exposición oral? </strong></p>
<p><strong><a href="https://blogsaverroes.juntadeandalucia.es/iessilena/files/2022/11/Cómo-elaborar-una-buena-exposición-oral.pdf">Cómo elaborar una buena exposición oral</a> </strong></p>
<p><strong>3. ¿Cómo abordar la didáctica de la escritura? </strong></p>
<p><strong><a href="https://blogsaverroes.juntadeandalucia.es/iessilena/files/2022/11/Pautas-para-trabajar-la-didáctica-de-la-escritura.pdf">Pautas para trabajar la didáctica de la escritura</a></strong></p>
<p><strong>• Rúbricas de evaluación: </strong></p>
<ul>
<li><strong>Rúbrica para evaluar el cuaderno (<a href="https://blogsaverroes.juntadeandalucia.es/iessilena/files/2022/11/Normas-y-criterios-del-cuaderno-de-clase.pdf">Normas y criterios del cuaderno de clase)</a></strong></li>
<li><strong>Rúbrica para evaluar la lectura de textos (<a href="https://blogsaverroes.juntadeandalucia.es/iessilena/files/2022/11/Rúbrica-de-comprensión-lectora-2.pdf">Rúbrica de comprensión lectora)</a></strong></li>
<li><strong>Rúbricas para evaluar exposición e intervenciones orales:</strong></li>
</ul>
<p><strong>        <a href="https://blogsaverroes.juntadeandalucia.es/iessilena/files/2022/11/Rúbrica-de-oralidad-1.pdf">Rúbrica de oralidad (I)</a></strong></p>
<p><strong><a href="https://blogsaverroes.juntadeandalucia.es/iessilena/files/2022/11/Rúbrica-de-oralidad-II.pdf">        Rúbrica de oralidad (II)</a></strong></p>
<ul>
<li><strong>Rúbrica para evaluar la escritura de textos (<a href="https://blogsaverroes.juntadeandalucia.es/iessilena/files/2022/11/Rúbrica-de-escritura-1.pdf">Rúbrica de escritura)</a></strong></li>
</ul>
<p style="text-align: center">

<p>Plan de actuación del PLC (Año 1) Haz click para acceder al plan de actuación:  Plan de actuación PLC (Año uno) IES SILENA (GILENA) • Documento útil para unificar los&#46;&#46;&#46;</p>
