{"id":971,"date":"2021-03-16T18:23:27","date_gmt":"2021-03-16T17:23:27","guid":{"rendered":"https:\/\/blogsaverroes.juntadeandalucia.es\/iessofia\/?page_id=971"},"modified":"2021-03-16T18:23:31","modified_gmt":"2021-03-16T17:23:31","slug":"plan-de-igualdad","status":"publish","type":"page","link":"https:\/\/blogsaverroes.juntadeandalucia.es\/iessofia\/plan-de-igualdad\/","title":{"rendered":"Plan de Igualdad"},"content":{"rendered":"<p>[et_pb_section fb_built=&#8221;1&#8243; _builder_version=&#8221;3.23.3&#8243; custom_padding=&#8221;0px||0px|&#8221; z_index_tablet=&#8221;500&#8243; box_shadow_horizontal_tablet=&#8221;0px&#8221; box_shadow_vertical_tablet=&#8221;0px&#8221; box_shadow_blur_tablet=&#8221;40px&#8221; box_shadow_spread_tablet=&#8221;0px&#8221;][et_pb_row _builder_version=&#8221;3.25&#8243; background_size=&#8221;initial&#8221; background_position=&#8221;top_left&#8221; background_repeat=&#8221;repeat&#8221;][et_pb_column type=&#8221;4_4&#8243; _builder_version=&#8221;3.0.47&#8243; custom_padding=&#8221;|||&#8221; custom_padding__hover=&#8221;|||&#8221;][et_pb_image src=&#8221;https:\/\/blogsaverroes.juntadeandalucia.es\/iessofia\/files\/2021\/03\/igualdad-de-genero.png&#8221; alt=&#8221;Igualdad&#8221; title_text=&#8221;igualdad-de-genero&#8221; admin_label=&#8221;Imagen de la portada&#8221; _builder_version=&#8221;4.5.0&#8243; vertical_offset_tablet=&#8221;0&#8243; horizontal_offset_tablet=&#8221;0&#8243; z_index_tablet=&#8221;500&#8243; box_shadow_horizontal_tablet=&#8221;0px&#8221; box_shadow_vertical_tablet=&#8221;0px&#8221; box_shadow_blur_tablet=&#8221;40px&#8221; box_shadow_spread_tablet=&#8221;0px&#8221;][\/et_pb_image][et_pb_text admin_label=&#8221;Texto descriptivo&#8221; _builder_version=&#8221;4.5.0&#8243; z_index_tablet=&#8221;500&#8243; text_text_shadow_horizontal_length_tablet=&#8221;0px&#8221; text_text_shadow_vertical_length_tablet=&#8221;0px&#8221; text_text_shadow_blur_strength_tablet=&#8221;1px&#8221; link_text_shadow_horizontal_length_tablet=&#8221;0px&#8221; link_text_shadow_vertical_length_tablet=&#8221;0px&#8221; link_text_shadow_blur_strength_tablet=&#8221;1px&#8221; ul_text_shadow_horizontal_length_tablet=&#8221;0px&#8221; ul_text_shadow_vertical_length_tablet=&#8221;0px&#8221; ul_text_shadow_blur_strength_tablet=&#8221;1px&#8221; ol_text_shadow_horizontal_length_tablet=&#8221;0px&#8221; ol_text_shadow_vertical_length_tablet=&#8221;0px&#8221; ol_text_shadow_blur_strength_tablet=&#8221;1px&#8221; quote_text_shadow_horizontal_length_tablet=&#8221;0px&#8221; quote_text_shadow_vertical_length_tablet=&#8221;0px&#8221; quote_text_shadow_blur_strength_tablet=&#8221;1px&#8221; header_text_shadow_horizontal_length_tablet=&#8221;0px&#8221; header_text_shadow_vertical_length_tablet=&#8221;0px&#8221; header_text_shadow_blur_strength_tablet=&#8221;1px&#8221; header_2_text_shadow_horizontal_length_tablet=&#8221;0px&#8221; header_2_text_shadow_vertical_length_tablet=&#8221;0px&#8221; header_2_text_shadow_blur_strength_tablet=&#8221;1px&#8221; header_3_text_shadow_horizontal_length_tablet=&#8221;0px&#8221; header_3_text_shadow_vertical_length_tablet=&#8221;0px&#8221; header_3_text_shadow_blur_strength_tablet=&#8221;1px&#8221; header_4_text_shadow_horizontal_length_tablet=&#8221;0px&#8221; header_4_text_shadow_vertical_length_tablet=&#8221;0px&#8221; header_4_text_shadow_blur_strength_tablet=&#8221;1px&#8221; header_5_text_shadow_horizontal_length_tablet=&#8221;0px&#8221; header_5_text_shadow_vertical_length_tablet=&#8221;0px&#8221; header_5_text_shadow_blur_strength_tablet=&#8221;1px&#8221; header_6_text_shadow_horizontal_length_tablet=&#8221;0px&#8221; header_6_text_shadow_vertical_length_tablet=&#8221;0px&#8221; header_6_text_shadow_blur_strength_tablet=&#8221;1px&#8221; box_shadow_horizontal_tablet=&#8221;0px&#8221; box_shadow_vertical_tablet=&#8221;0px&#8221; box_shadow_blur_tablet=&#8221;40px&#8221; box_shadow_spread_tablet=&#8221;0px&#8221;]<\/p>\n<div id=\"contenido_sitio\">\n<div><\/div>\n<h2><strong>PROYECTO DE COEDUCACI\u00d3N<\/strong><\/h2>\n<h2><strong>LA IGUALDAD: NUESTRO CAMINO Y META<br \/> <\/strong><\/h2>\n<p><strong><\/strong><\/p>\n<p><strong><\/strong><\/p>\n<div>\n<p><strong>Coordinaci\u00f3n: M\u00aa Jos\u00e9 Gonz\u00e1lez Laynez<\/strong><\/p>\n<p><strong><\/strong><\/p>\n<p>&nbsp;<\/p>\n<\/div>\n<div>\n<p>Nuestro proyecto est\u00e1 motivado ante la necesidad de establecer otro tipo de relaciones entre los miembros de la comunidad educativa. Unas relaciones basadas en la Igualdad.<\/p>\n<p>La educaci\u00f3n en valores no sexistas adem\u00e1s de guiar nuestra vida, debe ser una de nuestras prioridades en la pr\u00e1ctica docente.<\/p>\n<p>Para ello tenemos el marco de la legislaci\u00f3n vigente en el \u00e1mbito estatal y auton\u00f3mico que incorporaron los Planes de Igualdad a los Centros.<\/p>\n<p>Y lo m\u00e1s importante la idiosincrasia del nuestro. Al estar ubicado en una zona de Jerez desfavorecida, las relaciones personales son un reflejo de la sociedad en la que vivimos.<\/p>\n<p>Si bien nuestro alumnado tiene un perfil heterog\u00e9neo, es innegable que existen unas influencias culturales donde son habituales los comportamientos sexistas y la discriminaci\u00f3n hacia la mujer.<\/p>\n<p>Por ello intentamos proporcionar a nuestro alumnado una formaci\u00f3n plena que le permita conformar su identidad, construir una concepci\u00f3n de la realidad que integre conocimientos y valores.<\/p>\n<p>Y garantizar la igualdad de oportunidades para las chicas y los chicos en el acceso a todos los tipos de ense\u00f1anza y de formaci\u00f3n .<\/p>\n<p>Los principios fundamentales en los que se fundamenta son :<\/p>\n<ol>\n<li><span style=\"text-align: center\">Transversalidad<\/span><\/li>\n<li>Visibilidad<\/li>\n<li>Inclusi\u00f3n<\/li>\n<li>Paridad.<\/li>\n<\/ol>\n<p>En coherencia con todo lo anterior desarrollamos las actuaciones marc\u00e1ndonos como objetivos:<\/p>\n<ul>\n<li><span style=\"text-align: center\">\u00a0Prevenir la violencia de g\u00e9nero y todo tipo de violencia.<\/span><\/li>\n<li>Promover actitudes de valoraci\u00f3n y respeto por la dignidad humana.<\/li>\n<li>Entender la coeducaci\u00f3n como camino de progreso.<\/li>\n<li>Promover la formaci\u00f3n del profesorado en este tema.<\/li>\n<li>Trabajar con otros centros en colaboraci\u00f3n y cooperaci\u00f3n.<\/li>\n<li>Fomentar en nuestro Centro una cultura y pr\u00e1cticas coeducativas que nos permitan avanzar hacia la Igualdad.<\/li>\n<\/ul>\n<p>Nuestra intervenci\u00f3n se ejercer\u00e1 a trav\u00e9s de:<\/p>\n<ol>\n<li><strong>El Curr\u00edculo<\/strong>. Incorporando habilidades y conocimientos. Ello con la colaboraci\u00f3n de los departamentos y el profesorado de cada materia.<\/li>\n<li><strong>Proyecto de Coeducaci\u00f3n.<\/strong>\n<ol>\n<li>Promoviendo actividades en el centro que den relevancia a la perspectiva de g\u00e9nero en colaboraci\u00f3n con el profesorado de las asignaturas de Cambios Sociales y de G\u00e9nero. Filosof\u00eda. Valores \u00c9ticos y Ciudadan\u00eda.<\/li>\n<li>Con la participaci\u00f3n de alumnado colaborador en materia de Igualdad.<\/li>\n<\/ol>\n<\/li>\n<li><strong>Coordinaci\u00f3n con el departamento de Orientaci\u00f3n\u00a0<\/strong>para programar las actividades del curso a\u00a0trav\u00e9s de las Tutor\u00edas y el Plan de convivencia.<\/li>\n<li><strong>Participaci\u00f3n en los Programas del Ayuntamiento de Jerez<\/strong>.<\/li>\n<li><strong>Colaboraci\u00f3n con Ampa.<\/strong><\/li>\n<\/ol>\n<\/div>\n<\/div>\n<p>[\/et_pb_text][\/et_pb_column][\/et_pb_row][\/et_pb_section]<\/p>\n","protected":false},"excerpt":{"rendered":"<p>PROYECTO DE COEDUCACI\u00d3N LA IGUALDAD: NUESTRO CAMINO Y META Coordinaci\u00f3n: M\u00aa Jos\u00e9 Gonz\u00e1lez Laynez &nbsp; Nuestro proyecto est\u00e1 motivado ante la necesidad de establecer otro tipo de relaciones entre los miembros de la comunidad educativa. Unas relaciones basadas en la Igualdad. La educaci\u00f3n en valores no sexistas adem\u00e1s de guiar nuestra vida, debe ser una [&hellip;]<\/p>\n","protected":false},"author":12560,"featured_media":0,"parent":0,"menu_order":0,"comment_status":"closed","ping_status":"closed","template":"","meta":{"_et_pb_use_builder":"on","_et_pb_old_content":"","_et_gb_content_width":"","ngg_post_thumbnail":0,"footnotes":""},"aioseo_notices":[],"_links":{"self":[{"href":"https:\/\/blogsaverroes.juntadeandalucia.es\/iessofia\/wp-json\/wp\/v2\/pages\/971"}],"collection":[{"href":"https:\/\/blogsaverroes.juntadeandalucia.es\/iessofia\/wp-json\/wp\/v2\/pages"}],"about":[{"href":"https:\/\/blogsaverroes.juntadeandalucia.es\/iessofia\/wp-json\/wp\/v2\/types\/page"}],"author":[{"embeddable":true,"href":"https:\/\/blogsaverroes.juntadeandalucia.es\/iessofia\/wp-json\/wp\/v2\/users\/12560"}],"replies":[{"embeddable":true,"href":"https:\/\/blogsaverroes.juntadeandalucia.es\/iessofia\/wp-json\/wp\/v2\/comments?post=971"}],"version-history":[{"count":5,"href":"https:\/\/blogsaverroes.juntadeandalucia.es\/iessofia\/wp-json\/wp\/v2\/pages\/971\/revisions"}],"predecessor-version":[{"id":984,"href":"https:\/\/blogsaverroes.juntadeandalucia.es\/iessofia\/wp-json\/wp\/v2\/pages\/971\/revisions\/984"}],"wp:attachment":[{"href":"https:\/\/blogsaverroes.juntadeandalucia.es\/iessofia\/wp-json\/wp\/v2\/media?parent=971"}],"curies":[{"name":"wp","href":"https:\/\/api.w.org\/{rel}","templated":true}]}}