{"id":55,"date":"2020-01-10T07:54:49","date_gmt":"2020-01-10T06:54:49","guid":{"rendered":"http:\/\/blogsaverroes.juntadeandalucia.es\/pre\/nuevoiesv2\/?page_id=55"},"modified":"2025-09-08T13:32:52","modified_gmt":"2025-09-08T11:32:52","slug":"transporte-escolar","status":"publish","type":"page","link":"https:\/\/blogsaverroes.juntadeandalucia.es\/iessulayr\/transporte-escolar\/","title":{"rendered":"Transporte escolar"},"content":{"rendered":"<p>[et_pb_section fb_built=&#8221;1&#8243; _builder_version=&#8221;4.16&#8243; global_colors_info=&#8221;{}&#8221;][et_pb_row _builder_version=&#8221;4.16&#8243; background_size=&#8221;initial&#8221; background_position=&#8221;top_left&#8221; background_repeat=&#8221;repeat&#8221; global_colors_info=&#8221;{}&#8221;][et_pb_column type=&#8221;4_4&#8243; _builder_version=&#8221;4.16&#8243; custom_padding=&#8221;|||&#8221; global_colors_info=&#8221;{}&#8221; custom_padding__hover=&#8221;|||&#8221;][et_pb_text _builder_version=&#8221;4.24.2&#8243; background_size=&#8221;initial&#8221; background_position=&#8221;top_left&#8221; background_repeat=&#8221;repeat&#8221; hover_enabled=&#8221;0&#8243; global_colors_info=&#8221;{}&#8221; sticky_enabled=&#8221;0&#8243;]<\/p>\n<div class=\"hJDwNd-AhqUyc-EehZO Ft7HRd-AhqUyc-EehZO purZT-AhqUyc-II5mzb ZcASvf-AhqUyc-II5mzb pSzOP-AhqUyc-qWD73c Ktthjf-AhqUyc-qWD73c JNdkSc SQVYQc\">\n<div class=\"JNdkSc-SmKAyb LkDMRd\">\n<div class=\"\">\n<div class=\"oKdM2c ZZyype Kzv0Me\">\n<div id=\"h.6e1acc7af8a327eb_1048\" class=\"hJDwNd-AhqUyc-EehZO Ft7HRd-AhqUyc-EehZO jXK9ad D2fZ2 zu5uec OjCsFc dmUFtb wHaque g5GTcb GNzUNc\">\n<div class=\"jXK9ad-SmKAyb\">\n<div class=\"tyJCtd mGzaTb Depvyb baZpAe\">\n<p class=\"CDt4Ke zfr3Q\" dir=\"ltr\">Nuestro centro dispone de 5 rutas de transporte escolar durante el curso escolar 2025-2026<img loading=\"lazy\" decoding=\"async\" class=\"alignright size-medium wp-image-530\" src=\"https:\/\/blogsaverroes.juntadeandalucia.es\/iessulayr\/files\/2022\/10\/public-transport-g15a670e80_640-290x300.png\" alt=\"\" width=\"290\" height=\"300\"><\/p>\n<div class=\"mYVXT\">\n<div class=\"LS81yb VICjCf j5pSsc db35Fc\">\n<div class=\"hJDwNd-AhqUyc-uQSCkd Ft7HRd-AhqUyc-uQSCkd purZT-AhqUyc-II5mzb ZcASvf-AhqUyc-II5mzb pSzOP-AhqUyc-qWD73c Ktthjf-AhqUyc-qWD73c JNdkSc SQVYQc\">\n<div class=\"JNdkSc-SmKAyb LkDMRd\">\n<div class=\"\">\n<div class=\"oKdM2c ZZyype Kzv0Me\">\n<div id=\"h.6e1acc7af8a327eb_1052\" class=\"hJDwNd-AhqUyc-uQSCkd Ft7HRd-AhqUyc-uQSCkd jXK9ad D2fZ2 zu5uec OjCsFc dmUFtb wHaque g5GTcb GNzUNc\">\n<div class=\"jXK9ad-SmKAyb\">\n<div class=\"tyJCtd mGzaTb Depvyb baZpAe\">\n<p class=\"CDt4Ke zfr3Q\" dir=\"ltr\"><strong>Nota informativa sobre el transporte escolar.<\/strong><\/p>\n<p class=\"CDt4Ke zfr3Q\" dir=\"ltr\">Se recuerda a todas las familias cuyos hijos-as hacen uso del transporte escolar, que cada uno de los alumnos-as est\u00e1 adscrito a una sola ruta de transporte escolar, por lo que ning\u00fan alumno-a podr\u00e1 cambiarse de autob\u00fas salvo en aquellos casos en los que la familia cambie de lugar de residencia y aporte documento del ayuntamiento donde se acredite dicha circunstancia.<\/p>\n<p dir=\"ltr\">El alumno\/a debe llevar consigo el carn\u00e9 de transporte.<\/p>\n<\/div>\n<\/div>\n<\/div>\n<\/div>\n<\/div>\n<\/div>\n<\/div>\n<\/div>\n<\/div>\n<\/div>\n<\/div>\n<\/div>\n<\/div>\n<\/div>\n<\/div>\n<\/div>\n<p>[\/et_pb_text][et_pb_image _builder_version=&#8221;4.24.2&#8243; _module_preset=&#8221;default&#8221; title_text=&#8221;horario transporte 2025_2026_1&#8243; src=&#8221;https:\/\/blogsaverroes.juntadeandalucia.es\/iessulayr\/files\/2025\/09\/horario-transporte-2025_2026_1.png&#8221; hover_enabled=&#8221;0&#8243; sticky_enabled=&#8221;0&#8243;][\/et_pb_image][et_pb_image _builder_version=&#8221;4.24.2&#8243; _module_preset=&#8221;default&#8221; title_text=&#8221;horario transporte 2025_2026_2&#8243; src=&#8221;https:\/\/blogsaverroes.juntadeandalucia.es\/iessulayr\/files\/2025\/09\/horario-transporte-2025_2026_2.png&#8221; hover_enabled=&#8221;0&#8243; sticky_enabled=&#8221;0&#8243;][\/et_pb_image][\/et_pb_column][\/et_pb_row][\/et_pb_section]<\/p>\n","protected":false},"excerpt":{"rendered":"<p>Nuestro centro dispone de 5 rutas de transporte escolar durante el curso escolar 2025-2026 Nota informativa sobre el transporte escolar. Se recuerda a todas las familias cuyos hijos-as hacen uso del transporte escolar, que cada uno de los alumnos-as est\u00e1 adscrito a una sola ruta de transporte escolar, por lo que ning\u00fan alumno-a podr\u00e1 cambiarse [&hellip;]<\/p>\n","protected":false},"author":15613,"featured_media":0,"parent":0,"menu_order":0,"comment_status":"closed","ping_status":"closed","template":"","meta":{"_et_pb_use_builder":"on","_et_pb_old_content":"<div class=\"hJDwNd-AhqUyc-EehZO Ft7HRd-AhqUyc-EehZO purZT-AhqUyc-II5mzb ZcASvf-AhqUyc-II5mzb pSzOP-AhqUyc-qWD73c Ktthjf-AhqUyc-qWD73c JNdkSc SQVYQc\"><div class=\"JNdkSc-SmKAyb LkDMRd\"><div class=\"\"><div class=\"oKdM2c ZZyype Kzv0Me\"><div id=\"h.6e1acc7af8a327eb_1048\" class=\"hJDwNd-AhqUyc-EehZO Ft7HRd-AhqUyc-EehZO jXK9ad D2fZ2 zu5uec OjCsFc dmUFtb wHaque g5GTcb GNzUNc\"><div class=\"jXK9ad-SmKAyb\"><div class=\"tyJCtd mGzaTb Depvyb baZpAe\"><p class=\"CDt4Ke zfr3Q\" dir=\"ltr\">Nuestro centro dispone de 5 rutas de transporte escolar:<img class=\"alignright size-medium wp-image-530\" src=\"https:\/\/blogsaverroes.juntadeandalucia.es\/iessulayr\/files\/2022\/10\/public-transport-g15a670e80_640-290x300.png\" alt=\"\" width=\"290\" height=\"300\"><\/p><p class=\"CDt4Ke zfr3Q\" dir=\"ltr\">- Ruta 76. Atalbeitar - Pitres<\/p><p class=\"CDt4Ke zfr3Q\" dir=\"ltr\">- Ruta 78. Fondales - Pitres<\/p><p class=\"CDt4Ke zfr3Q\" dir=\"ltr\">- Ruta 249. Capileira - Pitres<\/p><p class=\"CDt4Ke zfr3Q\" dir=\"ltr\">- Ruta 277. Trev\u00e9lez - Pitres<\/p><p class=\"CDt4Ke zfr3Q\" dir=\"ltr\">- Ruta 285. Pontill\u00f3n - Pampaneira - Pitres<\/p><div class=\"mYVXT\"><div class=\"LS81yb VICjCf j5pSsc db35Fc\"><div class=\"hJDwNd-AhqUyc-uQSCkd Ft7HRd-AhqUyc-uQSCkd purZT-AhqUyc-II5mzb ZcASvf-AhqUyc-II5mzb pSzOP-AhqUyc-qWD73c Ktthjf-AhqUyc-qWD73c JNdkSc SQVYQc\"><div class=\"JNdkSc-SmKAyb LkDMRd\"><div class=\"\"><div class=\"oKdM2c ZZyype Kzv0Me\"><div id=\"h.6e1acc7af8a327eb_1052\" class=\"hJDwNd-AhqUyc-uQSCkd Ft7HRd-AhqUyc-uQSCkd jXK9ad D2fZ2 zu5uec OjCsFc dmUFtb wHaque g5GTcb GNzUNc\"><div class=\"jXK9ad-SmKAyb\"><div class=\"tyJCtd mGzaTb Depvyb baZpAe\"><p dir=\"ltr\">\u00a0<\/p><p class=\"CDt4Ke zfr3Q\" dir=\"ltr\"><strong>Nota informativa sobre el transporte escolar.<\/strong><\/p><p class=\"CDt4Ke zfr3Q\" dir=\"ltr\">Se recuerda a todas las familias cuyos hijos-as hacen uso del transporte escolar, que cada uno de los alumnos-as est\u00e1 adscrito a una sola ruta de transporte escolar, por lo que ning\u00fan alumno-a podr\u00e1 cambiarse de autob\u00fas salvo en aquellos casos en los que la familia cambie de lugar de residencia y aporte documento del ayuntamiento donde se acredite dicha circunstancia.<\/p><\/div><\/div><\/div><\/div><\/div><\/div><\/div><\/div><\/div><\/div><\/div><\/div><\/div><\/div><\/div><\/div>","_et_gb_content_width":"","ngg_post_thumbnail":0,"footnotes":""},"aioseo_notices":[],"_links":{"self":[{"href":"https:\/\/blogsaverroes.juntadeandalucia.es\/iessulayr\/wp-json\/wp\/v2\/pages\/55"}],"collection":[{"href":"https:\/\/blogsaverroes.juntadeandalucia.es\/iessulayr\/wp-json\/wp\/v2\/pages"}],"about":[{"href":"https:\/\/blogsaverroes.juntadeandalucia.es\/iessulayr\/wp-json\/wp\/v2\/types\/page"}],"author":[{"embeddable":true,"href":"https:\/\/blogsaverroes.juntadeandalucia.es\/iessulayr\/wp-json\/wp\/v2\/users\/15613"}],"replies":[{"embeddable":true,"href":"https:\/\/blogsaverroes.juntadeandalucia.es\/iessulayr\/wp-json\/wp\/v2\/comments?post=55"}],"version-history":[{"count":9,"href":"https:\/\/blogsaverroes.juntadeandalucia.es\/iessulayr\/wp-json\/wp\/v2\/pages\/55\/revisions"}],"predecessor-version":[{"id":1747,"href":"https:\/\/blogsaverroes.juntadeandalucia.es\/iessulayr\/wp-json\/wp\/v2\/pages\/55\/revisions\/1747"}],"wp:attachment":[{"href":"https:\/\/blogsaverroes.juntadeandalucia.es\/iessulayr\/wp-json\/wp\/v2\/media?parent=55"}],"curies":[{"name":"wp","href":"https:\/\/api.w.org\/{rel}","templated":true}]}}

<p>[et_pb_section fb_built=&#8221;1&#8243; _builder_version=&#8221;4.16&#8243; global_colors_info=&#8221;{}&#8221;][et_pb_row _builder_version=&#8221;4.16&#8243; background_size=&#8221;initial&#8221; background_position=&#8221;top_left&#8221; background_repeat=&#8221;repeat&#8221; global_colors_info=&#8221;{}&#8221;][et_pb_column type=&#8221;4_4&#8243; _builder_version=&#8221;4.16&#8243; custom_padding=&#8221;|||&#8221; global_colors_info=&#8221;{}&#8221; custom_padding__hover=&#8221;|||&#8221;][et_pb_text _builder_version=&#8221;4.24.2&#8243; background_size=&#8221;initial&#8221; background_position=&#8221;top_left&#8221; background_repeat=&#8221;repeat&#8221; hover_enabled=&#8221;0&#8243; global_colors_info=&#8221;{}&#8221; sticky_enabled=&#8221;0&#8243;]</p>
<div class="hJDwNd-AhqUyc-EehZO Ft7HRd-AhqUyc-EehZO purZT-AhqUyc-II5mzb ZcASvf-AhqUyc-II5mzb pSzOP-AhqUyc-qWD73c Ktthjf-AhqUyc-qWD73c JNdkSc SQVYQc">
<div class="JNdkSc-SmKAyb LkDMRd">
<div class="">
<div class="oKdM2c ZZyype Kzv0Me">
<div id="h.6e1acc7af8a327eb_1048" class="hJDwNd-AhqUyc-EehZO Ft7HRd-AhqUyc-EehZO jXK9ad D2fZ2 zu5uec OjCsFc dmUFtb wHaque g5GTcb GNzUNc">
<div class="jXK9ad-SmKAyb">
<div class="tyJCtd mGzaTb Depvyb baZpAe">
<p class="CDt4Ke zfr3Q" dir="ltr">Nuestro centro dispone de 5 rutas de transporte escolar durante el curso escolar 2025-2026<img loading="lazy" decoding="async" class="alignright size-medium wp-image-530" src="https://blogsaverroes.juntadeandalucia.es/iessulayr/files/2022/10/public-transport-g15a670e80_640-290x300.png" alt="" width="290" height="300"></p>
<div class="mYVXT">
<div class="LS81yb VICjCf j5pSsc db35Fc">
<div class="hJDwNd-AhqUyc-uQSCkd Ft7HRd-AhqUyc-uQSCkd purZT-AhqUyc-II5mzb ZcASvf-AhqUyc-II5mzb pSzOP-AhqUyc-qWD73c Ktthjf-AhqUyc-qWD73c JNdkSc SQVYQc">
<div class="JNdkSc-SmKAyb LkDMRd">
<div class="">
<div class="oKdM2c ZZyype Kzv0Me">
<div id="h.6e1acc7af8a327eb_1052" class="hJDwNd-AhqUyc-uQSCkd Ft7HRd-AhqUyc-uQSCkd jXK9ad D2fZ2 zu5uec OjCsFc dmUFtb wHaque g5GTcb GNzUNc">
<div class="jXK9ad-SmKAyb">
<div class="tyJCtd mGzaTb Depvyb baZpAe">
<p class="CDt4Ke zfr3Q" dir="ltr"><strong>Nota informativa sobre el transporte escolar.</strong></p>
<p class="CDt4Ke zfr3Q" dir="ltr">Se recuerda a todas las familias cuyos hijos-as hacen uso del transporte escolar, que cada uno de los alumnos-as está adscrito a una sola ruta de transporte escolar, por lo que ningún alumno-a podrá cambiarse de autobús salvo en aquellos casos en los que la familia cambie de lugar de residencia y aporte documento del ayuntamiento donde se acredite dicha circunstancia.</p>
<p dir="ltr">El alumno/a debe llevar consigo el carné de transporte.</p>
</div>
</div>
</div>
</div>
</div>
</div>
</div>
</div>
</div>
</div>
</div>
</div>
</div>
</div>
</div>
</div>
<p>[/et_pb_text][et_pb_image _builder_version=&#8221;4.24.2&#8243; _module_preset=&#8221;default&#8221; title_text=&#8221;horario transporte 2025_2026_1&#8243; src=&#8221;https://blogsaverroes.juntadeandalucia.es/iessulayr/files/2025/09/horario-transporte-2025_2026_1.png&#8221; hover_enabled=&#8221;0&#8243; sticky_enabled=&#8221;0&#8243;][/et_pb_image][et_pb_image _builder_version=&#8221;4.24.2&#8243; _module_preset=&#8221;default&#8221; title_text=&#8221;horario transporte 2025_2026_2&#8243; src=&#8221;https://blogsaverroes.juntadeandalucia.es/iessulayr/files/2025/09/horario-transporte-2025_2026_2.png&#8221; hover_enabled=&#8221;0&#8243; sticky_enabled=&#8221;0&#8243;][/et_pb_image][/et_pb_column][/et_pb_row][/et_pb_section]</p>

<p>Nuestro centro dispone de 5 rutas de transporte escolar durante el curso escolar 2025-2026 Nota informativa sobre el transporte escolar. Se recuerda a todas las familias cuyos hijos-as hacen uso del transporte escolar, que cada uno de los alumnos-as está adscrito a una sola ruta de transporte escolar, por lo que ningún alumno-a podrá cambiarse [&hellip;]</p>

<div class="hJDwNd-AhqUyc-EehZO Ft7HRd-AhqUyc-EehZO purZT-AhqUyc-II5mzb ZcASvf-AhqUyc-II5mzb pSzOP-AhqUyc-qWD73c Ktthjf-AhqUyc-qWD73c JNdkSc SQVYQc"><div class="JNdkSc-SmKAyb LkDMRd"><div class=""><div class="oKdM2c ZZyype Kzv0Me"><div id="h.6e1acc7af8a327eb_1048" class="hJDwNd-AhqUyc-EehZO Ft7HRd-AhqUyc-EehZO jXK9ad D2fZ2 zu5uec OjCsFc dmUFtb wHaque g5GTcb GNzUNc"><div class="jXK9ad-SmKAyb"><div class="tyJCtd mGzaTb Depvyb baZpAe"><p class="CDt4Ke zfr3Q" dir="ltr">Nuestro centro dispone de 5 rutas de transporte escolar:<img class="alignright size-medium wp-image-530" src="https://blogsaverroes.juntadeandalucia.es/iessulayr/files/2022/10/public-transport-g15a670e80_640-290x300.png" alt="" width="290" height="300"></p><p class="CDt4Ke zfr3Q" dir="ltr">- Ruta 76. Atalbeitar - Pitres</p><p class="CDt4Ke zfr3Q" dir="ltr">- Ruta 78. Fondales - Pitres</p><p class="CDt4Ke zfr3Q" dir="ltr">- Ruta 249. Capileira - Pitres</p><p class="CDt4Ke zfr3Q" dir="ltr">- Ruta 277. Trevélez - Pitres</p><p class="CDt4Ke zfr3Q" dir="ltr">- Ruta 285. Pontillón - Pampaneira - Pitres</p><div class="mYVXT"><div class="LS81yb VICjCf j5pSsc db35Fc"><div class="hJDwNd-AhqUyc-uQSCkd Ft7HRd-AhqUyc-uQSCkd purZT-AhqUyc-II5mzb ZcASvf-AhqUyc-II5mzb pSzOP-AhqUyc-qWD73c Ktthjf-AhqUyc-qWD73c JNdkSc SQVYQc"><div class="JNdkSc-SmKAyb LkDMRd"><div class=""><div class="oKdM2c ZZyype Kzv0Me"><div id="h.6e1acc7af8a327eb_1052" class="hJDwNd-AhqUyc-uQSCkd Ft7HRd-AhqUyc-uQSCkd jXK9ad D2fZ2 zu5uec OjCsFc dmUFtb wHaque g5GTcb GNzUNc"><div class="jXK9ad-SmKAyb"><div class="tyJCtd mGzaTb Depvyb baZpAe"><p dir="ltr"> </p><p class="CDt4Ke zfr3Q" dir="ltr"><strong>Nota informativa sobre el transporte escolar.</strong></p><p class="CDt4Ke zfr3Q" dir="ltr">Se recuerda a todas las familias cuyos hijos-as hacen uso del transporte escolar, que cada uno de los alumnos-as está adscrito a una sola ruta de transporte escolar, por lo que ningún alumno-a podrá cambiarse de autobús salvo en aquellos casos en los que la familia cambie de lugar de residencia y aporte documento del ayuntamiento donde se acredite dicha circunstancia.</p></div></div></div></div></div></div></div></div></div></div></div></div></div></div></div></div>
